{"id":49639,"date":"2020-11-25T12:11:42","date_gmt":"2020-11-25T11:11:42","guid":{"rendered":"https:\/\/www.monaco-tribune.com\/listing\/nouveau-musee-national-de-monaco-villa-paloma\/"},"modified":"2021-03-31T19:53:45","modified_gmt":"2021-03-31T17:53:45","slug":"nouveau-musee-national-de-monaco-villa-paloma","status":"publish","type":"listing","link":"https:\/\/www.monaco-tribune.com\/en\/listing\/nouveau-musee-national-de-monaco-villa-paloma\/","title":{"rendered":"Nouveau Mus\u00e9e National de Monaco &#8211; Villa Paloma"},"content":{"rendered":"\n<p>An American, Edward N. Dickerson, in 1913, brought together six plots of land belonging to different owners to build a villa and a garden in the R\u00e9voires district, Boulevard de l&#8217;Observatoire.<\/p>\n\n<p>In 1993, a Mon\u00e9gasque limited company bought the Villa from the Fissore family. Two years later it was sold to the Mon\u00e9gasque State. It was decided in 2008 to dedicate it to the New National Museum of Monaco. The transformed Villa Paloma had to preserve its original appearance and remain in the middle of the garden, keeping its balcony overlooking the city. Partition walls were knocked down and the space became more open plan. In addition, the four floors, split up by a grand staircase, had furniture removed to free up more space, allowing art work to be dispayed.<\/p>\n\n<p>However, the Villa&#8217;s character has not been lost. It is still present in the conservation of the decorations of the grand staircase, its stained glass windows, mosaics, columns and ceiling cornices. It can also be seen in the attention paid to maintaining certain views of the outside. Thus, in each showroom, two windows make it possible to preserve the charm of natural light as well as the villa&#8217;s character.<\/p>\n\n<p>All spaces are accessible to the public and dedicated to exhibitions. All technical and logistical aspects are kept out of sight, housed in an underground extension that was built in place of the former swimming pool and whose roof is now the entrance to the museum. The garden is the real show piece of the Villa. It has retained its Italian garden appearance with a balcony overlooking the city and the sea. In addition, the existing vegetation has been maintained and there has been talk of creating links with the Princess Antoinette Park and the Anthropology Museum.<\/p>\n","protected":false},"featured_media":29312,"template":"","meta":{"_acf_changed":false},"listing-category":[2120,2124],"class_list":["post-49639","listing","type-listing","status-publish","has-post-thumbnail","hentry","listing-category-arts-and-culture","listing-category-museums"],"acf":[],"yoast_head":"<!-- This site is optimized with the Yoast SEO Premium plugin v26.8 (Yoast SEO v27.4) - https:\/\/yoast.com\/product\/yoast-seo-premium-wordpress\/ -->\n<title>Nouveau Mus\u00e9e National de Monaco - Villa Paloma - Monaco Tribune<\/title>\n<meta name=\"robots\" content=\"index, follow, max-snippet:-1, max-image-preview:large, max-video-preview:-1\" \/>\n<link rel=\"canonical\" href=\"https:\/\/www.monaco-tribune.com\/en\/listing\/nouveau-musee-national-de-monaco-villa-paloma\/\" \/>\n<meta property=\"og:locale\" content=\"en_US\" \/>\n<meta property=\"og:type\" content=\"article\" \/>\n<meta property=\"og:title\" content=\"Nouveau Mus\u00e9e National de Monaco - Villa Paloma\" \/>\n<meta property=\"og:description\" content=\"An American, Edward N. Dickerson, in 1913, brought together six plots of land belonging to different owners to build a villa and a garden in the R\u00e9voires district, Boulevard de l&#8217;Observatoire. In 1993, a Mon\u00e9gasque limited company bought the Villa [&hellip;]\" \/>\n<meta property=\"og:url\" content=\"https:\/\/www.monaco-tribune.com\/en\/listing\/nouveau-musee-national-de-monaco-villa-paloma\/\" \/>\n<meta property=\"og:site_name\" content=\"Monaco Tribune\" \/>\n<meta property=\"article:publisher\" content=\"https:\/\/www.facebook.com\/MonacoTribune\" \/>\n<meta property=\"article:modified_time\" content=\"2021-03-31T17:53:45+00:00\" \/>\n<meta property=\"og:image\" content=\"https:\/\/www.monaco-tribune.com\/wp-content\/uploads\/2020\/06\/eugene-frey-glass-plates.jpg\" \/>\n\t<meta property=\"og:image:width\" content=\"1920\" \/>\n\t<meta property=\"og:image:height\" content=\"1280\" \/>\n\t<meta property=\"og:image:type\" content=\"image\/jpeg\" \/>\n<meta name=\"twitter:card\" content=\"summary_large_image\" \/>\n<meta name=\"twitter:site\" content=\"@MonacoTribune\" \/>\n<script type=\"application\/ld+json\" class=\"yoast-schema-graph\">{\"@context\":\"https:\\\/\\\/schema.org\",\"@graph\":[{\"@type\":\"WebPage\",\"@id\":\"https:\\\/\\\/www.monaco-tribune.com\\\/en\\\/listing\\\/nouveau-musee-national-de-monaco-villa-paloma\\\/\",\"url\":\"https:\\\/\\\/www.monaco-tribune.com\\\/en\\\/listing\\\/nouveau-musee-national-de-monaco-villa-paloma\\\/\",\"name\":\"Nouveau Mus\u00e9e National de Monaco - Villa Paloma - Monaco Tribune\",\"isPartOf\":{\"@id\":\"https:\\\/\\\/www.monaco-tribune.com\\\/en\\\/#website\"},\"primaryImageOfPage\":{\"@id\":\"https:\\\/\\\/www.monaco-tribune.com\\\/en\\\/listing\\\/nouveau-musee-national-de-monaco-villa-paloma\\\/#primaryimage\"},\"image\":{\"@id\":\"https:\\\/\\\/www.monaco-tribune.com\\\/en\\\/listing\\\/nouveau-musee-national-de-monaco-villa-paloma\\\/#primaryimage\"},\"thumbnailUrl\":\"https:\\\/\\\/www.monaco-tribune.com\\\/wp-content\\\/uploads\\\/2020\\\/06\\\/eugene-frey-glass-plates.jpg\",\"datePublished\":\"2020-11-25T11:11:42+00:00\",\"dateModified\":\"2021-03-31T17:53:45+00:00\",\"breadcrumb\":{\"@id\":\"https:\\\/\\\/www.monaco-tribune.com\\\/en\\\/listing\\\/nouveau-musee-national-de-monaco-villa-paloma\\\/#breadcrumb\"},\"inLanguage\":\"en-US\",\"potentialAction\":[{\"@type\":\"ReadAction\",\"target\":[\"https:\\\/\\\/www.monaco-tribune.com\\\/en\\\/listing\\\/nouveau-musee-national-de-monaco-villa-paloma\\\/\"]}]},{\"@type\":\"ImageObject\",\"inLanguage\":\"en-US\",\"@id\":\"https:\\\/\\\/www.monaco-tribune.com\\\/en\\\/listing\\\/nouveau-musee-national-de-monaco-villa-paloma\\\/#primaryimage\",\"url\":\"https:\\\/\\\/www.monaco-tribune.com\\\/wp-content\\\/uploads\\\/2020\\\/06\\\/eugene-frey-glass-plates.jpg\",\"contentUrl\":\"https:\\\/\\\/www.monaco-tribune.com\\\/wp-content\\\/uploads\\\/2020\\\/06\\\/eugene-frey-glass-plates.jpg\",\"width\":1920,\"height\":1280,\"caption\":\"Vue d\u2019exposition NMNM \u2013 Villa Paloma \\\/\\\/ Variations - Les D\u00e9cors lumineux d\u2019Eug\u00e8ne Frey pr\u00e9sent\u00e9s par Jo\u00e3o Maria Gusm\u00e3o \\\/\\\/ Photo : Andrea Rossetti, 2020\"},{\"@type\":\"BreadcrumbList\",\"@id\":\"https:\\\/\\\/www.monaco-tribune.com\\\/en\\\/listing\\\/nouveau-musee-national-de-monaco-villa-paloma\\\/#breadcrumb\",\"itemListElement\":[{\"@type\":\"ListItem\",\"position\":1,\"name\":\"Accueil\",\"item\":\"https:\\\/\\\/www.monaco-tribune.com\\\/en\\\/\"},{\"@type\":\"ListItem\",\"position\":2,\"name\":\"Nouveau Mus\u00e9e National de Monaco &#8211; Villa Paloma\"}]},{\"@type\":\"WebSite\",\"@id\":\"https:\\\/\\\/www.monaco-tribune.com\\\/en\\\/#website\",\"url\":\"https:\\\/\\\/www.monaco-tribune.com\\\/en\\\/\",\"name\":\"Monaco Tribune\",\"description\":\"Monaco : actualit\u00e9s \u00e9conomiques, politiques, culturelles et sportives de Monaco et de la French Riviera.\",\"publisher\":{\"@id\":\"https:\\\/\\\/www.monaco-tribune.com\\\/en\\\/#organization\"},\"potentialAction\":[{\"@type\":\"SearchAction\",\"target\":{\"@type\":\"EntryPoint\",\"urlTemplate\":\"https:\\\/\\\/www.monaco-tribune.com\\\/en\\\/?s={search_term_string}\"},\"query-input\":{\"@type\":\"PropertyValueSpecification\",\"valueRequired\":true,\"valueName\":\"search_term_string\"}}],\"inLanguage\":\"en-US\"},{\"@type\":\"Organization\",\"@id\":\"https:\\\/\\\/www.monaco-tribune.com\\\/en\\\/#organization\",\"name\":\"Monaco Tribune\",\"url\":\"https:\\\/\\\/www.monaco-tribune.com\\\/en\\\/\",\"logo\":{\"@type\":\"ImageObject\",\"inLanguage\":\"en-US\",\"@id\":\"https:\\\/\\\/www.monaco-tribune.com\\\/en\\\/#\\\/schema\\\/logo\\\/image\\\/\",\"url\":\"https:\\\/\\\/www.monaco-tribune.com\\\/wp-content\\\/uploads\\\/2022\\\/11\\\/logo-monaco-tribune.png\",\"contentUrl\":\"https:\\\/\\\/www.monaco-tribune.com\\\/wp-content\\\/uploads\\\/2022\\\/11\\\/logo-monaco-tribune.png\",\"width\":1548,\"height\":600,\"caption\":\"Monaco Tribune\"},\"image\":{\"@id\":\"https:\\\/\\\/www.monaco-tribune.com\\\/en\\\/#\\\/schema\\\/logo\\\/image\\\/\"},\"sameAs\":[\"https:\\\/\\\/www.facebook.com\\\/MonacoTribune\",\"https:\\\/\\\/x.com\\\/MonacoTribune\",\"https:\\\/\\\/www.instagram.com\\\/monacotribune\\\/\",\"https:\\\/\\\/www.linkedin.com\\\/company\\\/monaco-tribune\",\"https:\\\/\\\/www.youtube.com\\\/channel\\\/UCHle1MnG6hw1y4lWKijVbMA\"]}]}<\/script>\n<!-- \/ Yoast SEO Premium plugin. -->","yoast_head_json":{"title":"Nouveau Mus\u00e9e National de Monaco - Villa Paloma - Monaco Tribune","robots":{"index":"index","follow":"follow","max-snippet":"max-snippet:-1","max-image-preview":"max-image-preview:large","max-video-preview":"max-video-preview:-1"},"canonical":"https:\/\/www.monaco-tribune.com\/en\/listing\/nouveau-musee-national-de-monaco-villa-paloma\/","og_locale":"en_US","og_type":"article","og_title":"Nouveau Mus\u00e9e National de Monaco - Villa Paloma","og_description":"An American, Edward N. Dickerson, in 1913, brought together six plots of land belonging to different owners to build a villa and a garden in the R\u00e9voires district, Boulevard de l&#8217;Observatoire. In 1993, a Mon\u00e9gasque limited company bought the Villa [&hellip;]","og_url":"https:\/\/www.monaco-tribune.com\/en\/listing\/nouveau-musee-national-de-monaco-villa-paloma\/","og_site_name":"Monaco Tribune","article_publisher":"https:\/\/www.facebook.com\/MonacoTribune","article_modified_time":"2021-03-31T17:53:45+00:00","og_image":[{"width":1920,"height":1280,"url":"https:\/\/www.monaco-tribune.com\/wp-content\/uploads\/2020\/06\/eugene-frey-glass-plates.jpg","type":"image\/jpeg"}],"twitter_card":"summary_large_image","twitter_site":"@MonacoTribune","schema":{"@context":"https:\/\/schema.org","@graph":[{"@type":"WebPage","@id":"https:\/\/www.monaco-tribune.com\/en\/listing\/nouveau-musee-national-de-monaco-villa-paloma\/","url":"https:\/\/www.monaco-tribune.com\/en\/listing\/nouveau-musee-national-de-monaco-villa-paloma\/","name":"Nouveau Mus\u00e9e National de Monaco - Villa Paloma - Monaco Tribune","isPartOf":{"@id":"https:\/\/www.monaco-tribune.com\/en\/#website"},"primaryImageOfPage":{"@id":"https:\/\/www.monaco-tribune.com\/en\/listing\/nouveau-musee-national-de-monaco-villa-paloma\/#primaryimage"},"image":{"@id":"https:\/\/www.monaco-tribune.com\/en\/listing\/nouveau-musee-national-de-monaco-villa-paloma\/#primaryimage"},"thumbnailUrl":"https:\/\/www.monaco-tribune.com\/wp-content\/uploads\/2020\/06\/eugene-frey-glass-plates.jpg","datePublished":"2020-11-25T11:11:42+00:00","dateModified":"2021-03-31T17:53:45+00:00","breadcrumb":{"@id":"https:\/\/www.monaco-tribune.com\/en\/listing\/nouveau-musee-national-de-monaco-villa-paloma\/#breadcrumb"},"inLanguage":"en-US","potentialAction":[{"@type":"ReadAction","target":["https:\/\/www.monaco-tribune.com\/en\/listing\/nouveau-musee-national-de-monaco-villa-paloma\/"]}]},{"@type":"ImageObject","inLanguage":"en-US","@id":"https:\/\/www.monaco-tribune.com\/en\/listing\/nouveau-musee-national-de-monaco-villa-paloma\/#primaryimage","url":"https:\/\/www.monaco-tribune.com\/wp-content\/uploads\/2020\/06\/eugene-frey-glass-plates.jpg","contentUrl":"https:\/\/www.monaco-tribune.com\/wp-content\/uploads\/2020\/06\/eugene-frey-glass-plates.jpg","width":1920,"height":1280,"caption":"Vue d\u2019exposition NMNM \u2013 Villa Paloma \/\/ Variations - Les D\u00e9cors lumineux d\u2019Eug\u00e8ne Frey pr\u00e9sent\u00e9s par Jo\u00e3o Maria Gusm\u00e3o \/\/ Photo : Andrea Rossetti, 2020"},{"@type":"BreadcrumbList","@id":"https:\/\/www.monaco-tribune.com\/en\/listing\/nouveau-musee-national-de-monaco-villa-paloma\/#breadcrumb","itemListElement":[{"@type":"ListItem","position":1,"name":"Accueil","item":"https:\/\/www.monaco-tribune.com\/en\/"},{"@type":"ListItem","position":2,"name":"Nouveau Mus\u00e9e National de Monaco &#8211; Villa Paloma"}]},{"@type":"WebSite","@id":"https:\/\/www.monaco-tribune.com\/en\/#website","url":"https:\/\/www.monaco-tribune.com\/en\/","name":"Monaco Tribune","description":"Monaco : actualit\u00e9s \u00e9conomiques, politiques, culturelles et sportives de Monaco et de la French Riviera.","publisher":{"@id":"https:\/\/www.monaco-tribune.com\/en\/#organization"},"potentialAction":[{"@type":"SearchAction","target":{"@type":"EntryPoint","urlTemplate":"https:\/\/www.monaco-tribune.com\/en\/?s={search_term_string}"},"query-input":{"@type":"PropertyValueSpecification","valueRequired":true,"valueName":"search_term_string"}}],"inLanguage":"en-US"},{"@type":"Organization","@id":"https:\/\/www.monaco-tribune.com\/en\/#organization","name":"Monaco Tribune","url":"https:\/\/www.monaco-tribune.com\/en\/","logo":{"@type":"ImageObject","inLanguage":"en-US","@id":"https:\/\/www.monaco-tribune.com\/en\/#\/schema\/logo\/image\/","url":"https:\/\/www.monaco-tribune.com\/wp-content\/uploads\/2022\/11\/logo-monaco-tribune.png","contentUrl":"https:\/\/www.monaco-tribune.com\/wp-content\/uploads\/2022\/11\/logo-monaco-tribune.png","width":1548,"height":600,"caption":"Monaco Tribune"},"image":{"@id":"https:\/\/www.monaco-tribune.com\/en\/#\/schema\/logo\/image\/"},"sameAs":["https:\/\/www.facebook.com\/MonacoTribune","https:\/\/x.com\/MonacoTribune","https:\/\/www.instagram.com\/monacotribune\/","https:\/\/www.linkedin.com\/company\/monaco-tribune","https:\/\/www.youtube.com\/channel\/UCHle1MnG6hw1y4lWKijVbMA"]}]}},"_links":{"self":[{"href":"https:\/\/www.monaco-tribune.com\/en\/wp-json\/wp\/v2\/listing\/49639","targetHints":{"allow":["GET"]}}],"collection":[{"href":"https:\/\/www.monaco-tribune.com\/en\/wp-json\/wp\/v2\/listing"}],"about":[{"href":"https:\/\/www.monaco-tribune.com\/en\/wp-json\/wp\/v2\/types\/listing"}],"wp:featuredmedia":[{"embeddable":true,"href":"https:\/\/www.monaco-tribune.com\/en\/wp-json\/wp\/v2\/media\/29312"}],"wp:attachment":[{"href":"https:\/\/www.monaco-tribune.com\/en\/wp-json\/wp\/v2\/media?parent=49639"}],"wp:term":[{"taxonomy":"listing-category","embeddable":true,"href":"https:\/\/www.monaco-tribune.com\/en\/wp-json\/wp\/v2\/listing-category?post=49639"}],"curies":[{"name":"wp","href":"https:\/\/api.w.org\/{rel}","templated":true}]}}

Nouveau Musée National de Monaco &#8211; Villa Paloma

<p>An American, Edward N. Dickerson, in 1913, brought together six plots of land belonging to different owners to build a villa and a garden in the Révoires district, Boulevard de l&#8217;Observatoire.</p>

<p>In 1993, a Monégasque limited company bought the Villa from the Fissore family. Two years later it was sold to the Monégasque State. It was decided in 2008 to dedicate it to the New National Museum of Monaco. The transformed Villa Paloma had to preserve its original appearance and remain in the middle of the garden, keeping its balcony overlooking the city. Partition walls were knocked down and the space became more open plan. In addition, the four floors, split up by a grand staircase, had furniture removed to free up more space, allowing art work to be dispayed.</p>

<p>However, the Villa&#8217;s character has not been lost. It is still present in the conservation of the decorations of the grand staircase, its stained glass windows, mosaics, columns and ceiling cornices. It can also be seen in the attention paid to maintaining certain views of the outside. Thus, in each showroom, two windows make it possible to preserve the charm of natural light as well as the villa&#8217;s character.</p>

<p>All spaces are accessible to the public and dedicated to exhibitions. All technical and logistical aspects are kept out of sight, housed in an underground extension that was built in place of the former swimming pool and whose roof is now the entrance to the museum. The garden is the real show piece of the Villa. It has retained its Italian garden appearance with a balcony overlooking the city and the sea. In addition, the existing vegetation has been maintained and there has been talk of creating links with the Princess Antoinette Park and the Anthropology Museum.</p>

<!-- This site is optimized with the Yoast SEO Premium plugin v26.8 (Yoast SEO v27.4) - https://yoast.com/product/yoast-seo-premium-wordpress/ -->
<title>Nouveau Musée National de Monaco - Villa Paloma - Monaco Tribune</title>
<meta name="robots" content="index, follow, max-snippet:-1, max-image-preview:large, max-video-preview:-1" />
<link rel="canonical" href="https://www.monaco-tribune.com/en/listing/nouveau-musee-national-de-monaco-villa-paloma/" />
<meta property="og:locale" content="en_US" />
<meta property="og:type" content="article" />
<meta property="og:title" content="Nouveau Musée National de Monaco - Villa Paloma" />
<meta property="og:description" content="An American, Edward N. Dickerson, in 1913, brought together six plots of land belonging to different owners to build a villa and a garden in the Révoires district, Boulevard de l&#8217;Observatoire. In 1993, a Monégasque limited company bought the Villa [&hellip;]" />
<meta property="og:url" content="https://www.monaco-tribune.com/en/listing/nouveau-musee-national-de-monaco-villa-paloma/" />
<meta property="og:site_name" content="Monaco Tribune" />
<meta property="article:publisher" content="https://www.facebook.com/MonacoTribune" />
<meta property="article:modified_time" content="2021-03-31T17:53:45+00:00" />
<meta property="og:image" content="https://www.monaco-tribune.com/wp-content/uploads/2020/06/eugene-frey-glass-plates.jpg" />
	<meta property="og:image:width" content="1920" />
	<meta property="og:image:height" content="1280" />
	<meta property="og:image:type" content="image/jpeg" />
<meta name="twitter:card" content="summary_large_image" />
<meta name="twitter:site" content="@MonacoTribune" />
<script type="application/ld+json" class="yoast-schema-graph">{"@context":"https:\/\/schema.org","@graph":[{"@type":"WebPage","@id":"https:\/\/www.monaco-tribune.com\/en\/listing\/nouveau-musee-national-de-monaco-villa-paloma\/","url":"https:\/\/www.monaco-tribune.com\/en\/listing\/nouveau-musee-national-de-monaco-villa-paloma\/","name":"Nouveau Musée National de Monaco - Villa Paloma - Monaco Tribune","isPartOf":{"@id":"https:\/\/www.monaco-tribune.com\/en\/#website"},"primaryImageOfPage":{"@id":"https:\/\/www.monaco-tribune.com\/en\/listing\/nouveau-musee-national-de-monaco-villa-paloma\/#primaryimage"},"image":{"@id":"https:\/\/www.monaco-tribune.com\/en\/listing\/nouveau-musee-national-de-monaco-villa-paloma\/#primaryimage"},"thumbnailUrl":"https:\/\/www.monaco-tribune.com\/wp-content\/uploads\/2020\/06\/eugene-frey-glass-plates.jpg","datePublished":"2020-11-25T11:11:42+00:00","dateModified":"2021-03-31T17:53:45+00:00","breadcrumb":{"@id":"https:\/\/www.monaco-tribune.com\/en\/listing\/nouveau-musee-national-de-monaco-villa-paloma\/#breadcrumb"},"inLanguage":"en-US","potentialAction":[{"@type":"ReadAction","target":["https:\/\/www.monaco-tribune.com\/en\/listing\/nouveau-musee-national-de-monaco-villa-paloma\/"]}]},{"@type":"ImageObject","inLanguage":"en-US","@id":"https:\/\/www.monaco-tribune.com\/en\/listing\/nouveau-musee-national-de-monaco-villa-paloma\/#primaryimage","url":"https:\/\/www.monaco-tribune.com\/wp-content\/uploads\/2020\/06\/eugene-frey-glass-plates.jpg","contentUrl":"https:\/\/www.monaco-tribune.com\/wp-content\/uploads\/2020\/06\/eugene-frey-glass-plates.jpg","width":1920,"height":1280,"caption":"Vue d’exposition NMNM – Villa Paloma \/\/ Variations - Les Décors lumineux d’Eugène Frey présentés par João Maria Gusmão \/\/ Photo : Andrea Rossetti, 2020"},{"@type":"BreadcrumbList","@id":"https:\/\/www.monaco-tribune.com\/en\/listing\/nouveau-musee-national-de-monaco-villa-paloma\/#breadcrumb","itemListElement":[{"@type":"ListItem","position":1,"name":"Accueil","item":"https:\/\/www.monaco-tribune.com\/en\/"},{"@type":"ListItem","position":2,"name":"Nouveau Musée National de Monaco &#8211; Villa Paloma"}]},{"@type":"WebSite","@id":"https:\/\/www.monaco-tribune.com\/en\/#website","url":"https:\/\/www.monaco-tribune.com\/en\/","name":"Monaco Tribune","description":"Monaco : actualités économiques, politiques, culturelles et sportives de Monaco et de la French Riviera.","publisher":{"@id":"https:\/\/www.monaco-tribune.com\/en\/#organization"},"potentialAction":[{"@type":"SearchAction","target":{"@type":"EntryPoint","urlTemplate":"https:\/\/www.monaco-tribune.com\/en\/?s={search_term_string}"},"query-input":{"@type":"PropertyValueSpecification","valueRequired":true,"valueName":"search_term_string"}}],"inLanguage":"en-US"},{"@type":"Organization","@id":"https:\/\/www.monaco-tribune.com\/en\/#organization","name":"Monaco Tribune","url":"https:\/\/www.monaco-tribune.com\/en\/","logo":{"@type":"ImageObject","inLanguage":"en-US","@id":"https:\/\/www.monaco-tribune.com\/en\/#\/schema\/logo\/image\/","url":"https:\/\/www.monaco-tribune.com\/wp-content\/uploads\/2022\/11\/logo-monaco-tribune.png","contentUrl":"https:\/\/www.monaco-tribune.com\/wp-content\/uploads\/2022\/11\/logo-monaco-tribune.png","width":1548,"height":600,"caption":"Monaco Tribune"},"image":{"@id":"https:\/\/www.monaco-tribune.com\/en\/#\/schema\/logo\/image\/"},"sameAs":["https:\/\/www.facebook.com\/MonacoTribune","https:\/\/x.com\/MonacoTribune","https:\/\/www.instagram.com\/monacotribune\/","https:\/\/www.linkedin.com\/company\/monaco-tribune","https:\/\/www.youtube.com\/channel\/UCHle1MnG6hw1y4lWKijVbMA"]}]}</script>
<!-- / Yoast SEO Premium plugin. -->

Nouveau Musée National de Monaco - Villa Paloma - Monaco Tribune

Nouveau Musée National de Monaco - Villa Paloma

An American, Edward N. Dickerson, in 1913, brought together six plots of land belonging to different owners to build a villa and a garden in the Révoires district, Boulevard de l&#8217;Observatoire. In 1993, a Monégasque limited company bought the Villa [&hellip;]

Vue d’exposition NMNM – Villa Paloma // Variations - Les Décors lumineux d’Eugène Frey présentés par João Maria Gusmão // Photo : Andrea Rossetti, 2020

Monaco : actualités économiques, politiques, culturelles et sportives de Monaco et de la French Riviera.
