{"id":50407,"date":"2020-11-26T19:46:32","date_gmt":"2020-11-26T18:46:32","guid":{"rendered":"https:\/\/www.monaco-tribune.com\/listing\/museo-di-antropologia-preistorica\/"},"modified":"2021-01-29T14:38:15","modified_gmt":"2021-01-29T13:38:15","slug":"museo-di-antropologia-preistorica","status":"publish","type":"listing","link":"https:\/\/www.monaco-tribune.com\/it\/listing\/museo-di-antropologia-preistorica\/","title":{"rendered":"Il Museo di Antropologia Preistorica"},"content":{"rendered":"\n<p>\n          <strong>Il Museo d&#8217;Antropologia Preistorica fu fondato dal Principe Alberto I nel 1902 per conservare i resti di uomini primitiva esumati dal suolo del Principato e delle regioni circostanti.<\/strong>\n        <\/p>\n\n<p>Istituito nel Giardino Esotico dal principe Ranieri III nel 1959, l&#8217;edificio \u00e8 opera dell&#8217;architetto monegasco Louis Ru\u00e9. Le collezioni esposte tracciano le principali tappe dell&#8217;evoluzione dell&#8217;umanit\u00e0 attraverso i periodi glaciali e interglaciali. Ci insegnano che pi\u00f9 di un milione di anni fa, la Costa Azzurra era gi\u00e0 un habitat privilegiato per i nostri lontani antenati.<\/p>\n\n<p>Come istituto di ricerca, il museo effettua scavi sul campo, studi di laboratorio e pubblica un bollettino scientifico annuale. Il suo team \u00e8 legato al governo del Principato ed \u00e8 sostenuto da un comitato scientifico internazionale. Eretto nel cuore del Giardino Esotico di Monaco, accanto alla Grotta dell&#8217;Osservatorio e al nuovo Museo Nazionale Villa Paloma, il Museo di Antropologia Preistorica di Monaco \u00e8 la pi\u00f9 antica istituzione scientifica di Monaco. Il museo comprende pure uno scheletro di mammut siberiano.<\/p>\n","protected":false},"featured_media":32009,"template":"","meta":{"_acf_changed":false},"listing-category":[2195,2199],"class_list":["post-50407","listing","type-listing","status-publish","has-post-thumbnail","hentry","listing-category-cultura","listing-category-musei"],"acf":[],"yoast_head":"<!-- This site is optimized with the Yoast SEO Premium plugin v26.8 (Yoast SEO v27.4) - https:\/\/yoast.com\/product\/yoast-seo-premium-wordpress\/ -->\n<title>Il Museo di Antropologia Preistorica - Monaco Tribune<\/title>\n<meta name=\"robots\" content=\"index, follow, max-snippet:-1, max-image-preview:large, max-video-preview:-1\" \/>\n<link rel=\"canonical\" href=\"https:\/\/www.monaco-tribune.com\/it\/listing\/museo-di-antropologia-preistorica\/\" \/>\n<meta property=\"og:locale\" content=\"it_IT\" \/>\n<meta property=\"og:type\" content=\"article\" \/>\n<meta property=\"og:title\" content=\"Il Museo di Antropologia Preistorica\" \/>\n<meta property=\"og:description\" content=\"Il Museo d&#8217;Antropologia Preistorica fu fondato dal Principe Alberto I nel 1902 per conservare i resti di uomini primitiva esumati dal suolo del Principato e delle regioni circostanti. Istituito nel Giardino Esotico dal principe Ranieri III nel 1959, l&#8217;edificio \u00e8 [&hellip;]\" \/>\n<meta property=\"og:url\" content=\"https:\/\/www.monaco-tribune.com\/it\/listing\/museo-di-antropologia-preistorica\/\" \/>\n<meta property=\"og:site_name\" content=\"Monaco Tribune\" \/>\n<meta property=\"article:publisher\" content=\"https:\/\/www.facebook.com\/MonacoTribune\" \/>\n<meta property=\"article:modified_time\" content=\"2021-01-29T13:38:15+00:00\" \/>\n<meta property=\"og:image\" content=\"https:\/\/www.monaco-tribune.com\/wp-content\/uploads\/2020\/07\/muse\u0301e-danthropologie.jpg\" \/>\n\t<meta property=\"og:image:width\" content=\"1920\" \/>\n\t<meta property=\"og:image:height\" content=\"1341\" \/>\n\t<meta property=\"og:image:type\" content=\"image\/jpeg\" \/>\n<meta name=\"twitter:card\" content=\"summary_large_image\" \/>\n<meta name=\"twitter:site\" content=\"@MonacoTribune\" \/>\n<script type=\"application\/ld+json\" class=\"yoast-schema-graph\">{\"@context\":\"https:\\\/\\\/schema.org\",\"@graph\":[{\"@type\":\"WebPage\",\"@id\":\"https:\\\/\\\/www.monaco-tribune.com\\\/it\\\/listing\\\/museo-di-antropologia-preistorica\\\/\",\"url\":\"https:\\\/\\\/www.monaco-tribune.com\\\/it\\\/listing\\\/museo-di-antropologia-preistorica\\\/\",\"name\":\"Il Museo di Antropologia Preistorica - Monaco Tribune\",\"isPartOf\":{\"@id\":\"https:\\\/\\\/www.monaco-tribune.com\\\/it\\\/#website\"},\"primaryImageOfPage\":{\"@id\":\"https:\\\/\\\/www.monaco-tribune.com\\\/it\\\/listing\\\/museo-di-antropologia-preistorica\\\/#primaryimage\"},\"image\":{\"@id\":\"https:\\\/\\\/www.monaco-tribune.com\\\/it\\\/listing\\\/museo-di-antropologia-preistorica\\\/#primaryimage\"},\"thumbnailUrl\":\"https:\\\/\\\/www.monaco-tribune.com\\\/wp-content\\\/uploads\\\/2020\\\/07\\\/muse\u0301e-danthropologie.jpg\",\"datePublished\":\"2020-11-26T18:46:32+00:00\",\"dateModified\":\"2021-01-29T13:38:15+00:00\",\"breadcrumb\":{\"@id\":\"https:\\\/\\\/www.monaco-tribune.com\\\/it\\\/listing\\\/museo-di-antropologia-preistorica\\\/#breadcrumb\"},\"inLanguage\":\"it-IT\",\"potentialAction\":[{\"@type\":\"ReadAction\",\"target\":[\"https:\\\/\\\/www.monaco-tribune.com\\\/it\\\/listing\\\/museo-di-antropologia-preistorica\\\/\"]}]},{\"@type\":\"ImageObject\",\"inLanguage\":\"it-IT\",\"@id\":\"https:\\\/\\\/www.monaco-tribune.com\\\/it\\\/listing\\\/museo-di-antropologia-preistorica\\\/#primaryimage\",\"url\":\"https:\\\/\\\/www.monaco-tribune.com\\\/wp-content\\\/uploads\\\/2020\\\/07\\\/muse\u0301e-danthropologie.jpg\",\"contentUrl\":\"https:\\\/\\\/www.monaco-tribune.com\\\/wp-content\\\/uploads\\\/2020\\\/07\\\/muse\u0301e-danthropologie.jpg\",\"width\":1920,\"height\":1341,\"caption\":\"Museo di antropologia preistorica\"},{\"@type\":\"BreadcrumbList\",\"@id\":\"https:\\\/\\\/www.monaco-tribune.com\\\/it\\\/listing\\\/museo-di-antropologia-preistorica\\\/#breadcrumb\",\"itemListElement\":[{\"@type\":\"ListItem\",\"position\":1,\"name\":\"Accueil\",\"item\":\"https:\\\/\\\/www.monaco-tribune.com\\\/it\\\/\"},{\"@type\":\"ListItem\",\"position\":2,\"name\":\"Il Museo di Antropologia Preistorica\"}]},{\"@type\":\"WebSite\",\"@id\":\"https:\\\/\\\/www.monaco-tribune.com\\\/it\\\/#website\",\"url\":\"https:\\\/\\\/www.monaco-tribune.com\\\/it\\\/\",\"name\":\"Monaco Tribune\",\"description\":\"Monaco : actualit\u00e9s \u00e9conomiques, politiques, culturelles et sportives de Monaco et de la French Riviera.\",\"publisher\":{\"@id\":\"https:\\\/\\\/www.monaco-tribune.com\\\/it\\\/#organization\"},\"potentialAction\":[{\"@type\":\"SearchAction\",\"target\":{\"@type\":\"EntryPoint\",\"urlTemplate\":\"https:\\\/\\\/www.monaco-tribune.com\\\/it\\\/?s={search_term_string}\"},\"query-input\":{\"@type\":\"PropertyValueSpecification\",\"valueRequired\":true,\"valueName\":\"search_term_string\"}}],\"inLanguage\":\"it-IT\"},{\"@type\":\"Organization\",\"@id\":\"https:\\\/\\\/www.monaco-tribune.com\\\/it\\\/#organization\",\"name\":\"Monaco Tribune\",\"url\":\"https:\\\/\\\/www.monaco-tribune.com\\\/it\\\/\",\"logo\":{\"@type\":\"ImageObject\",\"inLanguage\":\"it-IT\",\"@id\":\"https:\\\/\\\/www.monaco-tribune.com\\\/it\\\/#\\\/schema\\\/logo\\\/image\\\/\",\"url\":\"https:\\\/\\\/www.monaco-tribune.com\\\/wp-content\\\/uploads\\\/2022\\\/11\\\/logo-monaco-tribune.png\",\"contentUrl\":\"https:\\\/\\\/www.monaco-tribune.com\\\/wp-content\\\/uploads\\\/2022\\\/11\\\/logo-monaco-tribune.png\",\"width\":1548,\"height\":600,\"caption\":\"Monaco Tribune\"},\"image\":{\"@id\":\"https:\\\/\\\/www.monaco-tribune.com\\\/it\\\/#\\\/schema\\\/logo\\\/image\\\/\"},\"sameAs\":[\"https:\\\/\\\/www.facebook.com\\\/MonacoTribune\",\"https:\\\/\\\/x.com\\\/MonacoTribune\",\"https:\\\/\\\/www.instagram.com\\\/monacotribune\\\/\",\"https:\\\/\\\/www.linkedin.com\\\/company\\\/monaco-tribune\",\"https:\\\/\\\/www.youtube.com\\\/channel\\\/UCHle1MnG6hw1y4lWKijVbMA\"]}]}<\/script>\n<!-- \/ Yoast SEO Premium plugin. -->","yoast_head_json":{"title":"Il Museo di Antropologia Preistorica - Monaco Tribune","robots":{"index":"index","follow":"follow","max-snippet":"max-snippet:-1","max-image-preview":"max-image-preview:large","max-video-preview":"max-video-preview:-1"},"canonical":"https:\/\/www.monaco-tribune.com\/it\/listing\/museo-di-antropologia-preistorica\/","og_locale":"it_IT","og_type":"article","og_title":"Il Museo di Antropologia Preistorica","og_description":"Il Museo d&#8217;Antropologia Preistorica fu fondato dal Principe Alberto I nel 1902 per conservare i resti di uomini primitiva esumati dal suolo del Principato e delle regioni circostanti. Istituito nel Giardino Esotico dal principe Ranieri III nel 1959, l&#8217;edificio \u00e8 [&hellip;]","og_url":"https:\/\/www.monaco-tribune.com\/it\/listing\/museo-di-antropologia-preistorica\/","og_site_name":"Monaco Tribune","article_publisher":"https:\/\/www.facebook.com\/MonacoTribune","article_modified_time":"2021-01-29T13:38:15+00:00","og_image":[{"width":1920,"height":1341,"url":"https:\/\/www.monaco-tribune.com\/wp-content\/uploads\/2020\/07\/muse\u0301e-danthropologie.jpg","type":"image\/jpeg"}],"twitter_card":"summary_large_image","twitter_site":"@MonacoTribune","schema":{"@context":"https:\/\/schema.org","@graph":[{"@type":"WebPage","@id":"https:\/\/www.monaco-tribune.com\/it\/listing\/museo-di-antropologia-preistorica\/","url":"https:\/\/www.monaco-tribune.com\/it\/listing\/museo-di-antropologia-preistorica\/","name":"Il Museo di Antropologia Preistorica - Monaco Tribune","isPartOf":{"@id":"https:\/\/www.monaco-tribune.com\/it\/#website"},"primaryImageOfPage":{"@id":"https:\/\/www.monaco-tribune.com\/it\/listing\/museo-di-antropologia-preistorica\/#primaryimage"},"image":{"@id":"https:\/\/www.monaco-tribune.com\/it\/listing\/museo-di-antropologia-preistorica\/#primaryimage"},"thumbnailUrl":"https:\/\/www.monaco-tribune.com\/wp-content\/uploads\/2020\/07\/muse\u0301e-danthropologie.jpg","datePublished":"2020-11-26T18:46:32+00:00","dateModified":"2021-01-29T13:38:15+00:00","breadcrumb":{"@id":"https:\/\/www.monaco-tribune.com\/it\/listing\/museo-di-antropologia-preistorica\/#breadcrumb"},"inLanguage":"it-IT","potentialAction":[{"@type":"ReadAction","target":["https:\/\/www.monaco-tribune.com\/it\/listing\/museo-di-antropologia-preistorica\/"]}]},{"@type":"ImageObject","inLanguage":"it-IT","@id":"https:\/\/www.monaco-tribune.com\/it\/listing\/museo-di-antropologia-preistorica\/#primaryimage","url":"https:\/\/www.monaco-tribune.com\/wp-content\/uploads\/2020\/07\/muse\u0301e-danthropologie.jpg","contentUrl":"https:\/\/www.monaco-tribune.com\/wp-content\/uploads\/2020\/07\/muse\u0301e-danthropologie.jpg","width":1920,"height":1341,"caption":"Museo di antropologia preistorica"},{"@type":"BreadcrumbList","@id":"https:\/\/www.monaco-tribune.com\/it\/listing\/museo-di-antropologia-preistorica\/#breadcrumb","itemListElement":[{"@type":"ListItem","position":1,"name":"Accueil","item":"https:\/\/www.monaco-tribune.com\/it\/"},{"@type":"ListItem","position":2,"name":"Il Museo di Antropologia Preistorica"}]},{"@type":"WebSite","@id":"https:\/\/www.monaco-tribune.com\/it\/#website","url":"https:\/\/www.monaco-tribune.com\/it\/","name":"Monaco Tribune","description":"Monaco : actualit\u00e9s \u00e9conomiques, politiques, culturelles et sportives de Monaco et de la French Riviera.","publisher":{"@id":"https:\/\/www.monaco-tribune.com\/it\/#organization"},"potentialAction":[{"@type":"SearchAction","target":{"@type":"EntryPoint","urlTemplate":"https:\/\/www.monaco-tribune.com\/it\/?s={search_term_string}"},"query-input":{"@type":"PropertyValueSpecification","valueRequired":true,"valueName":"search_term_string"}}],"inLanguage":"it-IT"},{"@type":"Organization","@id":"https:\/\/www.monaco-tribune.com\/it\/#organization","name":"Monaco Tribune","url":"https:\/\/www.monaco-tribune.com\/it\/","logo":{"@type":"ImageObject","inLanguage":"it-IT","@id":"https:\/\/www.monaco-tribune.com\/it\/#\/schema\/logo\/image\/","url":"https:\/\/www.monaco-tribune.com\/wp-content\/uploads\/2022\/11\/logo-monaco-tribune.png","contentUrl":"https:\/\/www.monaco-tribune.com\/wp-content\/uploads\/2022\/11\/logo-monaco-tribune.png","width":1548,"height":600,"caption":"Monaco Tribune"},"image":{"@id":"https:\/\/www.monaco-tribune.com\/it\/#\/schema\/logo\/image\/"},"sameAs":["https:\/\/www.facebook.com\/MonacoTribune","https:\/\/x.com\/MonacoTribune","https:\/\/www.instagram.com\/monacotribune\/","https:\/\/www.linkedin.com\/company\/monaco-tribune","https:\/\/www.youtube.com\/channel\/UCHle1MnG6hw1y4lWKijVbMA"]}]}},"_links":{"self":[{"href":"https:\/\/www.monaco-tribune.com\/it\/wp-json\/wp\/v2\/listing\/50407","targetHints":{"allow":["GET"]}}],"collection":[{"href":"https:\/\/www.monaco-tribune.com\/it\/wp-json\/wp\/v2\/listing"}],"about":[{"href":"https:\/\/www.monaco-tribune.com\/it\/wp-json\/wp\/v2\/types\/listing"}],"wp:featuredmedia":[{"embeddable":true,"href":"https:\/\/www.monaco-tribune.com\/it\/wp-json\/wp\/v2\/media\/32009"}],"wp:attachment":[{"href":"https:\/\/www.monaco-tribune.com\/it\/wp-json\/wp\/v2\/media?parent=50407"}],"wp:term":[{"taxonomy":"listing-category","embeddable":true,"href":"https:\/\/www.monaco-tribune.com\/it\/wp-json\/wp\/v2\/listing-category?post=50407"}],"curies":[{"name":"wp","href":"https:\/\/api.w.org\/{rel}","templated":true}]}}

<p>
          <strong>Il Museo d&#8217;Antropologia Preistorica fu fondato dal Principe Alberto I nel 1902 per conservare i resti di uomini primitiva esumati dal suolo del Principato e delle regioni circostanti.</strong>
        </p>

<p>Istituito nel Giardino Esotico dal principe Ranieri III nel 1959, l&#8217;edificio è opera dell&#8217;architetto monegasco Louis Rué. Le collezioni esposte tracciano le principali tappe dell&#8217;evoluzione dell&#8217;umanità attraverso i periodi glaciali e interglaciali. Ci insegnano che più di un milione di anni fa, la Costa Azzurra era già un habitat privilegiato per i nostri lontani antenati.</p>

<p>Come istituto di ricerca, il museo effettua scavi sul campo, studi di laboratorio e pubblica un bollettino scientifico annuale. Il suo team è legato al governo del Principato ed è sostenuto da un comitato scientifico internazionale. Eretto nel cuore del Giardino Esotico di Monaco, accanto alla Grotta dell&#8217;Osservatorio e al nuovo Museo Nazionale Villa Paloma, il Museo di Antropologia Preistorica di Monaco è la più antica istituzione scientifica di Monaco. Il museo comprende pure uno scheletro di mammut siberiano.</p>

<!-- This site is optimized with the Yoast SEO Premium plugin v26.8 (Yoast SEO v27.4) - https://yoast.com/product/yoast-seo-premium-wordpress/ -->
<title>Il Museo di Antropologia Preistorica - Monaco Tribune</title>
<meta name="robots" content="index, follow, max-snippet:-1, max-image-preview:large, max-video-preview:-1" />
<link rel="canonical" href="https://www.monaco-tribune.com/it/listing/museo-di-antropologia-preistorica/" />
<meta property="og:locale" content="it_IT" />
<meta property="og:type" content="article" />
<meta property="og:title" content="Il Museo di Antropologia Preistorica" />
<meta property="og:description" content="Il Museo d&#8217;Antropologia Preistorica fu fondato dal Principe Alberto I nel 1902 per conservare i resti di uomini primitiva esumati dal suolo del Principato e delle regioni circostanti. Istituito nel Giardino Esotico dal principe Ranieri III nel 1959, l&#8217;edificio è [&hellip;]" />
<meta property="og:url" content="https://www.monaco-tribune.com/it/listing/museo-di-antropologia-preistorica/" />
<meta property="og:site_name" content="Monaco Tribune" />
<meta property="article:publisher" content="https://www.facebook.com/MonacoTribune" />
<meta property="article:modified_time" content="2021-01-29T13:38:15+00:00" />
<meta property="og:image" content="https://www.monaco-tribune.com/wp-content/uploads/2020/07/musée-danthropologie.jpg" />
	<meta property="og:image:width" content="1920" />
	<meta property="og:image:height" content="1341" />
	<meta property="og:image:type" content="image/jpeg" />
<meta name="twitter:card" content="summary_large_image" />
<meta name="twitter:site" content="@MonacoTribune" />
<script type="application/ld+json" class="yoast-schema-graph">{"@context":"https:\/\/schema.org","@graph":[{"@type":"WebPage","@id":"https:\/\/www.monaco-tribune.com\/it\/listing\/museo-di-antropologia-preistorica\/","url":"https:\/\/www.monaco-tribune.com\/it\/listing\/museo-di-antropologia-preistorica\/","name":"Il Museo di Antropologia Preistorica - Monaco Tribune","isPartOf":{"@id":"https:\/\/www.monaco-tribune.com\/it\/#website"},"primaryImageOfPage":{"@id":"https:\/\/www.monaco-tribune.com\/it\/listing\/museo-di-antropologia-preistorica\/#primaryimage"},"image":{"@id":"https:\/\/www.monaco-tribune.com\/it\/listing\/museo-di-antropologia-preistorica\/#primaryimage"},"thumbnailUrl":"https:\/\/www.monaco-tribune.com\/wp-content\/uploads\/2020\/07\/musée-danthropologie.jpg","datePublished":"2020-11-26T18:46:32+00:00","dateModified":"2021-01-29T13:38:15+00:00","breadcrumb":{"@id":"https:\/\/www.monaco-tribune.com\/it\/listing\/museo-di-antropologia-preistorica\/#breadcrumb"},"inLanguage":"it-IT","potentialAction":[{"@type":"ReadAction","target":["https:\/\/www.monaco-tribune.com\/it\/listing\/museo-di-antropologia-preistorica\/"]}]},{"@type":"ImageObject","inLanguage":"it-IT","@id":"https:\/\/www.monaco-tribune.com\/it\/listing\/museo-di-antropologia-preistorica\/#primaryimage","url":"https:\/\/www.monaco-tribune.com\/wp-content\/uploads\/2020\/07\/musée-danthropologie.jpg","contentUrl":"https:\/\/www.monaco-tribune.com\/wp-content\/uploads\/2020\/07\/musée-danthropologie.jpg","width":1920,"height":1341,"caption":"Museo di antropologia preistorica"},{"@type":"BreadcrumbList","@id":"https:\/\/www.monaco-tribune.com\/it\/listing\/museo-di-antropologia-preistorica\/#breadcrumb","itemListElement":[{"@type":"ListItem","position":1,"name":"Accueil","item":"https:\/\/www.monaco-tribune.com\/it\/"},{"@type":"ListItem","position":2,"name":"Il Museo di Antropologia Preistorica"}]},{"@type":"WebSite","@id":"https:\/\/www.monaco-tribune.com\/it\/#website","url":"https:\/\/www.monaco-tribune.com\/it\/","name":"Monaco Tribune","description":"Monaco : actualités économiques, politiques, culturelles et sportives de Monaco et de la French Riviera.","publisher":{"@id":"https:\/\/www.monaco-tribune.com\/it\/#organization"},"potentialAction":[{"@type":"SearchAction","target":{"@type":"EntryPoint","urlTemplate":"https:\/\/www.monaco-tribune.com\/it\/?s={search_term_string}"},"query-input":{"@type":"PropertyValueSpecification","valueRequired":true,"valueName":"search_term_string"}}],"inLanguage":"it-IT"},{"@type":"Organization","@id":"https:\/\/www.monaco-tribune.com\/it\/#organization","name":"Monaco Tribune","url":"https:\/\/www.monaco-tribune.com\/it\/","logo":{"@type":"ImageObject","inLanguage":"it-IT","@id":"https:\/\/www.monaco-tribune.com\/it\/#\/schema\/logo\/image\/","url":"https:\/\/www.monaco-tribune.com\/wp-content\/uploads\/2022\/11\/logo-monaco-tribune.png","contentUrl":"https:\/\/www.monaco-tribune.com\/wp-content\/uploads\/2022\/11\/logo-monaco-tribune.png","width":1548,"height":600,"caption":"Monaco Tribune"},"image":{"@id":"https:\/\/www.monaco-tribune.com\/it\/#\/schema\/logo\/image\/"},"sameAs":["https:\/\/www.facebook.com\/MonacoTribune","https:\/\/x.com\/MonacoTribune","https:\/\/www.instagram.com\/monacotribune\/","https:\/\/www.linkedin.com\/company\/monaco-tribune","https:\/\/www.youtube.com\/channel\/UCHle1MnG6hw1y4lWKijVbMA"]}]}</script>
<!-- / Yoast SEO Premium plugin. -->

Il Museo d&#8217;Antropologia Preistorica fu fondato dal Principe Alberto I nel 1902 per conservare i resti di uomini primitiva esumati dal suolo del Principato e delle regioni circostanti. Istituito nel Giardino Esotico dal principe Ranieri III nel 1959, l&#8217;edificio è [&hellip;]

Monaco : actualités économiques, politiques, culturelles et sportives de Monaco et de la French Riviera.
