{"id":51061,"date":"2020-11-28T16:27:05","date_gmt":"2020-11-28T15:27:05","guid":{"rendered":"https:\/\/www.monaco-tribune.com\/listing\/dott-hacene-gaid\/"},"modified":"2021-02-01T00:16:38","modified_gmt":"2021-01-31T23:16:38","slug":"dott-hacene-gaid","status":"publish","type":"listing","link":"https:\/\/www.monaco-tribune.com\/it\/listing\/dott-hacene-gaid\/","title":{"rendered":"Dottor Hac\u00e8ne Gaid"},"content":{"rendered":"\n<p>Il suo ufficio si trova presso il Centro Privato di Emodialisi di Monaco, vicino al porto di Fontvieille. Il nefrologo \u00e8 responsabile della diagnosi e del trattamento di tutte le malattie renali (chiamate nefropatie), che colpiscono la filtrazione del sangue, la funzione primaria dei reni. Questa gestione va dai sintomi pi\u00f9 elementari e precoci (come sangue o proteine nelle urine) alla complicazione pi\u00f9 grave, che \u00e8 l&#8217;insufficienza renale cronica.<\/p>\n\n<p>Il professionista non prende pazienti di et\u00e0 inferiore ai diciotto anni e il suo studio \u00e8 una convenzione del settore 2, quindi non accetta la tessera sanitaria. Lavora in francese, inglese e arabo. Il medico ha ottenuto un diploma statale di Dottore in Medicina &#8211; Universit\u00e0 di Scienze Mediche e Tecnologiche di Algeri nel 1987. Si \u00e8 poi formato come nefrologo alla facolt\u00e0 di Marsiglia Aix 2 nel 1994. Il dottor Hac\u00e8ne Gaid \u00e8 anche membro della Soci\u00e9t\u00e9 Francophone de N\u00e9phrologie Dialyse et Transplantation.<\/p>\n","protected":false},"featured_media":68083,"template":"","meta":{"_acf_changed":false},"listing-category":[2207,2205],"class_list":["post-51061","listing","type-listing","status-publish","has-post-thumbnail","hentry","listing-category-dottori","listing-category-informazioni-utili"],"acf":[],"yoast_head":"<!-- This site is optimized with the Yoast SEO Premium plugin v26.8 (Yoast SEO v27.4) - https:\/\/yoast.com\/product\/yoast-seo-premium-wordpress\/ -->\n<title>Dottor Hac\u00e8ne Gaid - Monaco Tribune<\/title>\n<meta name=\"robots\" content=\"index, follow, max-snippet:-1, max-image-preview:large, max-video-preview:-1\" \/>\n<link rel=\"canonical\" href=\"https:\/\/www.monaco-tribune.com\/it\/listing\/dott-hacene-gaid\/\" \/>\n<meta property=\"og:locale\" content=\"it_IT\" \/>\n<meta property=\"og:type\" content=\"article\" \/>\n<meta property=\"og:title\" content=\"Dottor Hac\u00e8ne Gaid\" \/>\n<meta property=\"og:description\" content=\"Il suo ufficio si trova presso il Centro Privato di Emodialisi di Monaco, vicino al porto di Fontvieille. Il nefrologo \u00e8 responsabile della diagnosi e del trattamento di tutte le malattie renali (chiamate nefropatie), che colpiscono la filtrazione del sangue, [&hellip;]\" \/>\n<meta property=\"og:url\" content=\"https:\/\/www.monaco-tribune.com\/it\/listing\/dott-hacene-gaid\/\" \/>\n<meta property=\"og:site_name\" content=\"Monaco Tribune\" \/>\n<meta property=\"article:publisher\" content=\"https:\/\/www.facebook.com\/MonacoTribune\" \/>\n<meta property=\"article:modified_time\" content=\"2021-01-31T23:16:38+00:00\" \/>\n<meta property=\"og:image\" content=\"https:\/\/www.monaco-tribune.com\/wp-content\/uploads\/2020\/11\/mdkj7jfl65ohcmyikcxj-e1612873153401.jpg\" \/>\n\t<meta property=\"og:image:width\" content=\"337\" \/>\n\t<meta property=\"og:image:height\" content=\"600\" \/>\n\t<meta property=\"og:image:type\" content=\"image\/jpeg\" \/>\n<meta name=\"twitter:card\" content=\"summary_large_image\" \/>\n<meta name=\"twitter:site\" content=\"@MonacoTribune\" \/>\n<script type=\"application\/ld+json\" class=\"yoast-schema-graph\">{\"@context\":\"https:\\\/\\\/schema.org\",\"@graph\":[{\"@type\":\"WebPage\",\"@id\":\"https:\\\/\\\/www.monaco-tribune.com\\\/it\\\/listing\\\/dott-hacene-gaid\\\/\",\"url\":\"https:\\\/\\\/www.monaco-tribune.com\\\/it\\\/listing\\\/dott-hacene-gaid\\\/\",\"name\":\"Dottor Hac\u00e8ne Gaid - Monaco Tribune\",\"isPartOf\":{\"@id\":\"https:\\\/\\\/www.monaco-tribune.com\\\/it\\\/#website\"},\"primaryImageOfPage\":{\"@id\":\"https:\\\/\\\/www.monaco-tribune.com\\\/it\\\/listing\\\/dott-hacene-gaid\\\/#primaryimage\"},\"image\":{\"@id\":\"https:\\\/\\\/www.monaco-tribune.com\\\/it\\\/listing\\\/dott-hacene-gaid\\\/#primaryimage\"},\"thumbnailUrl\":\"https:\\\/\\\/www.monaco-tribune.com\\\/wp-content\\\/uploads\\\/2020\\\/11\\\/mdkj7jfl65ohcmyikcxj-e1612873153401.jpg\",\"datePublished\":\"2020-11-28T15:27:05+00:00\",\"dateModified\":\"2021-01-31T23:16:38+00:00\",\"breadcrumb\":{\"@id\":\"https:\\\/\\\/www.monaco-tribune.com\\\/it\\\/listing\\\/dott-hacene-gaid\\\/#breadcrumb\"},\"inLanguage\":\"it-IT\",\"potentialAction\":[{\"@type\":\"ReadAction\",\"target\":[\"https:\\\/\\\/www.monaco-tribune.com\\\/it\\\/listing\\\/dott-hacene-gaid\\\/\"]}]},{\"@type\":\"ImageObject\",\"inLanguage\":\"it-IT\",\"@id\":\"https:\\\/\\\/www.monaco-tribune.com\\\/it\\\/listing\\\/dott-hacene-gaid\\\/#primaryimage\",\"url\":\"https:\\\/\\\/www.monaco-tribune.com\\\/wp-content\\\/uploads\\\/2020\\\/11\\\/mdkj7jfl65ohcmyikcxj-e1612873153401.jpg\",\"contentUrl\":\"https:\\\/\\\/www.monaco-tribune.com\\\/wp-content\\\/uploads\\\/2020\\\/11\\\/mdkj7jfl65ohcmyikcxj-e1612873153401.jpg\",\"width\":337,\"height\":600},{\"@type\":\"BreadcrumbList\",\"@id\":\"https:\\\/\\\/www.monaco-tribune.com\\\/it\\\/listing\\\/dott-hacene-gaid\\\/#breadcrumb\",\"itemListElement\":[{\"@type\":\"ListItem\",\"position\":1,\"name\":\"Accueil\",\"item\":\"https:\\\/\\\/www.monaco-tribune.com\\\/it\\\/\"},{\"@type\":\"ListItem\",\"position\":2,\"name\":\"Dottor Hac\u00e8ne Gaid\"}]},{\"@type\":\"WebSite\",\"@id\":\"https:\\\/\\\/www.monaco-tribune.com\\\/it\\\/#website\",\"url\":\"https:\\\/\\\/www.monaco-tribune.com\\\/it\\\/\",\"name\":\"Monaco Tribune\",\"description\":\"Monaco : actualit\u00e9s \u00e9conomiques, politiques, culturelles et sportives de Monaco et de la French Riviera.\",\"publisher\":{\"@id\":\"https:\\\/\\\/www.monaco-tribune.com\\\/it\\\/#organization\"},\"potentialAction\":[{\"@type\":\"SearchAction\",\"target\":{\"@type\":\"EntryPoint\",\"urlTemplate\":\"https:\\\/\\\/www.monaco-tribune.com\\\/it\\\/?s={search_term_string}\"},\"query-input\":{\"@type\":\"PropertyValueSpecification\",\"valueRequired\":true,\"valueName\":\"search_term_string\"}}],\"inLanguage\":\"it-IT\"},{\"@type\":\"Organization\",\"@id\":\"https:\\\/\\\/www.monaco-tribune.com\\\/it\\\/#organization\",\"name\":\"Monaco Tribune\",\"url\":\"https:\\\/\\\/www.monaco-tribune.com\\\/it\\\/\",\"logo\":{\"@type\":\"ImageObject\",\"inLanguage\":\"it-IT\",\"@id\":\"https:\\\/\\\/www.monaco-tribune.com\\\/it\\\/#\\\/schema\\\/logo\\\/image\\\/\",\"url\":\"https:\\\/\\\/www.monaco-tribune.com\\\/wp-content\\\/uploads\\\/2022\\\/11\\\/logo-monaco-tribune.png\",\"contentUrl\":\"https:\\\/\\\/www.monaco-tribune.com\\\/wp-content\\\/uploads\\\/2022\\\/11\\\/logo-monaco-tribune.png\",\"width\":1548,\"height\":600,\"caption\":\"Monaco Tribune\"},\"image\":{\"@id\":\"https:\\\/\\\/www.monaco-tribune.com\\\/it\\\/#\\\/schema\\\/logo\\\/image\\\/\"},\"sameAs\":[\"https:\\\/\\\/www.facebook.com\\\/MonacoTribune\",\"https:\\\/\\\/x.com\\\/MonacoTribune\",\"https:\\\/\\\/www.instagram.com\\\/monacotribune\\\/\",\"https:\\\/\\\/www.linkedin.com\\\/company\\\/monaco-tribune\",\"https:\\\/\\\/www.youtube.com\\\/channel\\\/UCHle1MnG6hw1y4lWKijVbMA\"]}]}<\/script>\n<!-- \/ Yoast SEO Premium plugin. -->","yoast_head_json":{"title":"Dottor Hac\u00e8ne Gaid - Monaco Tribune","robots":{"index":"index","follow":"follow","max-snippet":"max-snippet:-1","max-image-preview":"max-image-preview:large","max-video-preview":"max-video-preview:-1"},"canonical":"https:\/\/www.monaco-tribune.com\/it\/listing\/dott-hacene-gaid\/","og_locale":"it_IT","og_type":"article","og_title":"Dottor Hac\u00e8ne Gaid","og_description":"Il suo ufficio si trova presso il Centro Privato di Emodialisi di Monaco, vicino al porto di Fontvieille. Il nefrologo \u00e8 responsabile della diagnosi e del trattamento di tutte le malattie renali (chiamate nefropatie), che colpiscono la filtrazione del sangue, [&hellip;]","og_url":"https:\/\/www.monaco-tribune.com\/it\/listing\/dott-hacene-gaid\/","og_site_name":"Monaco Tribune","article_publisher":"https:\/\/www.facebook.com\/MonacoTribune","article_modified_time":"2021-01-31T23:16:38+00:00","og_image":[{"width":337,"height":600,"url":"https:\/\/www.monaco-tribune.com\/wp-content\/uploads\/2020\/11\/mdkj7jfl65ohcmyikcxj-e1612873153401.jpg","type":"image\/jpeg"}],"twitter_card":"summary_large_image","twitter_site":"@MonacoTribune","schema":{"@context":"https:\/\/schema.org","@graph":[{"@type":"WebPage","@id":"https:\/\/www.monaco-tribune.com\/it\/listing\/dott-hacene-gaid\/","url":"https:\/\/www.monaco-tribune.com\/it\/listing\/dott-hacene-gaid\/","name":"Dottor Hac\u00e8ne Gaid - Monaco Tribune","isPartOf":{"@id":"https:\/\/www.monaco-tribune.com\/it\/#website"},"primaryImageOfPage":{"@id":"https:\/\/www.monaco-tribune.com\/it\/listing\/dott-hacene-gaid\/#primaryimage"},"image":{"@id":"https:\/\/www.monaco-tribune.com\/it\/listing\/dott-hacene-gaid\/#primaryimage"},"thumbnailUrl":"https:\/\/www.monaco-tribune.com\/wp-content\/uploads\/2020\/11\/mdkj7jfl65ohcmyikcxj-e1612873153401.jpg","datePublished":"2020-11-28T15:27:05+00:00","dateModified":"2021-01-31T23:16:38+00:00","breadcrumb":{"@id":"https:\/\/www.monaco-tribune.com\/it\/listing\/dott-hacene-gaid\/#breadcrumb"},"inLanguage":"it-IT","potentialAction":[{"@type":"ReadAction","target":["https:\/\/www.monaco-tribune.com\/it\/listing\/dott-hacene-gaid\/"]}]},{"@type":"ImageObject","inLanguage":"it-IT","@id":"https:\/\/www.monaco-tribune.com\/it\/listing\/dott-hacene-gaid\/#primaryimage","url":"https:\/\/www.monaco-tribune.com\/wp-content\/uploads\/2020\/11\/mdkj7jfl65ohcmyikcxj-e1612873153401.jpg","contentUrl":"https:\/\/www.monaco-tribune.com\/wp-content\/uploads\/2020\/11\/mdkj7jfl65ohcmyikcxj-e1612873153401.jpg","width":337,"height":600},{"@type":"BreadcrumbList","@id":"https:\/\/www.monaco-tribune.com\/it\/listing\/dott-hacene-gaid\/#breadcrumb","itemListElement":[{"@type":"ListItem","position":1,"name":"Accueil","item":"https:\/\/www.monaco-tribune.com\/it\/"},{"@type":"ListItem","position":2,"name":"Dottor Hac\u00e8ne Gaid"}]},{"@type":"WebSite","@id":"https:\/\/www.monaco-tribune.com\/it\/#website","url":"https:\/\/www.monaco-tribune.com\/it\/","name":"Monaco Tribune","description":"Monaco : actualit\u00e9s \u00e9conomiques, politiques, culturelles et sportives de Monaco et de la French Riviera.","publisher":{"@id":"https:\/\/www.monaco-tribune.com\/it\/#organization"},"potentialAction":[{"@type":"SearchAction","target":{"@type":"EntryPoint","urlTemplate":"https:\/\/www.monaco-tribune.com\/it\/?s={search_term_string}"},"query-input":{"@type":"PropertyValueSpecification","valueRequired":true,"valueName":"search_term_string"}}],"inLanguage":"it-IT"},{"@type":"Organization","@id":"https:\/\/www.monaco-tribune.com\/it\/#organization","name":"Monaco Tribune","url":"https:\/\/www.monaco-tribune.com\/it\/","logo":{"@type":"ImageObject","inLanguage":"it-IT","@id":"https:\/\/www.monaco-tribune.com\/it\/#\/schema\/logo\/image\/","url":"https:\/\/www.monaco-tribune.com\/wp-content\/uploads\/2022\/11\/logo-monaco-tribune.png","contentUrl":"https:\/\/www.monaco-tribune.com\/wp-content\/uploads\/2022\/11\/logo-monaco-tribune.png","width":1548,"height":600,"caption":"Monaco Tribune"},"image":{"@id":"https:\/\/www.monaco-tribune.com\/it\/#\/schema\/logo\/image\/"},"sameAs":["https:\/\/www.facebook.com\/MonacoTribune","https:\/\/x.com\/MonacoTribune","https:\/\/www.instagram.com\/monacotribune\/","https:\/\/www.linkedin.com\/company\/monaco-tribune","https:\/\/www.youtube.com\/channel\/UCHle1MnG6hw1y4lWKijVbMA"]}]}},"_links":{"self":[{"href":"https:\/\/www.monaco-tribune.com\/it\/wp-json\/wp\/v2\/listing\/51061","targetHints":{"allow":["GET"]}}],"collection":[{"href":"https:\/\/www.monaco-tribune.com\/it\/wp-json\/wp\/v2\/listing"}],"about":[{"href":"https:\/\/www.monaco-tribune.com\/it\/wp-json\/wp\/v2\/types\/listing"}],"wp:featuredmedia":[{"embeddable":true,"href":"https:\/\/www.monaco-tribune.com\/it\/wp-json\/wp\/v2\/media\/68083"}],"wp:attachment":[{"href":"https:\/\/www.monaco-tribune.com\/it\/wp-json\/wp\/v2\/media?parent=51061"}],"wp:term":[{"taxonomy":"listing-category","embeddable":true,"href":"https:\/\/www.monaco-tribune.com\/it\/wp-json\/wp\/v2\/listing-category?post=51061"}],"curies":[{"name":"wp","href":"https:\/\/api.w.org\/{rel}","templated":true}]}}

Dottor Hacène Gaid

<p>Il suo ufficio si trova presso il Centro Privato di Emodialisi di Monaco, vicino al porto di Fontvieille. Il nefrologo è responsabile della diagnosi e del trattamento di tutte le malattie renali (chiamate nefropatie), che colpiscono la filtrazione del sangue, la funzione primaria dei reni. Questa gestione va dai sintomi più elementari e precoci (come sangue o proteine nelle urine) alla complicazione più grave, che è l&#8217;insufficienza renale cronica.</p>

<p>Il professionista non prende pazienti di età inferiore ai diciotto anni e il suo studio è una convenzione del settore 2, quindi non accetta la tessera sanitaria. Lavora in francese, inglese e arabo. Il medico ha ottenuto un diploma statale di Dottore in Medicina &#8211; Università di Scienze Mediche e Tecnologiche di Algeri nel 1987. Si è poi formato come nefrologo alla facoltà di Marsiglia Aix 2 nel 1994. Il dottor Hacène Gaid è anche membro della Société Francophone de Néphrologie Dialyse et Transplantation.</p>

<!-- This site is optimized with the Yoast SEO Premium plugin v26.8 (Yoast SEO v27.4) - https://yoast.com/product/yoast-seo-premium-wordpress/ -->
<title>Dottor Hacène Gaid - Monaco Tribune</title>
<meta name="robots" content="index, follow, max-snippet:-1, max-image-preview:large, max-video-preview:-1" />
<link rel="canonical" href="https://www.monaco-tribune.com/it/listing/dott-hacene-gaid/" />
<meta property="og:locale" content="it_IT" />
<meta property="og:type" content="article" />
<meta property="og:title" content="Dottor Hacène Gaid" />
<meta property="og:description" content="Il suo ufficio si trova presso il Centro Privato di Emodialisi di Monaco, vicino al porto di Fontvieille. Il nefrologo è responsabile della diagnosi e del trattamento di tutte le malattie renali (chiamate nefropatie), che colpiscono la filtrazione del sangue, [&hellip;]" />
<meta property="og:url" content="https://www.monaco-tribune.com/it/listing/dott-hacene-gaid/" />
<meta property="og:site_name" content="Monaco Tribune" />
<meta property="article:publisher" content="https://www.facebook.com/MonacoTribune" />
<meta property="article:modified_time" content="2021-01-31T23:16:38+00:00" />
<meta property="og:image" content="https://www.monaco-tribune.com/wp-content/uploads/2020/11/mdkj7jfl65ohcmyikcxj-e1612873153401.jpg" />
	<meta property="og:image:width" content="337" />
	<meta property="og:image:height" content="600" />
	<meta property="og:image:type" content="image/jpeg" />
<meta name="twitter:card" content="summary_large_image" />
<meta name="twitter:site" content="@MonacoTribune" />
<script type="application/ld+json" class="yoast-schema-graph">{"@context":"https:\/\/schema.org","@graph":[{"@type":"WebPage","@id":"https:\/\/www.monaco-tribune.com\/it\/listing\/dott-hacene-gaid\/","url":"https:\/\/www.monaco-tribune.com\/it\/listing\/dott-hacene-gaid\/","name":"Dottor Hacène Gaid - Monaco Tribune","isPartOf":{"@id":"https:\/\/www.monaco-tribune.com\/it\/#website"},"primaryImageOfPage":{"@id":"https:\/\/www.monaco-tribune.com\/it\/listing\/dott-hacene-gaid\/#primaryimage"},"image":{"@id":"https:\/\/www.monaco-tribune.com\/it\/listing\/dott-hacene-gaid\/#primaryimage"},"thumbnailUrl":"https:\/\/www.monaco-tribune.com\/wp-content\/uploads\/2020\/11\/mdkj7jfl65ohcmyikcxj-e1612873153401.jpg","datePublished":"2020-11-28T15:27:05+00:00","dateModified":"2021-01-31T23:16:38+00:00","breadcrumb":{"@id":"https:\/\/www.monaco-tribune.com\/it\/listing\/dott-hacene-gaid\/#breadcrumb"},"inLanguage":"it-IT","potentialAction":[{"@type":"ReadAction","target":["https:\/\/www.monaco-tribune.com\/it\/listing\/dott-hacene-gaid\/"]}]},{"@type":"ImageObject","inLanguage":"it-IT","@id":"https:\/\/www.monaco-tribune.com\/it\/listing\/dott-hacene-gaid\/#primaryimage","url":"https:\/\/www.monaco-tribune.com\/wp-content\/uploads\/2020\/11\/mdkj7jfl65ohcmyikcxj-e1612873153401.jpg","contentUrl":"https:\/\/www.monaco-tribune.com\/wp-content\/uploads\/2020\/11\/mdkj7jfl65ohcmyikcxj-e1612873153401.jpg","width":337,"height":600},{"@type":"BreadcrumbList","@id":"https:\/\/www.monaco-tribune.com\/it\/listing\/dott-hacene-gaid\/#breadcrumb","itemListElement":[{"@type":"ListItem","position":1,"name":"Accueil","item":"https:\/\/www.monaco-tribune.com\/it\/"},{"@type":"ListItem","position":2,"name":"Dottor Hacène Gaid"}]},{"@type":"WebSite","@id":"https:\/\/www.monaco-tribune.com\/it\/#website","url":"https:\/\/www.monaco-tribune.com\/it\/","name":"Monaco Tribune","description":"Monaco : actualités économiques, politiques, culturelles et sportives de Monaco et de la French Riviera.","publisher":{"@id":"https:\/\/www.monaco-tribune.com\/it\/#organization"},"potentialAction":[{"@type":"SearchAction","target":{"@type":"EntryPoint","urlTemplate":"https:\/\/www.monaco-tribune.com\/it\/?s={search_term_string}"},"query-input":{"@type":"PropertyValueSpecification","valueRequired":true,"valueName":"search_term_string"}}],"inLanguage":"it-IT"},{"@type":"Organization","@id":"https:\/\/www.monaco-tribune.com\/it\/#organization","name":"Monaco Tribune","url":"https:\/\/www.monaco-tribune.com\/it\/","logo":{"@type":"ImageObject","inLanguage":"it-IT","@id":"https:\/\/www.monaco-tribune.com\/it\/#\/schema\/logo\/image\/","url":"https:\/\/www.monaco-tribune.com\/wp-content\/uploads\/2022\/11\/logo-monaco-tribune.png","contentUrl":"https:\/\/www.monaco-tribune.com\/wp-content\/uploads\/2022\/11\/logo-monaco-tribune.png","width":1548,"height":600,"caption":"Monaco Tribune"},"image":{"@id":"https:\/\/www.monaco-tribune.com\/it\/#\/schema\/logo\/image\/"},"sameAs":["https:\/\/www.facebook.com\/MonacoTribune","https:\/\/x.com\/MonacoTribune","https:\/\/www.instagram.com\/monacotribune\/","https:\/\/www.linkedin.com\/company\/monaco-tribune","https:\/\/www.youtube.com\/channel\/UCHle1MnG6hw1y4lWKijVbMA"]}]}</script>
<!-- / Yoast SEO Premium plugin. -->

Dottor Hacène Gaid - Monaco Tribune

Il suo ufficio si trova presso il Centro Privato di Emodialisi di Monaco, vicino al porto di Fontvieille. Il nefrologo è responsabile della diagnosi e del trattamento di tutte le malattie renali (chiamate nefropatie), che colpiscono la filtrazione del sangue, [&hellip;]

Monaco : actualités économiques, politiques, culturelles et sportives de Monaco et de la French Riviera.
