{"id":51076,"date":"2020-11-28T16:45:05","date_gmt":"2020-11-28T15:45:05","guid":{"rendered":"https:\/\/www.monaco-tribune.com\/listing\/lucie-safarova\/"},"modified":"2021-01-28T21:19:40","modified_gmt":"2021-01-28T20:19:40","slug":"lucie-safarova","status":"publish","type":"listing","link":"https:\/\/www.monaco-tribune.com\/it\/listing\/lucie-safarova\/","title":{"rendered":"Lucie \u0160af\u00e1\u0159ov\u00e1"},"content":{"rendered":"\n<p>Lucie \u0160af\u00e1\u0159ov\u00e1, nata il 4 febbraio 1987 a Brno, \u00e8 una tennista ceca, professionista dal 2002 al 2019. Vincitrice di sette tornei di singolare WTA, ottiene la sua migliore prestazione in un Grande Slam quando raggiunge la finale del Roland Garros nel 2015, entrando nel top cinque a settembre di quell&#8217;anno.<\/p>\n\n<p>In doppio, ha vinto 15 titoli in 20 finali, tra cui 5 tornei del Grande Slam: Australian Open nel 2015 e 2017, Roland Garros nel 2015 e 2017 e US Open nel 2016, giocati con l&#8217;americana Bethanie Mattek-Sands. Ha vinto la medaglia di bronzo nel doppio femminile ai Giochi Olimpici del 2016 e nel 2017 ha raggiunto il primo posto al mondo nel doppio. Con la squadra ceca, ha anche vinto 5 titoli di Fed Cup.<\/p>\n","protected":false},"featured_media":46926,"template":"","meta":{"_acf_changed":false},"listing-category":[2183,2185],"class_list":["post-51076","listing","type-listing","status-publish","has-post-thumbnail","hentry","listing-category-personaggi","listing-category-sportivi"],"acf":[],"yoast_head":"<!-- This site is optimized with the Yoast SEO Premium plugin v26.8 (Yoast SEO v27.4) - https:\/\/yoast.com\/product\/yoast-seo-premium-wordpress\/ -->\n<title>Lucie \u0160af\u00e1\u0159ov\u00e1 - Monaco Tribune<\/title>\n<meta name=\"robots\" content=\"index, follow, max-snippet:-1, max-image-preview:large, max-video-preview:-1\" \/>\n<link rel=\"canonical\" href=\"https:\/\/www.monaco-tribune.com\/it\/listing\/lucie-safarova\/\" \/>\n<meta property=\"og:locale\" content=\"it_IT\" \/>\n<meta property=\"og:type\" content=\"article\" \/>\n<meta property=\"og:title\" content=\"Lucie \u0160af\u00e1\u0159ov\u00e1\" \/>\n<meta property=\"og:description\" content=\"Lucie \u0160af\u00e1\u0159ov\u00e1, nata il 4 febbraio 1987 a Brno, \u00e8 una tennista ceca, professionista dal 2002 al 2019. Vincitrice di sette tornei di singolare WTA, ottiene la sua migliore prestazione in un Grande Slam quando raggiunge la finale del Roland [&hellip;]\" \/>\n<meta property=\"og:url\" content=\"https:\/\/www.monaco-tribune.com\/it\/listing\/lucie-safarova\/\" \/>\n<meta property=\"og:site_name\" content=\"Monaco Tribune\" \/>\n<meta property=\"article:publisher\" content=\"https:\/\/www.facebook.com\/MonacoTribune\" \/>\n<meta property=\"article:modified_time\" content=\"2021-01-28T20:19:40+00:00\" \/>\n<meta property=\"og:image\" content=\"https:\/\/www.monaco-tribune.com\/wp-content\/uploads\/2020\/11\/lucie-safarova-min.jpg\" \/>\n\t<meta property=\"og:image:width\" content=\"1200\" \/>\n\t<meta property=\"og:image:height\" content=\"754\" \/>\n\t<meta property=\"og:image:type\" content=\"image\/jpeg\" \/>\n<meta name=\"twitter:card\" content=\"summary_large_image\" \/>\n<meta name=\"twitter:site\" content=\"@MonacoTribune\" \/>\n<script type=\"application\/ld+json\" class=\"yoast-schema-graph\">{\"@context\":\"https:\\\/\\\/schema.org\",\"@graph\":[{\"@type\":\"WebPage\",\"@id\":\"https:\\\/\\\/www.monaco-tribune.com\\\/it\\\/listing\\\/lucie-safarova\\\/\",\"url\":\"https:\\\/\\\/www.monaco-tribune.com\\\/it\\\/listing\\\/lucie-safarova\\\/\",\"name\":\"Lucie \u0160af\u00e1\u0159ov\u00e1 - Monaco Tribune\",\"isPartOf\":{\"@id\":\"https:\\\/\\\/www.monaco-tribune.com\\\/it\\\/#website\"},\"primaryImageOfPage\":{\"@id\":\"https:\\\/\\\/www.monaco-tribune.com\\\/it\\\/listing\\\/lucie-safarova\\\/#primaryimage\"},\"image\":{\"@id\":\"https:\\\/\\\/www.monaco-tribune.com\\\/it\\\/listing\\\/lucie-safarova\\\/#primaryimage\"},\"thumbnailUrl\":\"https:\\\/\\\/www.monaco-tribune.com\\\/wp-content\\\/uploads\\\/2020\\\/11\\\/lucie-safarova-min.jpg\",\"datePublished\":\"2020-11-28T15:45:05+00:00\",\"dateModified\":\"2021-01-28T20:19:40+00:00\",\"breadcrumb\":{\"@id\":\"https:\\\/\\\/www.monaco-tribune.com\\\/it\\\/listing\\\/lucie-safarova\\\/#breadcrumb\"},\"inLanguage\":\"it-IT\",\"potentialAction\":[{\"@type\":\"ReadAction\",\"target\":[\"https:\\\/\\\/www.monaco-tribune.com\\\/it\\\/listing\\\/lucie-safarova\\\/\"]}]},{\"@type\":\"ImageObject\",\"inLanguage\":\"it-IT\",\"@id\":\"https:\\\/\\\/www.monaco-tribune.com\\\/it\\\/listing\\\/lucie-safarova\\\/#primaryimage\",\"url\":\"https:\\\/\\\/www.monaco-tribune.com\\\/wp-content\\\/uploads\\\/2020\\\/11\\\/lucie-safarova-min.jpg\",\"contentUrl\":\"https:\\\/\\\/www.monaco-tribune.com\\\/wp-content\\\/uploads\\\/2020\\\/11\\\/lucie-safarova-min.jpg\",\"width\":1200,\"height\":754,\"caption\":\"Lucie Safarova\"},{\"@type\":\"BreadcrumbList\",\"@id\":\"https:\\\/\\\/www.monaco-tribune.com\\\/it\\\/listing\\\/lucie-safarova\\\/#breadcrumb\",\"itemListElement\":[{\"@type\":\"ListItem\",\"position\":1,\"name\":\"Accueil\",\"item\":\"https:\\\/\\\/www.monaco-tribune.com\\\/it\\\/\"},{\"@type\":\"ListItem\",\"position\":2,\"name\":\"Lucie \u0160af\u00e1\u0159ov\u00e1\"}]},{\"@type\":\"WebSite\",\"@id\":\"https:\\\/\\\/www.monaco-tribune.com\\\/it\\\/#website\",\"url\":\"https:\\\/\\\/www.monaco-tribune.com\\\/it\\\/\",\"name\":\"Monaco Tribune\",\"description\":\"Monaco : actualit\u00e9s \u00e9conomiques, politiques, culturelles et sportives de Monaco et de la French Riviera.\",\"publisher\":{\"@id\":\"https:\\\/\\\/www.monaco-tribune.com\\\/it\\\/#organization\"},\"potentialAction\":[{\"@type\":\"SearchAction\",\"target\":{\"@type\":\"EntryPoint\",\"urlTemplate\":\"https:\\\/\\\/www.monaco-tribune.com\\\/it\\\/?s={search_term_string}\"},\"query-input\":{\"@type\":\"PropertyValueSpecification\",\"valueRequired\":true,\"valueName\":\"search_term_string\"}}],\"inLanguage\":\"it-IT\"},{\"@type\":\"Organization\",\"@id\":\"https:\\\/\\\/www.monaco-tribune.com\\\/it\\\/#organization\",\"name\":\"Monaco Tribune\",\"url\":\"https:\\\/\\\/www.monaco-tribune.com\\\/it\\\/\",\"logo\":{\"@type\":\"ImageObject\",\"inLanguage\":\"it-IT\",\"@id\":\"https:\\\/\\\/www.monaco-tribune.com\\\/it\\\/#\\\/schema\\\/logo\\\/image\\\/\",\"url\":\"https:\\\/\\\/www.monaco-tribune.com\\\/wp-content\\\/uploads\\\/2022\\\/11\\\/logo-monaco-tribune.png\",\"contentUrl\":\"https:\\\/\\\/www.monaco-tribune.com\\\/wp-content\\\/uploads\\\/2022\\\/11\\\/logo-monaco-tribune.png\",\"width\":1548,\"height\":600,\"caption\":\"Monaco Tribune\"},\"image\":{\"@id\":\"https:\\\/\\\/www.monaco-tribune.com\\\/it\\\/#\\\/schema\\\/logo\\\/image\\\/\"},\"sameAs\":[\"https:\\\/\\\/www.facebook.com\\\/MonacoTribune\",\"https:\\\/\\\/x.com\\\/MonacoTribune\",\"https:\\\/\\\/www.instagram.com\\\/monacotribune\\\/\",\"https:\\\/\\\/www.linkedin.com\\\/company\\\/monaco-tribune\",\"https:\\\/\\\/www.youtube.com\\\/channel\\\/UCHle1MnG6hw1y4lWKijVbMA\"]}]}<\/script>\n<!-- \/ Yoast SEO Premium plugin. -->","yoast_head_json":{"title":"Lucie \u0160af\u00e1\u0159ov\u00e1 - Monaco Tribune","robots":{"index":"index","follow":"follow","max-snippet":"max-snippet:-1","max-image-preview":"max-image-preview:large","max-video-preview":"max-video-preview:-1"},"canonical":"https:\/\/www.monaco-tribune.com\/it\/listing\/lucie-safarova\/","og_locale":"it_IT","og_type":"article","og_title":"Lucie \u0160af\u00e1\u0159ov\u00e1","og_description":"Lucie \u0160af\u00e1\u0159ov\u00e1, nata il 4 febbraio 1987 a Brno, \u00e8 una tennista ceca, professionista dal 2002 al 2019. Vincitrice di sette tornei di singolare WTA, ottiene la sua migliore prestazione in un Grande Slam quando raggiunge la finale del Roland [&hellip;]","og_url":"https:\/\/www.monaco-tribune.com\/it\/listing\/lucie-safarova\/","og_site_name":"Monaco Tribune","article_publisher":"https:\/\/www.facebook.com\/MonacoTribune","article_modified_time":"2021-01-28T20:19:40+00:00","og_image":[{"width":1200,"height":754,"url":"https:\/\/www.monaco-tribune.com\/wp-content\/uploads\/2020\/11\/lucie-safarova-min.jpg","type":"image\/jpeg"}],"twitter_card":"summary_large_image","twitter_site":"@MonacoTribune","schema":{"@context":"https:\/\/schema.org","@graph":[{"@type":"WebPage","@id":"https:\/\/www.monaco-tribune.com\/it\/listing\/lucie-safarova\/","url":"https:\/\/www.monaco-tribune.com\/it\/listing\/lucie-safarova\/","name":"Lucie \u0160af\u00e1\u0159ov\u00e1 - Monaco Tribune","isPartOf":{"@id":"https:\/\/www.monaco-tribune.com\/it\/#website"},"primaryImageOfPage":{"@id":"https:\/\/www.monaco-tribune.com\/it\/listing\/lucie-safarova\/#primaryimage"},"image":{"@id":"https:\/\/www.monaco-tribune.com\/it\/listing\/lucie-safarova\/#primaryimage"},"thumbnailUrl":"https:\/\/www.monaco-tribune.com\/wp-content\/uploads\/2020\/11\/lucie-safarova-min.jpg","datePublished":"2020-11-28T15:45:05+00:00","dateModified":"2021-01-28T20:19:40+00:00","breadcrumb":{"@id":"https:\/\/www.monaco-tribune.com\/it\/listing\/lucie-safarova\/#breadcrumb"},"inLanguage":"it-IT","potentialAction":[{"@type":"ReadAction","target":["https:\/\/www.monaco-tribune.com\/it\/listing\/lucie-safarova\/"]}]},{"@type":"ImageObject","inLanguage":"it-IT","@id":"https:\/\/www.monaco-tribune.com\/it\/listing\/lucie-safarova\/#primaryimage","url":"https:\/\/www.monaco-tribune.com\/wp-content\/uploads\/2020\/11\/lucie-safarova-min.jpg","contentUrl":"https:\/\/www.monaco-tribune.com\/wp-content\/uploads\/2020\/11\/lucie-safarova-min.jpg","width":1200,"height":754,"caption":"Lucie Safarova"},{"@type":"BreadcrumbList","@id":"https:\/\/www.monaco-tribune.com\/it\/listing\/lucie-safarova\/#breadcrumb","itemListElement":[{"@type":"ListItem","position":1,"name":"Accueil","item":"https:\/\/www.monaco-tribune.com\/it\/"},{"@type":"ListItem","position":2,"name":"Lucie \u0160af\u00e1\u0159ov\u00e1"}]},{"@type":"WebSite","@id":"https:\/\/www.monaco-tribune.com\/it\/#website","url":"https:\/\/www.monaco-tribune.com\/it\/","name":"Monaco Tribune","description":"Monaco : actualit\u00e9s \u00e9conomiques, politiques, culturelles et sportives de Monaco et de la French Riviera.","publisher":{"@id":"https:\/\/www.monaco-tribune.com\/it\/#organization"},"potentialAction":[{"@type":"SearchAction","target":{"@type":"EntryPoint","urlTemplate":"https:\/\/www.monaco-tribune.com\/it\/?s={search_term_string}"},"query-input":{"@type":"PropertyValueSpecification","valueRequired":true,"valueName":"search_term_string"}}],"inLanguage":"it-IT"},{"@type":"Organization","@id":"https:\/\/www.monaco-tribune.com\/it\/#organization","name":"Monaco Tribune","url":"https:\/\/www.monaco-tribune.com\/it\/","logo":{"@type":"ImageObject","inLanguage":"it-IT","@id":"https:\/\/www.monaco-tribune.com\/it\/#\/schema\/logo\/image\/","url":"https:\/\/www.monaco-tribune.com\/wp-content\/uploads\/2022\/11\/logo-monaco-tribune.png","contentUrl":"https:\/\/www.monaco-tribune.com\/wp-content\/uploads\/2022\/11\/logo-monaco-tribune.png","width":1548,"height":600,"caption":"Monaco Tribune"},"image":{"@id":"https:\/\/www.monaco-tribune.com\/it\/#\/schema\/logo\/image\/"},"sameAs":["https:\/\/www.facebook.com\/MonacoTribune","https:\/\/x.com\/MonacoTribune","https:\/\/www.instagram.com\/monacotribune\/","https:\/\/www.linkedin.com\/company\/monaco-tribune","https:\/\/www.youtube.com\/channel\/UCHle1MnG6hw1y4lWKijVbMA"]}]}},"_links":{"self":[{"href":"https:\/\/www.monaco-tribune.com\/it\/wp-json\/wp\/v2\/listing\/51076","targetHints":{"allow":["GET"]}}],"collection":[{"href":"https:\/\/www.monaco-tribune.com\/it\/wp-json\/wp\/v2\/listing"}],"about":[{"href":"https:\/\/www.monaco-tribune.com\/it\/wp-json\/wp\/v2\/types\/listing"}],"wp:featuredmedia":[{"embeddable":true,"href":"https:\/\/www.monaco-tribune.com\/it\/wp-json\/wp\/v2\/media\/46926"}],"wp:attachment":[{"href":"https:\/\/www.monaco-tribune.com\/it\/wp-json\/wp\/v2\/media?parent=51076"}],"wp:term":[{"taxonomy":"listing-category","embeddable":true,"href":"https:\/\/www.monaco-tribune.com\/it\/wp-json\/wp\/v2\/listing-category?post=51076"}],"curies":[{"name":"wp","href":"https:\/\/api.w.org\/{rel}","templated":true}]}}

Lucie Šafářová

<p>Lucie Šafářová, nata il 4 febbraio 1987 a Brno, è una tennista ceca, professionista dal 2002 al 2019. Vincitrice di sette tornei di singolare WTA, ottiene la sua migliore prestazione in un Grande Slam quando raggiunge la finale del Roland Garros nel 2015, entrando nel top cinque a settembre di quell&#8217;anno.</p>

<p>In doppio, ha vinto 15 titoli in 20 finali, tra cui 5 tornei del Grande Slam: Australian Open nel 2015 e 2017, Roland Garros nel 2015 e 2017 e US Open nel 2016, giocati con l&#8217;americana Bethanie Mattek-Sands. Ha vinto la medaglia di bronzo nel doppio femminile ai Giochi Olimpici del 2016 e nel 2017 ha raggiunto il primo posto al mondo nel doppio. Con la squadra ceca, ha anche vinto 5 titoli di Fed Cup.</p>

<!-- This site is optimized with the Yoast SEO Premium plugin v26.8 (Yoast SEO v27.4) - https://yoast.com/product/yoast-seo-premium-wordpress/ -->
<title>Lucie Šafářová - Monaco Tribune</title>
<meta name="robots" content="index, follow, max-snippet:-1, max-image-preview:large, max-video-preview:-1" />
<link rel="canonical" href="https://www.monaco-tribune.com/it/listing/lucie-safarova/" />
<meta property="og:locale" content="it_IT" />
<meta property="og:type" content="article" />
<meta property="og:title" content="Lucie Šafářová" />
<meta property="og:description" content="Lucie Šafářová, nata il 4 febbraio 1987 a Brno, è una tennista ceca, professionista dal 2002 al 2019. Vincitrice di sette tornei di singolare WTA, ottiene la sua migliore prestazione in un Grande Slam quando raggiunge la finale del Roland [&hellip;]" />
<meta property="og:url" content="https://www.monaco-tribune.com/it/listing/lucie-safarova/" />
<meta property="og:site_name" content="Monaco Tribune" />
<meta property="article:publisher" content="https://www.facebook.com/MonacoTribune" />
<meta property="article:modified_time" content="2021-01-28T20:19:40+00:00" />
<meta property="og:image" content="https://www.monaco-tribune.com/wp-content/uploads/2020/11/lucie-safarova-min.jpg" />
	<meta property="og:image:width" content="1200" />
	<meta property="og:image:height" content="754" />
	<meta property="og:image:type" content="image/jpeg" />
<meta name="twitter:card" content="summary_large_image" />
<meta name="twitter:site" content="@MonacoTribune" />
<script type="application/ld+json" class="yoast-schema-graph">{"@context":"https:\/\/schema.org","@graph":[{"@type":"WebPage","@id":"https:\/\/www.monaco-tribune.com\/it\/listing\/lucie-safarova\/","url":"https:\/\/www.monaco-tribune.com\/it\/listing\/lucie-safarova\/","name":"Lucie Šafářová - Monaco Tribune","isPartOf":{"@id":"https:\/\/www.monaco-tribune.com\/it\/#website"},"primaryImageOfPage":{"@id":"https:\/\/www.monaco-tribune.com\/it\/listing\/lucie-safarova\/#primaryimage"},"image":{"@id":"https:\/\/www.monaco-tribune.com\/it\/listing\/lucie-safarova\/#primaryimage"},"thumbnailUrl":"https:\/\/www.monaco-tribune.com\/wp-content\/uploads\/2020\/11\/lucie-safarova-min.jpg","datePublished":"2020-11-28T15:45:05+00:00","dateModified":"2021-01-28T20:19:40+00:00","breadcrumb":{"@id":"https:\/\/www.monaco-tribune.com\/it\/listing\/lucie-safarova\/#breadcrumb"},"inLanguage":"it-IT","potentialAction":[{"@type":"ReadAction","target":["https:\/\/www.monaco-tribune.com\/it\/listing\/lucie-safarova\/"]}]},{"@type":"ImageObject","inLanguage":"it-IT","@id":"https:\/\/www.monaco-tribune.com\/it\/listing\/lucie-safarova\/#primaryimage","url":"https:\/\/www.monaco-tribune.com\/wp-content\/uploads\/2020\/11\/lucie-safarova-min.jpg","contentUrl":"https:\/\/www.monaco-tribune.com\/wp-content\/uploads\/2020\/11\/lucie-safarova-min.jpg","width":1200,"height":754,"caption":"Lucie Safarova"},{"@type":"BreadcrumbList","@id":"https:\/\/www.monaco-tribune.com\/it\/listing\/lucie-safarova\/#breadcrumb","itemListElement":[{"@type":"ListItem","position":1,"name":"Accueil","item":"https:\/\/www.monaco-tribune.com\/it\/"},{"@type":"ListItem","position":2,"name":"Lucie Šafářová"}]},{"@type":"WebSite","@id":"https:\/\/www.monaco-tribune.com\/it\/#website","url":"https:\/\/www.monaco-tribune.com\/it\/","name":"Monaco Tribune","description":"Monaco : actualités économiques, politiques, culturelles et sportives de Monaco et de la French Riviera.","publisher":{"@id":"https:\/\/www.monaco-tribune.com\/it\/#organization"},"potentialAction":[{"@type":"SearchAction","target":{"@type":"EntryPoint","urlTemplate":"https:\/\/www.monaco-tribune.com\/it\/?s={search_term_string}"},"query-input":{"@type":"PropertyValueSpecification","valueRequired":true,"valueName":"search_term_string"}}],"inLanguage":"it-IT"},{"@type":"Organization","@id":"https:\/\/www.monaco-tribune.com\/it\/#organization","name":"Monaco Tribune","url":"https:\/\/www.monaco-tribune.com\/it\/","logo":{"@type":"ImageObject","inLanguage":"it-IT","@id":"https:\/\/www.monaco-tribune.com\/it\/#\/schema\/logo\/image\/","url":"https:\/\/www.monaco-tribune.com\/wp-content\/uploads\/2022\/11\/logo-monaco-tribune.png","contentUrl":"https:\/\/www.monaco-tribune.com\/wp-content\/uploads\/2022\/11\/logo-monaco-tribune.png","width":1548,"height":600,"caption":"Monaco Tribune"},"image":{"@id":"https:\/\/www.monaco-tribune.com\/it\/#\/schema\/logo\/image\/"},"sameAs":["https:\/\/www.facebook.com\/MonacoTribune","https:\/\/x.com\/MonacoTribune","https:\/\/www.instagram.com\/monacotribune\/","https:\/\/www.linkedin.com\/company\/monaco-tribune","https:\/\/www.youtube.com\/channel\/UCHle1MnG6hw1y4lWKijVbMA"]}]}</script>
<!-- / Yoast SEO Premium plugin. -->

Lucie Šafářová - Monaco Tribune

Lucie Šafářová, nata il 4 febbraio 1987 a Brno, è una tennista ceca, professionista dal 2002 al 2019. Vincitrice di sette tornei di singolare WTA, ottiene la sua migliore prestazione in un Grande Slam quando raggiunge la finale del Roland [&hellip;]

Monaco : actualités économiques, politiques, culturelles et sportives de Monaco et de la French Riviera.
