{"id":51161,"date":"2020-11-28T17:59:19","date_gmt":"2020-11-28T16:59:19","guid":{"rendered":"https:\/\/www.monaco-tribune.com\/listing\/bono\/"},"modified":"2021-01-28T22:17:13","modified_gmt":"2021-01-28T21:17:13","slug":"bono","status":"publish","type":"listing","link":"https:\/\/www.monaco-tribune.com\/it\/listing\/bono\/","title":{"rendered":"Bono"},"content":{"rendered":"\n<p>Bono \u00e8 il cantante del gruppo rock irlandese U2. Il gruppo si \u00e8 formato nel 1976 ed \u00e8 ancora attivo oggi. U2 ha alle spalle 14 album e 17 tour mondiali. Solista del gruppo, \u00e8 l&#8217;autore della maggior parte delle canzoni incise da U2. Grazie alla sua tecnica vocale particolare, pu\u00f2 cantare note abbastanza alte. <\/p>\n\n<p>La sua voce \u00e8 stata chiamata la voce pi\u00f9 sexy del mondo del rock. <\/p>\n\n<blockquote class=\"wp-block-quote is-layout-flow wp-block-quote-is-layout-flow\"><p>Essere uno, essere uniti \u00e8 una grande cosa. Ma rispettare il diritto di essere diversi \u00e8 forse ancora pi\u00f9 grande&#8230;<\/p><\/blockquote>\n\n<p>Bono &#8211; nato Paul Hewson \u00e8 stato inserito nella Rock and Roll Hall of Fame nel 2002 insieme alla band. Nato nel 1960, perde sua madre quando ha 14 anni. Nello stesso periodo muore anche suo padre. Bono \u00e8 un adolescente curioso, che eccelle in alcuni campi come la storia, la pittura o gli scacchi. La sua passione per il teatro lo porta pi\u00f9 volte sul palco. <\/p>\n\n<p>Iniziata a cantare negli anni &#8217;70 con un gruppo di amici nella zona di Glasnevin North, a Dublino. <\/p>\n\n<blockquote class=\"wp-block-quote is-layout-flow wp-block-quote-is-layout-flow\"><p>Sognate il tipo di mondo in cui volete vivere. Sogno ad alta voce<\/p><\/blockquote>\n\n<p>Ha collaborato durante la sua carriera con una serie di artisti famosi, tra cui Bob Dylan, Ray Charles, Rihanna e Zucchero. L&#8217;artista fa molta beneficenza ed \u00e8 considerato uno dei pi\u00f9 noti artisti filantropici al mondo. I suoi brani hanno anche uno scopo politico. La famosa canzone Sunday Bloody Sunday, per esempio, denuncia le violenze politiche in Irlanda. <\/p>\n\n<div class=\"wp-block-image\"><figure class=\"aligncenter size-large\"><img loading=\"lazy\" decoding=\"async\" width=\"1024\" height=\"573\" src=\"https:\/\/www.monaco-tribune.com\/wp-content\/uploads\/2020\/12\/maison-de-bono-eze-1024x573.jpg\" alt=\"\" class=\"wp-image-58487\" srcset=\"https:\/\/www.monaco-tribune.com\/wp-content\/uploads\/2020\/12\/maison-de-bono-eze-1024x573.jpg 1024w, https:\/\/www.monaco-tribune.com\/wp-content\/uploads\/2020\/12\/maison-de-bono-eze-536x300.jpg 536w, https:\/\/www.monaco-tribune.com\/wp-content\/uploads\/2020\/12\/maison-de-bono-eze-268x150.jpg 268w, https:\/\/www.monaco-tribune.com\/wp-content\/uploads\/2020\/12\/maison-de-bono-eze-768x430.jpg 768w, https:\/\/www.monaco-tribune.com\/wp-content\/uploads\/2020\/12\/maison-de-bono-eze-175x98.jpg 175w, https:\/\/www.monaco-tribune.com\/wp-content\/uploads\/2020\/12\/maison-de-bono-eze.jpg 1200w\" sizes=\"auto, (max-width: 1024px) 100vw, 1024px\" \/><\/figure><\/div>\n\n<p>Dal 1999 \u00e8 impegnato in una campagna per cancellare il debito dei paesi del terzo mondo. Ha anche creato l&#8217;organizzazione DATA, che fornisce informazioni sui debiti dei paesi africani, sull&#8217;epidemia di AIDS e sul commercio sleale. <\/p>\n\n<p>Bono \u00e8 stato ricevuto in Vaticano dai Papi Giovanni Paolo II e Benedetto XVI che hanno sostenuto le sue numerose azioni umanitarie. <\/p>\n","protected":false},"featured_media":47399,"template":"","meta":{"_acf_changed":false},"listing-category":[2183,2186],"class_list":["post-51161","listing","type-listing","status-publish","has-post-thumbnail","hentry","listing-category-personaggi","listing-category-personaggi-culturali"],"acf":[],"yoast_head":"<!-- This site is optimized with the Yoast SEO Premium plugin v26.8 (Yoast SEO v27.4) - https:\/\/yoast.com\/product\/yoast-seo-premium-wordpress\/ -->\n<title>Bono - Monaco Tribune<\/title>\n<meta name=\"robots\" content=\"index, follow, max-snippet:-1, max-image-preview:large, max-video-preview:-1\" \/>\n<link rel=\"canonical\" href=\"https:\/\/www.monaco-tribune.com\/it\/listing\/bono\/\" \/>\n<meta property=\"og:locale\" content=\"it_IT\" \/>\n<meta property=\"og:type\" content=\"article\" \/>\n<meta property=\"og:title\" content=\"Bono\" \/>\n<meta property=\"og:description\" content=\"Bono \u00e8 il cantante del gruppo rock irlandese U2. Il gruppo si \u00e8 formato nel 1976 ed \u00e8 ancora attivo oggi. U2 ha alle spalle 14 album e 17 tour mondiali. Solista del gruppo, \u00e8 l&#8217;autore della maggior parte delle [&hellip;]\" \/>\n<meta property=\"og:url\" content=\"https:\/\/www.monaco-tribune.com\/it\/listing\/bono\/\" \/>\n<meta property=\"og:site_name\" content=\"Monaco Tribune\" \/>\n<meta property=\"article:publisher\" content=\"https:\/\/www.facebook.com\/MonacoTribune\" \/>\n<meta property=\"article:modified_time\" content=\"2021-01-28T21:17:13+00:00\" \/>\n<meta property=\"og:image\" content=\"https:\/\/www.monaco-tribune.com\/wp-content\/uploads\/2020\/11\/bono-min.jpg\" \/>\n\t<meta property=\"og:image:width\" content=\"1200\" \/>\n\t<meta property=\"og:image:height\" content=\"900\" \/>\n\t<meta property=\"og:image:type\" content=\"image\/jpeg\" \/>\n<meta name=\"twitter:card\" content=\"summary_large_image\" \/>\n<meta name=\"twitter:site\" content=\"@MonacoTribune\" \/>\n<script type=\"application\/ld+json\" class=\"yoast-schema-graph\">{\"@context\":\"https:\\\/\\\/schema.org\",\"@graph\":[{\"@type\":\"WebPage\",\"@id\":\"https:\\\/\\\/www.monaco-tribune.com\\\/it\\\/listing\\\/bono\\\/\",\"url\":\"https:\\\/\\\/www.monaco-tribune.com\\\/it\\\/listing\\\/bono\\\/\",\"name\":\"Bono - Monaco Tribune\",\"isPartOf\":{\"@id\":\"https:\\\/\\\/www.monaco-tribune.com\\\/it\\\/#website\"},\"primaryImageOfPage\":{\"@id\":\"https:\\\/\\\/www.monaco-tribune.com\\\/it\\\/listing\\\/bono\\\/#primaryimage\"},\"image\":{\"@id\":\"https:\\\/\\\/www.monaco-tribune.com\\\/it\\\/listing\\\/bono\\\/#primaryimage\"},\"thumbnailUrl\":\"https:\\\/\\\/www.monaco-tribune.com\\\/wp-content\\\/uploads\\\/2020\\\/11\\\/bono-min.jpg\",\"datePublished\":\"2020-11-28T16:59:19+00:00\",\"dateModified\":\"2021-01-28T21:17:13+00:00\",\"breadcrumb\":{\"@id\":\"https:\\\/\\\/www.monaco-tribune.com\\\/it\\\/listing\\\/bono\\\/#breadcrumb\"},\"inLanguage\":\"it-IT\",\"potentialAction\":[{\"@type\":\"ReadAction\",\"target\":[\"https:\\\/\\\/www.monaco-tribune.com\\\/it\\\/listing\\\/bono\\\/\"]}]},{\"@type\":\"ImageObject\",\"inLanguage\":\"it-IT\",\"@id\":\"https:\\\/\\\/www.monaco-tribune.com\\\/it\\\/listing\\\/bono\\\/#primaryimage\",\"url\":\"https:\\\/\\\/www.monaco-tribune.com\\\/wp-content\\\/uploads\\\/2020\\\/11\\\/bono-min.jpg\",\"contentUrl\":\"https:\\\/\\\/www.monaco-tribune.com\\\/wp-content\\\/uploads\\\/2020\\\/11\\\/bono-min.jpg\",\"width\":1200,\"height\":900,\"caption\":\"Bono\"},{\"@type\":\"BreadcrumbList\",\"@id\":\"https:\\\/\\\/www.monaco-tribune.com\\\/it\\\/listing\\\/bono\\\/#breadcrumb\",\"itemListElement\":[{\"@type\":\"ListItem\",\"position\":1,\"name\":\"Accueil\",\"item\":\"https:\\\/\\\/www.monaco-tribune.com\\\/it\\\/\"},{\"@type\":\"ListItem\",\"position\":2,\"name\":\"Bono\"}]},{\"@type\":\"WebSite\",\"@id\":\"https:\\\/\\\/www.monaco-tribune.com\\\/it\\\/#website\",\"url\":\"https:\\\/\\\/www.monaco-tribune.com\\\/it\\\/\",\"name\":\"Monaco Tribune\",\"description\":\"Monaco : actualit\u00e9s \u00e9conomiques, politiques, culturelles et sportives de Monaco et de la French Riviera.\",\"publisher\":{\"@id\":\"https:\\\/\\\/www.monaco-tribune.com\\\/it\\\/#organization\"},\"potentialAction\":[{\"@type\":\"SearchAction\",\"target\":{\"@type\":\"EntryPoint\",\"urlTemplate\":\"https:\\\/\\\/www.monaco-tribune.com\\\/it\\\/?s={search_term_string}\"},\"query-input\":{\"@type\":\"PropertyValueSpecification\",\"valueRequired\":true,\"valueName\":\"search_term_string\"}}],\"inLanguage\":\"it-IT\"},{\"@type\":\"Organization\",\"@id\":\"https:\\\/\\\/www.monaco-tribune.com\\\/it\\\/#organization\",\"name\":\"Monaco Tribune\",\"url\":\"https:\\\/\\\/www.monaco-tribune.com\\\/it\\\/\",\"logo\":{\"@type\":\"ImageObject\",\"inLanguage\":\"it-IT\",\"@id\":\"https:\\\/\\\/www.monaco-tribune.com\\\/it\\\/#\\\/schema\\\/logo\\\/image\\\/\",\"url\":\"https:\\\/\\\/www.monaco-tribune.com\\\/wp-content\\\/uploads\\\/2022\\\/11\\\/logo-monaco-tribune.png\",\"contentUrl\":\"https:\\\/\\\/www.monaco-tribune.com\\\/wp-content\\\/uploads\\\/2022\\\/11\\\/logo-monaco-tribune.png\",\"width\":1548,\"height\":600,\"caption\":\"Monaco Tribune\"},\"image\":{\"@id\":\"https:\\\/\\\/www.monaco-tribune.com\\\/it\\\/#\\\/schema\\\/logo\\\/image\\\/\"},\"sameAs\":[\"https:\\\/\\\/www.facebook.com\\\/MonacoTribune\",\"https:\\\/\\\/x.com\\\/MonacoTribune\",\"https:\\\/\\\/www.instagram.com\\\/monacotribune\\\/\",\"https:\\\/\\\/www.linkedin.com\\\/company\\\/monaco-tribune\",\"https:\\\/\\\/www.youtube.com\\\/channel\\\/UCHle1MnG6hw1y4lWKijVbMA\"]}]}<\/script>\n<!-- \/ Yoast SEO Premium plugin. -->","yoast_head_json":{"title":"Bono - Monaco Tribune","robots":{"index":"index","follow":"follow","max-snippet":"max-snippet:-1","max-image-preview":"max-image-preview:large","max-video-preview":"max-video-preview:-1"},"canonical":"https:\/\/www.monaco-tribune.com\/it\/listing\/bono\/","og_locale":"it_IT","og_type":"article","og_title":"Bono","og_description":"Bono \u00e8 il cantante del gruppo rock irlandese U2. Il gruppo si \u00e8 formato nel 1976 ed \u00e8 ancora attivo oggi. U2 ha alle spalle 14 album e 17 tour mondiali. Solista del gruppo, \u00e8 l&#8217;autore della maggior parte delle [&hellip;]","og_url":"https:\/\/www.monaco-tribune.com\/it\/listing\/bono\/","og_site_name":"Monaco Tribune","article_publisher":"https:\/\/www.facebook.com\/MonacoTribune","article_modified_time":"2021-01-28T21:17:13+00:00","og_image":[{"width":1200,"height":900,"url":"https:\/\/www.monaco-tribune.com\/wp-content\/uploads\/2020\/11\/bono-min.jpg","type":"image\/jpeg"}],"twitter_card":"summary_large_image","twitter_site":"@MonacoTribune","schema":{"@context":"https:\/\/schema.org","@graph":[{"@type":"WebPage","@id":"https:\/\/www.monaco-tribune.com\/it\/listing\/bono\/","url":"https:\/\/www.monaco-tribune.com\/it\/listing\/bono\/","name":"Bono - Monaco Tribune","isPartOf":{"@id":"https:\/\/www.monaco-tribune.com\/it\/#website"},"primaryImageOfPage":{"@id":"https:\/\/www.monaco-tribune.com\/it\/listing\/bono\/#primaryimage"},"image":{"@id":"https:\/\/www.monaco-tribune.com\/it\/listing\/bono\/#primaryimage"},"thumbnailUrl":"https:\/\/www.monaco-tribune.com\/wp-content\/uploads\/2020\/11\/bono-min.jpg","datePublished":"2020-11-28T16:59:19+00:00","dateModified":"2021-01-28T21:17:13+00:00","breadcrumb":{"@id":"https:\/\/www.monaco-tribune.com\/it\/listing\/bono\/#breadcrumb"},"inLanguage":"it-IT","potentialAction":[{"@type":"ReadAction","target":["https:\/\/www.monaco-tribune.com\/it\/listing\/bono\/"]}]},{"@type":"ImageObject","inLanguage":"it-IT","@id":"https:\/\/www.monaco-tribune.com\/it\/listing\/bono\/#primaryimage","url":"https:\/\/www.monaco-tribune.com\/wp-content\/uploads\/2020\/11\/bono-min.jpg","contentUrl":"https:\/\/www.monaco-tribune.com\/wp-content\/uploads\/2020\/11\/bono-min.jpg","width":1200,"height":900,"caption":"Bono"},{"@type":"BreadcrumbList","@id":"https:\/\/www.monaco-tribune.com\/it\/listing\/bono\/#breadcrumb","itemListElement":[{"@type":"ListItem","position":1,"name":"Accueil","item":"https:\/\/www.monaco-tribune.com\/it\/"},{"@type":"ListItem","position":2,"name":"Bono"}]},{"@type":"WebSite","@id":"https:\/\/www.monaco-tribune.com\/it\/#website","url":"https:\/\/www.monaco-tribune.com\/it\/","name":"Monaco Tribune","description":"Monaco : actualit\u00e9s \u00e9conomiques, politiques, culturelles et sportives de Monaco et de la French Riviera.","publisher":{"@id":"https:\/\/www.monaco-tribune.com\/it\/#organization"},"potentialAction":[{"@type":"SearchAction","target":{"@type":"EntryPoint","urlTemplate":"https:\/\/www.monaco-tribune.com\/it\/?s={search_term_string}"},"query-input":{"@type":"PropertyValueSpecification","valueRequired":true,"valueName":"search_term_string"}}],"inLanguage":"it-IT"},{"@type":"Organization","@id":"https:\/\/www.monaco-tribune.com\/it\/#organization","name":"Monaco Tribune","url":"https:\/\/www.monaco-tribune.com\/it\/","logo":{"@type":"ImageObject","inLanguage":"it-IT","@id":"https:\/\/www.monaco-tribune.com\/it\/#\/schema\/logo\/image\/","url":"https:\/\/www.monaco-tribune.com\/wp-content\/uploads\/2022\/11\/logo-monaco-tribune.png","contentUrl":"https:\/\/www.monaco-tribune.com\/wp-content\/uploads\/2022\/11\/logo-monaco-tribune.png","width":1548,"height":600,"caption":"Monaco Tribune"},"image":{"@id":"https:\/\/www.monaco-tribune.com\/it\/#\/schema\/logo\/image\/"},"sameAs":["https:\/\/www.facebook.com\/MonacoTribune","https:\/\/x.com\/MonacoTribune","https:\/\/www.instagram.com\/monacotribune\/","https:\/\/www.linkedin.com\/company\/monaco-tribune","https:\/\/www.youtube.com\/channel\/UCHle1MnG6hw1y4lWKijVbMA"]}]}},"_links":{"self":[{"href":"https:\/\/www.monaco-tribune.com\/it\/wp-json\/wp\/v2\/listing\/51161","targetHints":{"allow":["GET"]}}],"collection":[{"href":"https:\/\/www.monaco-tribune.com\/it\/wp-json\/wp\/v2\/listing"}],"about":[{"href":"https:\/\/www.monaco-tribune.com\/it\/wp-json\/wp\/v2\/types\/listing"}],"wp:featuredmedia":[{"embeddable":true,"href":"https:\/\/www.monaco-tribune.com\/it\/wp-json\/wp\/v2\/media\/47399"}],"wp:attachment":[{"href":"https:\/\/www.monaco-tribune.com\/it\/wp-json\/wp\/v2\/media?parent=51161"}],"wp:term":[{"taxonomy":"listing-category","embeddable":true,"href":"https:\/\/www.monaco-tribune.com\/it\/wp-json\/wp\/v2\/listing-category?post=51161"}],"curies":[{"name":"wp","href":"https:\/\/api.w.org\/{rel}","templated":true}]}}

<p>Bono è il cantante del gruppo rock irlandese U2. Il gruppo si è formato nel 1976 ed è ancora attivo oggi. U2 ha alle spalle 14 album e 17 tour mondiali. Solista del gruppo, è l&#8217;autore della maggior parte delle canzoni incise da U2. Grazie alla sua tecnica vocale particolare, può cantare note abbastanza alte. </p>

<p>La sua voce è stata chiamata la voce più sexy del mondo del rock. </p>

<blockquote class="wp-block-quote is-layout-flow wp-block-quote-is-layout-flow"><p>Essere uno, essere uniti è una grande cosa. Ma rispettare il diritto di essere diversi è forse ancora più grande&#8230;</p></blockquote>

<p>Bono &#8211; nato Paul Hewson è stato inserito nella Rock and Roll Hall of Fame nel 2002 insieme alla band. Nato nel 1960, perde sua madre quando ha 14 anni. Nello stesso periodo muore anche suo padre. Bono è un adolescente curioso, che eccelle in alcuni campi come la storia, la pittura o gli scacchi. La sua passione per il teatro lo porta più volte sul palco. </p>

<p>Iniziata a cantare negli anni &#8217;70 con un gruppo di amici nella zona di Glasnevin North, a Dublino. </p>

<blockquote class="wp-block-quote is-layout-flow wp-block-quote-is-layout-flow"><p>Sognate il tipo di mondo in cui volete vivere. Sogno ad alta voce</p></blockquote>

<p>Ha collaborato durante la sua carriera con una serie di artisti famosi, tra cui Bob Dylan, Ray Charles, Rihanna e Zucchero. L&#8217;artista fa molta beneficenza ed è considerato uno dei più noti artisti filantropici al mondo. I suoi brani hanno anche uno scopo politico. La famosa canzone Sunday Bloody Sunday, per esempio, denuncia le violenze politiche in Irlanda. </p>

<div class="wp-block-image"><figure class="aligncenter size-large"><img loading="lazy" decoding="async" width="1024" height="573" src="https://www.monaco-tribune.com/wp-content/uploads/2020/12/maison-de-bono-eze-1024x573.jpg" alt="" class="wp-image-58487" srcset="https://www.monaco-tribune.com/wp-content/uploads/2020/12/maison-de-bono-eze-1024x573.jpg 1024w, https://www.monaco-tribune.com/wp-content/uploads/2020/12/maison-de-bono-eze-536x300.jpg 536w, https://www.monaco-tribune.com/wp-content/uploads/2020/12/maison-de-bono-eze-268x150.jpg 268w, https://www.monaco-tribune.com/wp-content/uploads/2020/12/maison-de-bono-eze-768x430.jpg 768w, https://www.monaco-tribune.com/wp-content/uploads/2020/12/maison-de-bono-eze-175x98.jpg 175w, https://www.monaco-tribune.com/wp-content/uploads/2020/12/maison-de-bono-eze.jpg 1200w" sizes="auto, (max-width: 1024px) 100vw, 1024px" /></figure></div>

<p>Dal 1999 è impegnato in una campagna per cancellare il debito dei paesi del terzo mondo. Ha anche creato l&#8217;organizzazione DATA, che fornisce informazioni sui debiti dei paesi africani, sull&#8217;epidemia di AIDS e sul commercio sleale. </p>

<p>Bono è stato ricevuto in Vaticano dai Papi Giovanni Paolo II e Benedetto XVI che hanno sostenuto le sue numerose azioni umanitarie. </p>

<!-- This site is optimized with the Yoast SEO Premium plugin v26.8 (Yoast SEO v27.4) - https://yoast.com/product/yoast-seo-premium-wordpress/ -->
<title>Bono - Monaco Tribune</title>
<meta name="robots" content="index, follow, max-snippet:-1, max-image-preview:large, max-video-preview:-1" />
<link rel="canonical" href="https://www.monaco-tribune.com/it/listing/bono/" />
<meta property="og:locale" content="it_IT" />
<meta property="og:type" content="article" />
<meta property="og:title" content="Bono" />
<meta property="og:description" content="Bono è il cantante del gruppo rock irlandese U2. Il gruppo si è formato nel 1976 ed è ancora attivo oggi. U2 ha alle spalle 14 album e 17 tour mondiali. Solista del gruppo, è l&#8217;autore della maggior parte delle [&hellip;]" />
<meta property="og:url" content="https://www.monaco-tribune.com/it/listing/bono/" />
<meta property="og:site_name" content="Monaco Tribune" />
<meta property="article:publisher" content="https://www.facebook.com/MonacoTribune" />
<meta property="article:modified_time" content="2021-01-28T21:17:13+00:00" />
<meta property="og:image" content="https://www.monaco-tribune.com/wp-content/uploads/2020/11/bono-min.jpg" />
	<meta property="og:image:width" content="1200" />
	<meta property="og:image:height" content="900" />
	<meta property="og:image:type" content="image/jpeg" />
<meta name="twitter:card" content="summary_large_image" />
<meta name="twitter:site" content="@MonacoTribune" />
<script type="application/ld+json" class="yoast-schema-graph">{"@context":"https:\/\/schema.org","@graph":[{"@type":"WebPage","@id":"https:\/\/www.monaco-tribune.com\/it\/listing\/bono\/","url":"https:\/\/www.monaco-tribune.com\/it\/listing\/bono\/","name":"Bono - Monaco Tribune","isPartOf":{"@id":"https:\/\/www.monaco-tribune.com\/it\/#website"},"primaryImageOfPage":{"@id":"https:\/\/www.monaco-tribune.com\/it\/listing\/bono\/#primaryimage"},"image":{"@id":"https:\/\/www.monaco-tribune.com\/it\/listing\/bono\/#primaryimage"},"thumbnailUrl":"https:\/\/www.monaco-tribune.com\/wp-content\/uploads\/2020\/11\/bono-min.jpg","datePublished":"2020-11-28T16:59:19+00:00","dateModified":"2021-01-28T21:17:13+00:00","breadcrumb":{"@id":"https:\/\/www.monaco-tribune.com\/it\/listing\/bono\/#breadcrumb"},"inLanguage":"it-IT","potentialAction":[{"@type":"ReadAction","target":["https:\/\/www.monaco-tribune.com\/it\/listing\/bono\/"]}]},{"@type":"ImageObject","inLanguage":"it-IT","@id":"https:\/\/www.monaco-tribune.com\/it\/listing\/bono\/#primaryimage","url":"https:\/\/www.monaco-tribune.com\/wp-content\/uploads\/2020\/11\/bono-min.jpg","contentUrl":"https:\/\/www.monaco-tribune.com\/wp-content\/uploads\/2020\/11\/bono-min.jpg","width":1200,"height":900,"caption":"Bono"},{"@type":"BreadcrumbList","@id":"https:\/\/www.monaco-tribune.com\/it\/listing\/bono\/#breadcrumb","itemListElement":[{"@type":"ListItem","position":1,"name":"Accueil","item":"https:\/\/www.monaco-tribune.com\/it\/"},{"@type":"ListItem","position":2,"name":"Bono"}]},{"@type":"WebSite","@id":"https:\/\/www.monaco-tribune.com\/it\/#website","url":"https:\/\/www.monaco-tribune.com\/it\/","name":"Monaco Tribune","description":"Monaco : actualités économiques, politiques, culturelles et sportives de Monaco et de la French Riviera.","publisher":{"@id":"https:\/\/www.monaco-tribune.com\/it\/#organization"},"potentialAction":[{"@type":"SearchAction","target":{"@type":"EntryPoint","urlTemplate":"https:\/\/www.monaco-tribune.com\/it\/?s={search_term_string}"},"query-input":{"@type":"PropertyValueSpecification","valueRequired":true,"valueName":"search_term_string"}}],"inLanguage":"it-IT"},{"@type":"Organization","@id":"https:\/\/www.monaco-tribune.com\/it\/#organization","name":"Monaco Tribune","url":"https:\/\/www.monaco-tribune.com\/it\/","logo":{"@type":"ImageObject","inLanguage":"it-IT","@id":"https:\/\/www.monaco-tribune.com\/it\/#\/schema\/logo\/image\/","url":"https:\/\/www.monaco-tribune.com\/wp-content\/uploads\/2022\/11\/logo-monaco-tribune.png","contentUrl":"https:\/\/www.monaco-tribune.com\/wp-content\/uploads\/2022\/11\/logo-monaco-tribune.png","width":1548,"height":600,"caption":"Monaco Tribune"},"image":{"@id":"https:\/\/www.monaco-tribune.com\/it\/#\/schema\/logo\/image\/"},"sameAs":["https:\/\/www.facebook.com\/MonacoTribune","https:\/\/x.com\/MonacoTribune","https:\/\/www.instagram.com\/monacotribune\/","https:\/\/www.linkedin.com\/company\/monaco-tribune","https:\/\/www.youtube.com\/channel\/UCHle1MnG6hw1y4lWKijVbMA"]}]}</script>
<!-- / Yoast SEO Premium plugin. -->

Bono è il cantante del gruppo rock irlandese U2. Il gruppo si è formato nel 1976 ed è ancora attivo oggi. U2 ha alle spalle 14 album e 17 tour mondiali. Solista del gruppo, è l&#8217;autore della maggior parte delle [&hellip;]

Monaco : actualités économiques, politiques, culturelles et sportives de Monaco et de la French Riviera.
