{"id":51175,"date":"2020-11-28T18:25:52","date_gmt":"2020-11-28T17:25:52","guid":{"rendered":"https:\/\/www.monaco-tribune.com\/listing\/claudio-marzocco\/"},"modified":"2021-01-28T14:21:44","modified_gmt":"2021-01-28T13:21:44","slug":"claudio-marzocco","status":"publish","type":"listing","link":"https:\/\/www.monaco-tribune.com\/it\/listing\/claudio-marzocco\/","title":{"rendered":"Claudio Marzocco"},"content":{"rendered":"\n<p>Claudio Marzocco \u00e8 un ingegnere e uomo d&#8217;affari italiano. \u00c8 l&#8217;amministratore delegato del Gruppo Marzocco, uno dei principali sviluppatori immobiliari di Monaco. La sua azienda \u00e8 riconosciuta per la costruzione e la ristrutturazione di immobili di alta qualit\u00e0. Ha diretto la costruzione della Torre Odeon, uno dei pi\u00f9 grandi progetti architettonici a Monaco degli ultimi anni. Infatti, con un&#8217;altezza di 170 metri e 49 piani, Odeon \u00e8 la torre pi\u00f9 alta del principato. Il gruppo si sta espandendo anche in Francia e in Italia, patria del CEO. Il suo nuovo progetto Testimonio 2, che si estende da Boulevard d&#8217;Italie a Avenue Princesse Grace, dovrebbe essere completato nel 2022. <\/p>\n\n<p>Il gruppo Marzocco \u00e8 stato fondato da suo padre, Domenico Marzocco, negli anni \u201860 ed \u00e8 specializzato negli immobili di lusso. Nel 1988, Claudio Marzocco \u00e8 stato rapito dalla Ndrangheta, la mafia calabrese, e rilasciato dietro il pagamento di un riscatto. <\/p>\n\n<p>In seguito all\u2019incidente, la famiglia Marzocco si \u00e8 trasferita a Monaco per maggiore sicurezza.<\/p>\n\n<p>Claudio si \u00e8 laureato in ingegneria civile all&#8217;Universit\u00e0 di Padova nel 1983. Poco dopo ha iniziato a lavorare in Italia nell&#8217;edilizia e nello sviluppo immobiliare con suo padre. <\/p>\n\n<p>Possiede una scuderia di oltre 40 cavalli da corsa tra cui l&#8217;ambito vincitore Lawman. Claudio Marzocco frequenta molto la societ\u00e0 monegasca. \u00c8 un membro attivo dello Yacht Club de Monaco, del Country Club e dell&#8217;Automobile Club. <\/p>\n\n<p>\u00c8 stato nominato Cavaliere dell&#8217;Ordine di San Carlo di Monaco nel 2006.<\/p>\n","protected":false},"featured_media":47411,"template":"","meta":{"_acf_changed":false},"listing-category":[2194,2183],"class_list":["post-51175","listing","type-listing","status-publish","has-post-thumbnail","hentry","listing-category-imprenditori-monegaschi","listing-category-personaggi"],"acf":[],"yoast_head":"<!-- This site is optimized with the Yoast SEO Premium plugin v26.8 (Yoast SEO v27.4) - https:\/\/yoast.com\/product\/yoast-seo-premium-wordpress\/ -->\n<title>Claudio Marzocco - Monaco Tribune<\/title>\n<meta name=\"robots\" content=\"index, follow, max-snippet:-1, max-image-preview:large, max-video-preview:-1\" \/>\n<link rel=\"canonical\" href=\"https:\/\/www.monaco-tribune.com\/it\/listing\/claudio-marzocco\/\" \/>\n<meta property=\"og:locale\" content=\"it_IT\" \/>\n<meta property=\"og:type\" content=\"article\" \/>\n<meta property=\"og:title\" content=\"Claudio Marzocco\" \/>\n<meta property=\"og:description\" content=\"Claudio Marzocco \u00e8 un ingegnere e uomo d&#8217;affari italiano. \u00c8 l&#8217;amministratore delegato del Gruppo Marzocco, uno dei principali sviluppatori immobiliari di Monaco. La sua azienda \u00e8 riconosciuta per la costruzione e la ristrutturazione di immobili di alta qualit\u00e0. Ha diretto [&hellip;]\" \/>\n<meta property=\"og:url\" content=\"https:\/\/www.monaco-tribune.com\/it\/listing\/claudio-marzocco\/\" \/>\n<meta property=\"og:site_name\" content=\"Monaco Tribune\" \/>\n<meta property=\"article:publisher\" content=\"https:\/\/www.facebook.com\/MonacoTribune\" \/>\n<meta property=\"article:modified_time\" content=\"2021-01-28T13:21:44+00:00\" \/>\n<meta property=\"og:image\" content=\"https:\/\/www.monaco-tribune.com\/wp-content\/uploads\/2020\/11\/claudio-marzocco-min.jpg\" \/>\n\t<meta property=\"og:image:width\" content=\"1193\" \/>\n\t<meta property=\"og:image:height\" content=\"847\" \/>\n\t<meta property=\"og:image:type\" content=\"image\/jpeg\" \/>\n<meta name=\"twitter:card\" content=\"summary_large_image\" \/>\n<meta name=\"twitter:site\" content=\"@MonacoTribune\" \/>\n<script type=\"application\/ld+json\" class=\"yoast-schema-graph\">{\"@context\":\"https:\\\/\\\/schema.org\",\"@graph\":[{\"@type\":\"WebPage\",\"@id\":\"https:\\\/\\\/www.monaco-tribune.com\\\/it\\\/listing\\\/claudio-marzocco\\\/\",\"url\":\"https:\\\/\\\/www.monaco-tribune.com\\\/it\\\/listing\\\/claudio-marzocco\\\/\",\"name\":\"Claudio Marzocco - Monaco Tribune\",\"isPartOf\":{\"@id\":\"https:\\\/\\\/www.monaco-tribune.com\\\/it\\\/#website\"},\"primaryImageOfPage\":{\"@id\":\"https:\\\/\\\/www.monaco-tribune.com\\\/it\\\/listing\\\/claudio-marzocco\\\/#primaryimage\"},\"image\":{\"@id\":\"https:\\\/\\\/www.monaco-tribune.com\\\/it\\\/listing\\\/claudio-marzocco\\\/#primaryimage\"},\"thumbnailUrl\":\"https:\\\/\\\/www.monaco-tribune.com\\\/wp-content\\\/uploads\\\/2020\\\/11\\\/claudio-marzocco-min.jpg\",\"datePublished\":\"2020-11-28T17:25:52+00:00\",\"dateModified\":\"2021-01-28T13:21:44+00:00\",\"breadcrumb\":{\"@id\":\"https:\\\/\\\/www.monaco-tribune.com\\\/it\\\/listing\\\/claudio-marzocco\\\/#breadcrumb\"},\"inLanguage\":\"it-IT\",\"potentialAction\":[{\"@type\":\"ReadAction\",\"target\":[\"https:\\\/\\\/www.monaco-tribune.com\\\/it\\\/listing\\\/claudio-marzocco\\\/\"]}]},{\"@type\":\"ImageObject\",\"inLanguage\":\"it-IT\",\"@id\":\"https:\\\/\\\/www.monaco-tribune.com\\\/it\\\/listing\\\/claudio-marzocco\\\/#primaryimage\",\"url\":\"https:\\\/\\\/www.monaco-tribune.com\\\/wp-content\\\/uploads\\\/2020\\\/11\\\/claudio-marzocco-min.jpg\",\"contentUrl\":\"https:\\\/\\\/www.monaco-tribune.com\\\/wp-content\\\/uploads\\\/2020\\\/11\\\/claudio-marzocco-min.jpg\",\"width\":1193,\"height\":847,\"caption\":\"Claudio Marzocco\"},{\"@type\":\"BreadcrumbList\",\"@id\":\"https:\\\/\\\/www.monaco-tribune.com\\\/it\\\/listing\\\/claudio-marzocco\\\/#breadcrumb\",\"itemListElement\":[{\"@type\":\"ListItem\",\"position\":1,\"name\":\"Accueil\",\"item\":\"https:\\\/\\\/www.monaco-tribune.com\\\/it\\\/\"},{\"@type\":\"ListItem\",\"position\":2,\"name\":\"Claudio Marzocco\"}]},{\"@type\":\"WebSite\",\"@id\":\"https:\\\/\\\/www.monaco-tribune.com\\\/it\\\/#website\",\"url\":\"https:\\\/\\\/www.monaco-tribune.com\\\/it\\\/\",\"name\":\"Monaco Tribune\",\"description\":\"Monaco : actualit\u00e9s \u00e9conomiques, politiques, culturelles et sportives de Monaco et de la French Riviera.\",\"publisher\":{\"@id\":\"https:\\\/\\\/www.monaco-tribune.com\\\/it\\\/#organization\"},\"potentialAction\":[{\"@type\":\"SearchAction\",\"target\":{\"@type\":\"EntryPoint\",\"urlTemplate\":\"https:\\\/\\\/www.monaco-tribune.com\\\/it\\\/?s={search_term_string}\"},\"query-input\":{\"@type\":\"PropertyValueSpecification\",\"valueRequired\":true,\"valueName\":\"search_term_string\"}}],\"inLanguage\":\"it-IT\"},{\"@type\":\"Organization\",\"@id\":\"https:\\\/\\\/www.monaco-tribune.com\\\/it\\\/#organization\",\"name\":\"Monaco Tribune\",\"url\":\"https:\\\/\\\/www.monaco-tribune.com\\\/it\\\/\",\"logo\":{\"@type\":\"ImageObject\",\"inLanguage\":\"it-IT\",\"@id\":\"https:\\\/\\\/www.monaco-tribune.com\\\/it\\\/#\\\/schema\\\/logo\\\/image\\\/\",\"url\":\"https:\\\/\\\/www.monaco-tribune.com\\\/wp-content\\\/uploads\\\/2022\\\/11\\\/logo-monaco-tribune.png\",\"contentUrl\":\"https:\\\/\\\/www.monaco-tribune.com\\\/wp-content\\\/uploads\\\/2022\\\/11\\\/logo-monaco-tribune.png\",\"width\":1548,\"height\":600,\"caption\":\"Monaco Tribune\"},\"image\":{\"@id\":\"https:\\\/\\\/www.monaco-tribune.com\\\/it\\\/#\\\/schema\\\/logo\\\/image\\\/\"},\"sameAs\":[\"https:\\\/\\\/www.facebook.com\\\/MonacoTribune\",\"https:\\\/\\\/x.com\\\/MonacoTribune\",\"https:\\\/\\\/www.instagram.com\\\/monacotribune\\\/\",\"https:\\\/\\\/www.linkedin.com\\\/company\\\/monaco-tribune\",\"https:\\\/\\\/www.youtube.com\\\/channel\\\/UCHle1MnG6hw1y4lWKijVbMA\"]}]}<\/script>\n<!-- \/ Yoast SEO Premium plugin. -->","yoast_head_json":{"title":"Claudio Marzocco - Monaco Tribune","robots":{"index":"index","follow":"follow","max-snippet":"max-snippet:-1","max-image-preview":"max-image-preview:large","max-video-preview":"max-video-preview:-1"},"canonical":"https:\/\/www.monaco-tribune.com\/it\/listing\/claudio-marzocco\/","og_locale":"it_IT","og_type":"article","og_title":"Claudio Marzocco","og_description":"Claudio Marzocco \u00e8 un ingegnere e uomo d&#8217;affari italiano. \u00c8 l&#8217;amministratore delegato del Gruppo Marzocco, uno dei principali sviluppatori immobiliari di Monaco. La sua azienda \u00e8 riconosciuta per la costruzione e la ristrutturazione di immobili di alta qualit\u00e0. Ha diretto [&hellip;]","og_url":"https:\/\/www.monaco-tribune.com\/it\/listing\/claudio-marzocco\/","og_site_name":"Monaco Tribune","article_publisher":"https:\/\/www.facebook.com\/MonacoTribune","article_modified_time":"2021-01-28T13:21:44+00:00","og_image":[{"width":1193,"height":847,"url":"https:\/\/www.monaco-tribune.com\/wp-content\/uploads\/2020\/11\/claudio-marzocco-min.jpg","type":"image\/jpeg"}],"twitter_card":"summary_large_image","twitter_site":"@MonacoTribune","schema":{"@context":"https:\/\/schema.org","@graph":[{"@type":"WebPage","@id":"https:\/\/www.monaco-tribune.com\/it\/listing\/claudio-marzocco\/","url":"https:\/\/www.monaco-tribune.com\/it\/listing\/claudio-marzocco\/","name":"Claudio Marzocco - Monaco Tribune","isPartOf":{"@id":"https:\/\/www.monaco-tribune.com\/it\/#website"},"primaryImageOfPage":{"@id":"https:\/\/www.monaco-tribune.com\/it\/listing\/claudio-marzocco\/#primaryimage"},"image":{"@id":"https:\/\/www.monaco-tribune.com\/it\/listing\/claudio-marzocco\/#primaryimage"},"thumbnailUrl":"https:\/\/www.monaco-tribune.com\/wp-content\/uploads\/2020\/11\/claudio-marzocco-min.jpg","datePublished":"2020-11-28T17:25:52+00:00","dateModified":"2021-01-28T13:21:44+00:00","breadcrumb":{"@id":"https:\/\/www.monaco-tribune.com\/it\/listing\/claudio-marzocco\/#breadcrumb"},"inLanguage":"it-IT","potentialAction":[{"@type":"ReadAction","target":["https:\/\/www.monaco-tribune.com\/it\/listing\/claudio-marzocco\/"]}]},{"@type":"ImageObject","inLanguage":"it-IT","@id":"https:\/\/www.monaco-tribune.com\/it\/listing\/claudio-marzocco\/#primaryimage","url":"https:\/\/www.monaco-tribune.com\/wp-content\/uploads\/2020\/11\/claudio-marzocco-min.jpg","contentUrl":"https:\/\/www.monaco-tribune.com\/wp-content\/uploads\/2020\/11\/claudio-marzocco-min.jpg","width":1193,"height":847,"caption":"Claudio Marzocco"},{"@type":"BreadcrumbList","@id":"https:\/\/www.monaco-tribune.com\/it\/listing\/claudio-marzocco\/#breadcrumb","itemListElement":[{"@type":"ListItem","position":1,"name":"Accueil","item":"https:\/\/www.monaco-tribune.com\/it\/"},{"@type":"ListItem","position":2,"name":"Claudio Marzocco"}]},{"@type":"WebSite","@id":"https:\/\/www.monaco-tribune.com\/it\/#website","url":"https:\/\/www.monaco-tribune.com\/it\/","name":"Monaco Tribune","description":"Monaco : actualit\u00e9s \u00e9conomiques, politiques, culturelles et sportives de Monaco et de la French Riviera.","publisher":{"@id":"https:\/\/www.monaco-tribune.com\/it\/#organization"},"potentialAction":[{"@type":"SearchAction","target":{"@type":"EntryPoint","urlTemplate":"https:\/\/www.monaco-tribune.com\/it\/?s={search_term_string}"},"query-input":{"@type":"PropertyValueSpecification","valueRequired":true,"valueName":"search_term_string"}}],"inLanguage":"it-IT"},{"@type":"Organization","@id":"https:\/\/www.monaco-tribune.com\/it\/#organization","name":"Monaco Tribune","url":"https:\/\/www.monaco-tribune.com\/it\/","logo":{"@type":"ImageObject","inLanguage":"it-IT","@id":"https:\/\/www.monaco-tribune.com\/it\/#\/schema\/logo\/image\/","url":"https:\/\/www.monaco-tribune.com\/wp-content\/uploads\/2022\/11\/logo-monaco-tribune.png","contentUrl":"https:\/\/www.monaco-tribune.com\/wp-content\/uploads\/2022\/11\/logo-monaco-tribune.png","width":1548,"height":600,"caption":"Monaco Tribune"},"image":{"@id":"https:\/\/www.monaco-tribune.com\/it\/#\/schema\/logo\/image\/"},"sameAs":["https:\/\/www.facebook.com\/MonacoTribune","https:\/\/x.com\/MonacoTribune","https:\/\/www.instagram.com\/monacotribune\/","https:\/\/www.linkedin.com\/company\/monaco-tribune","https:\/\/www.youtube.com\/channel\/UCHle1MnG6hw1y4lWKijVbMA"]}]}},"_links":{"self":[{"href":"https:\/\/www.monaco-tribune.com\/it\/wp-json\/wp\/v2\/listing\/51175","targetHints":{"allow":["GET"]}}],"collection":[{"href":"https:\/\/www.monaco-tribune.com\/it\/wp-json\/wp\/v2\/listing"}],"about":[{"href":"https:\/\/www.monaco-tribune.com\/it\/wp-json\/wp\/v2\/types\/listing"}],"wp:featuredmedia":[{"embeddable":true,"href":"https:\/\/www.monaco-tribune.com\/it\/wp-json\/wp\/v2\/media\/47411"}],"wp:attachment":[{"href":"https:\/\/www.monaco-tribune.com\/it\/wp-json\/wp\/v2\/media?parent=51175"}],"wp:term":[{"taxonomy":"listing-category","embeddable":true,"href":"https:\/\/www.monaco-tribune.com\/it\/wp-json\/wp\/v2\/listing-category?post=51175"}],"curies":[{"name":"wp","href":"https:\/\/api.w.org\/{rel}","templated":true}]}}

<p>Claudio Marzocco è un ingegnere e uomo d&#8217;affari italiano. È l&#8217;amministratore delegato del Gruppo Marzocco, uno dei principali sviluppatori immobiliari di Monaco. La sua azienda è riconosciuta per la costruzione e la ristrutturazione di immobili di alta qualità. Ha diretto la costruzione della Torre Odeon, uno dei più grandi progetti architettonici a Monaco degli ultimi anni. Infatti, con un&#8217;altezza di 170 metri e 49 piani, Odeon è la torre più alta del principato. Il gruppo si sta espandendo anche in Francia e in Italia, patria del CEO. Il suo nuovo progetto Testimonio 2, che si estende da Boulevard d&#8217;Italie a Avenue Princesse Grace, dovrebbe essere completato nel 2022. </p>

<p>Il gruppo Marzocco è stato fondato da suo padre, Domenico Marzocco, negli anni ‘60 ed è specializzato negli immobili di lusso. Nel 1988, Claudio Marzocco è stato rapito dalla Ndrangheta, la mafia calabrese, e rilasciato dietro il pagamento di un riscatto. </p>

<p>In seguito all’incidente, la famiglia Marzocco si è trasferita a Monaco per maggiore sicurezza.</p>

<p>Claudio si è laureato in ingegneria civile all&#8217;Università di Padova nel 1983. Poco dopo ha iniziato a lavorare in Italia nell&#8217;edilizia e nello sviluppo immobiliare con suo padre. </p>

<p>Possiede una scuderia di oltre 40 cavalli da corsa tra cui l&#8217;ambito vincitore Lawman. Claudio Marzocco frequenta molto la società monegasca. È un membro attivo dello Yacht Club de Monaco, del Country Club e dell&#8217;Automobile Club. </p>

<p>È stato nominato Cavaliere dell&#8217;Ordine di San Carlo di Monaco nel 2006.</p>

<!-- This site is optimized with the Yoast SEO Premium plugin v26.8 (Yoast SEO v27.4) - https://yoast.com/product/yoast-seo-premium-wordpress/ -->
<title>Claudio Marzocco - Monaco Tribune</title>
<meta name="robots" content="index, follow, max-snippet:-1, max-image-preview:large, max-video-preview:-1" />
<link rel="canonical" href="https://www.monaco-tribune.com/it/listing/claudio-marzocco/" />
<meta property="og:locale" content="it_IT" />
<meta property="og:type" content="article" />
<meta property="og:title" content="Claudio Marzocco" />
<meta property="og:description" content="Claudio Marzocco è un ingegnere e uomo d&#8217;affari italiano. È l&#8217;amministratore delegato del Gruppo Marzocco, uno dei principali sviluppatori immobiliari di Monaco. La sua azienda è riconosciuta per la costruzione e la ristrutturazione di immobili di alta qualità. Ha diretto [&hellip;]" />
<meta property="og:url" content="https://www.monaco-tribune.com/it/listing/claudio-marzocco/" />
<meta property="og:site_name" content="Monaco Tribune" />
<meta property="article:publisher" content="https://www.facebook.com/MonacoTribune" />
<meta property="article:modified_time" content="2021-01-28T13:21:44+00:00" />
<meta property="og:image" content="https://www.monaco-tribune.com/wp-content/uploads/2020/11/claudio-marzocco-min.jpg" />
	<meta property="og:image:width" content="1193" />
	<meta property="og:image:height" content="847" />
	<meta property="og:image:type" content="image/jpeg" />
<meta name="twitter:card" content="summary_large_image" />
<meta name="twitter:site" content="@MonacoTribune" />
<script type="application/ld+json" class="yoast-schema-graph">{"@context":"https:\/\/schema.org","@graph":[{"@type":"WebPage","@id":"https:\/\/www.monaco-tribune.com\/it\/listing\/claudio-marzocco\/","url":"https:\/\/www.monaco-tribune.com\/it\/listing\/claudio-marzocco\/","name":"Claudio Marzocco - Monaco Tribune","isPartOf":{"@id":"https:\/\/www.monaco-tribune.com\/it\/#website"},"primaryImageOfPage":{"@id":"https:\/\/www.monaco-tribune.com\/it\/listing\/claudio-marzocco\/#primaryimage"},"image":{"@id":"https:\/\/www.monaco-tribune.com\/it\/listing\/claudio-marzocco\/#primaryimage"},"thumbnailUrl":"https:\/\/www.monaco-tribune.com\/wp-content\/uploads\/2020\/11\/claudio-marzocco-min.jpg","datePublished":"2020-11-28T17:25:52+00:00","dateModified":"2021-01-28T13:21:44+00:00","breadcrumb":{"@id":"https:\/\/www.monaco-tribune.com\/it\/listing\/claudio-marzocco\/#breadcrumb"},"inLanguage":"it-IT","potentialAction":[{"@type":"ReadAction","target":["https:\/\/www.monaco-tribune.com\/it\/listing\/claudio-marzocco\/"]}]},{"@type":"ImageObject","inLanguage":"it-IT","@id":"https:\/\/www.monaco-tribune.com\/it\/listing\/claudio-marzocco\/#primaryimage","url":"https:\/\/www.monaco-tribune.com\/wp-content\/uploads\/2020\/11\/claudio-marzocco-min.jpg","contentUrl":"https:\/\/www.monaco-tribune.com\/wp-content\/uploads\/2020\/11\/claudio-marzocco-min.jpg","width":1193,"height":847,"caption":"Claudio Marzocco"},{"@type":"BreadcrumbList","@id":"https:\/\/www.monaco-tribune.com\/it\/listing\/claudio-marzocco\/#breadcrumb","itemListElement":[{"@type":"ListItem","position":1,"name":"Accueil","item":"https:\/\/www.monaco-tribune.com\/it\/"},{"@type":"ListItem","position":2,"name":"Claudio Marzocco"}]},{"@type":"WebSite","@id":"https:\/\/www.monaco-tribune.com\/it\/#website","url":"https:\/\/www.monaco-tribune.com\/it\/","name":"Monaco Tribune","description":"Monaco : actualités économiques, politiques, culturelles et sportives de Monaco et de la French Riviera.","publisher":{"@id":"https:\/\/www.monaco-tribune.com\/it\/#organization"},"potentialAction":[{"@type":"SearchAction","target":{"@type":"EntryPoint","urlTemplate":"https:\/\/www.monaco-tribune.com\/it\/?s={search_term_string}"},"query-input":{"@type":"PropertyValueSpecification","valueRequired":true,"valueName":"search_term_string"}}],"inLanguage":"it-IT"},{"@type":"Organization","@id":"https:\/\/www.monaco-tribune.com\/it\/#organization","name":"Monaco Tribune","url":"https:\/\/www.monaco-tribune.com\/it\/","logo":{"@type":"ImageObject","inLanguage":"it-IT","@id":"https:\/\/www.monaco-tribune.com\/it\/#\/schema\/logo\/image\/","url":"https:\/\/www.monaco-tribune.com\/wp-content\/uploads\/2022\/11\/logo-monaco-tribune.png","contentUrl":"https:\/\/www.monaco-tribune.com\/wp-content\/uploads\/2022\/11\/logo-monaco-tribune.png","width":1548,"height":600,"caption":"Monaco Tribune"},"image":{"@id":"https:\/\/www.monaco-tribune.com\/it\/#\/schema\/logo\/image\/"},"sameAs":["https:\/\/www.facebook.com\/MonacoTribune","https:\/\/x.com\/MonacoTribune","https:\/\/www.instagram.com\/monacotribune\/","https:\/\/www.linkedin.com\/company\/monaco-tribune","https:\/\/www.youtube.com\/channel\/UCHle1MnG6hw1y4lWKijVbMA"]}]}</script>
<!-- / Yoast SEO Premium plugin. -->

Claudio Marzocco è un ingegnere e uomo d&#8217;affari italiano. È l&#8217;amministratore delegato del Gruppo Marzocco, uno dei principali sviluppatori immobiliari di Monaco. La sua azienda è riconosciuta per la costruzione e la ristrutturazione di immobili di alta qualità. Ha diretto [&hellip;]

Monaco : actualités économiques, politiques, culturelles et sportives de Monaco et de la French Riviera.
