{"id":51229,"date":"2020-11-29T10:06:29","date_gmt":"2020-11-29T09:06:29","guid":{"rendered":"https:\/\/www.monaco-tribune.com\/listing\/alexandra-pastor\/"},"modified":"2021-01-28T14:30:38","modified_gmt":"2021-01-28T13:30:38","slug":"alexandra-pastor","status":"publish","type":"listing","link":"https:\/\/www.monaco-tribune.com\/it\/listing\/alexandra-pastor\/","title":{"rendered":"Alexandra Pastor"},"content":{"rendered":"\n<p>Alexandra Pastor \u00e8 membro di una dinastia di proprietari immobiliari considerata come la \u201cseconda famiglia principesca\u201d di Monaco. Alexandra ha deciso di lanciarsi nell\u2019industria della moda.<\/p>\n\n<p>\u00c8 la figlia dell&#8217;uomo d&#8217;affari monegasco Michel Pastor e di Catherine Pastor. Con le sue due sorelle Emilie-Sophie e Delphine e suo fratello Jean-Baptiste, ha ereditato la sua fortuna dal suo bisnonno, Jean-Baptiste Pastor. Quest&#8217;ultimo \u00e8 in particolare responsabile dell&#8217;impresa di costruzioni J.B. Pastor, creata negli anni 1920. Alexandra si \u00e8 laureata alla Chambre syndicale de Haute Couture di Parigi e ha iniziato la sua carriera nella casa di moda Ichthys.<\/p>\n\n<p>Nel 2011 ha lanciato il suo marchio di pr\u00eat-\u00e0-porter Teen Religion, che oggi non esiste pi\u00f9. <\/p>\n\n<p>Alexandra Pastor ha sposato nel 2004 David Hallyday, che aveva conosciuto due anni prima. Insieme, hanno un figlio, Cameron, nato nell&#8217;ottobre 2004. David Hallyday ha due figlie, nate da un precedente matrimonio. <\/p>\n\n<blockquote class=\"wp-block-quote is-layout-flow wp-block-quote-is-layout-flow\"><p>\u00c8 una persona meravigliosa, con una gentilezza e una delicatezza che ho visto raramente. Mi tranquillizza molto<\/p><cite>David Hallyday<\/cite><\/blockquote>\n","protected":false},"featured_media":47387,"template":"","meta":{"_acf_changed":false},"listing-category":[2194,2183],"class_list":["post-51229","listing","type-listing","status-publish","has-post-thumbnail","hentry","listing-category-imprenditori-monegaschi","listing-category-personaggi"],"acf":[],"yoast_head":"<!-- This site is optimized with the Yoast SEO Premium plugin v26.8 (Yoast SEO v27.4) - https:\/\/yoast.com\/product\/yoast-seo-premium-wordpress\/ -->\n<title>Alexandra Pastor - Monaco Tribune<\/title>\n<meta name=\"robots\" content=\"index, follow, max-snippet:-1, max-image-preview:large, max-video-preview:-1\" \/>\n<link rel=\"canonical\" href=\"https:\/\/www.monaco-tribune.com\/it\/listing\/alexandra-pastor\/\" \/>\n<meta property=\"og:locale\" content=\"it_IT\" \/>\n<meta property=\"og:type\" content=\"article\" \/>\n<meta property=\"og:title\" content=\"Alexandra Pastor\" \/>\n<meta property=\"og:description\" content=\"Alexandra Pastor \u00e8 membro di una dinastia di proprietari immobiliari considerata come la \u201cseconda famiglia principesca\u201d di Monaco. Alexandra ha deciso di lanciarsi nell\u2019industria della moda. \u00c8 la figlia dell&#8217;uomo d&#8217;affari monegasco Michel Pastor e di Catherine Pastor. Con le [&hellip;]\" \/>\n<meta property=\"og:url\" content=\"https:\/\/www.monaco-tribune.com\/it\/listing\/alexandra-pastor\/\" \/>\n<meta property=\"og:site_name\" content=\"Monaco Tribune\" \/>\n<meta property=\"article:publisher\" content=\"https:\/\/www.facebook.com\/MonacoTribune\" \/>\n<meta property=\"article:modified_time\" content=\"2021-01-28T13:30:38+00:00\" \/>\n<meta property=\"og:image\" content=\"https:\/\/www.monaco-tribune.com\/wp-content\/uploads\/2020\/11\/alexandra-pastor-min.jpg\" \/>\n\t<meta property=\"og:image:width\" content=\"1200\" \/>\n\t<meta property=\"og:image:height\" content=\"676\" \/>\n\t<meta property=\"og:image:type\" content=\"image\/jpeg\" \/>\n<meta name=\"twitter:card\" content=\"summary_large_image\" \/>\n<meta name=\"twitter:site\" content=\"@MonacoTribune\" \/>\n<script type=\"application\/ld+json\" class=\"yoast-schema-graph\">{\"@context\":\"https:\\\/\\\/schema.org\",\"@graph\":[{\"@type\":\"WebPage\",\"@id\":\"https:\\\/\\\/www.monaco-tribune.com\\\/it\\\/listing\\\/alexandra-pastor\\\/\",\"url\":\"https:\\\/\\\/www.monaco-tribune.com\\\/it\\\/listing\\\/alexandra-pastor\\\/\",\"name\":\"Alexandra Pastor - Monaco Tribune\",\"isPartOf\":{\"@id\":\"https:\\\/\\\/www.monaco-tribune.com\\\/it\\\/#website\"},\"primaryImageOfPage\":{\"@id\":\"https:\\\/\\\/www.monaco-tribune.com\\\/it\\\/listing\\\/alexandra-pastor\\\/#primaryimage\"},\"image\":{\"@id\":\"https:\\\/\\\/www.monaco-tribune.com\\\/it\\\/listing\\\/alexandra-pastor\\\/#primaryimage\"},\"thumbnailUrl\":\"https:\\\/\\\/www.monaco-tribune.com\\\/wp-content\\\/uploads\\\/2020\\\/11\\\/alexandra-pastor-min.jpg\",\"datePublished\":\"2020-11-29T09:06:29+00:00\",\"dateModified\":\"2021-01-28T13:30:38+00:00\",\"breadcrumb\":{\"@id\":\"https:\\\/\\\/www.monaco-tribune.com\\\/it\\\/listing\\\/alexandra-pastor\\\/#breadcrumb\"},\"inLanguage\":\"it-IT\",\"potentialAction\":[{\"@type\":\"ReadAction\",\"target\":[\"https:\\\/\\\/www.monaco-tribune.com\\\/it\\\/listing\\\/alexandra-pastor\\\/\"]}]},{\"@type\":\"ImageObject\",\"inLanguage\":\"it-IT\",\"@id\":\"https:\\\/\\\/www.monaco-tribune.com\\\/it\\\/listing\\\/alexandra-pastor\\\/#primaryimage\",\"url\":\"https:\\\/\\\/www.monaco-tribune.com\\\/wp-content\\\/uploads\\\/2020\\\/11\\\/alexandra-pastor-min.jpg\",\"contentUrl\":\"https:\\\/\\\/www.monaco-tribune.com\\\/wp-content\\\/uploads\\\/2020\\\/11\\\/alexandra-pastor-min.jpg\",\"width\":1200,\"height\":676,\"caption\":\"Alexandra Pastor\"},{\"@type\":\"BreadcrumbList\",\"@id\":\"https:\\\/\\\/www.monaco-tribune.com\\\/it\\\/listing\\\/alexandra-pastor\\\/#breadcrumb\",\"itemListElement\":[{\"@type\":\"ListItem\",\"position\":1,\"name\":\"Accueil\",\"item\":\"https:\\\/\\\/www.monaco-tribune.com\\\/it\\\/\"},{\"@type\":\"ListItem\",\"position\":2,\"name\":\"Alexandra Pastor\"}]},{\"@type\":\"WebSite\",\"@id\":\"https:\\\/\\\/www.monaco-tribune.com\\\/it\\\/#website\",\"url\":\"https:\\\/\\\/www.monaco-tribune.com\\\/it\\\/\",\"name\":\"Monaco Tribune\",\"description\":\"Monaco : actualit\u00e9s \u00e9conomiques, politiques, culturelles et sportives de Monaco et de la French Riviera.\",\"publisher\":{\"@id\":\"https:\\\/\\\/www.monaco-tribune.com\\\/it\\\/#organization\"},\"potentialAction\":[{\"@type\":\"SearchAction\",\"target\":{\"@type\":\"EntryPoint\",\"urlTemplate\":\"https:\\\/\\\/www.monaco-tribune.com\\\/it\\\/?s={search_term_string}\"},\"query-input\":{\"@type\":\"PropertyValueSpecification\",\"valueRequired\":true,\"valueName\":\"search_term_string\"}}],\"inLanguage\":\"it-IT\"},{\"@type\":\"Organization\",\"@id\":\"https:\\\/\\\/www.monaco-tribune.com\\\/it\\\/#organization\",\"name\":\"Monaco Tribune\",\"url\":\"https:\\\/\\\/www.monaco-tribune.com\\\/it\\\/\",\"logo\":{\"@type\":\"ImageObject\",\"inLanguage\":\"it-IT\",\"@id\":\"https:\\\/\\\/www.monaco-tribune.com\\\/it\\\/#\\\/schema\\\/logo\\\/image\\\/\",\"url\":\"https:\\\/\\\/www.monaco-tribune.com\\\/wp-content\\\/uploads\\\/2022\\\/11\\\/logo-monaco-tribune.png\",\"contentUrl\":\"https:\\\/\\\/www.monaco-tribune.com\\\/wp-content\\\/uploads\\\/2022\\\/11\\\/logo-monaco-tribune.png\",\"width\":1548,\"height\":600,\"caption\":\"Monaco Tribune\"},\"image\":{\"@id\":\"https:\\\/\\\/www.monaco-tribune.com\\\/it\\\/#\\\/schema\\\/logo\\\/image\\\/\"},\"sameAs\":[\"https:\\\/\\\/www.facebook.com\\\/MonacoTribune\",\"https:\\\/\\\/x.com\\\/MonacoTribune\",\"https:\\\/\\\/www.instagram.com\\\/monacotribune\\\/\",\"https:\\\/\\\/www.linkedin.com\\\/company\\\/monaco-tribune\",\"https:\\\/\\\/www.youtube.com\\\/channel\\\/UCHle1MnG6hw1y4lWKijVbMA\"]}]}<\/script>\n<!-- \/ Yoast SEO Premium plugin. -->","yoast_head_json":{"title":"Alexandra Pastor - Monaco Tribune","robots":{"index":"index","follow":"follow","max-snippet":"max-snippet:-1","max-image-preview":"max-image-preview:large","max-video-preview":"max-video-preview:-1"},"canonical":"https:\/\/www.monaco-tribune.com\/it\/listing\/alexandra-pastor\/","og_locale":"it_IT","og_type":"article","og_title":"Alexandra Pastor","og_description":"Alexandra Pastor \u00e8 membro di una dinastia di proprietari immobiliari considerata come la \u201cseconda famiglia principesca\u201d di Monaco. Alexandra ha deciso di lanciarsi nell\u2019industria della moda. \u00c8 la figlia dell&#8217;uomo d&#8217;affari monegasco Michel Pastor e di Catherine Pastor. Con le [&hellip;]","og_url":"https:\/\/www.monaco-tribune.com\/it\/listing\/alexandra-pastor\/","og_site_name":"Monaco Tribune","article_publisher":"https:\/\/www.facebook.com\/MonacoTribune","article_modified_time":"2021-01-28T13:30:38+00:00","og_image":[{"width":1200,"height":676,"url":"https:\/\/www.monaco-tribune.com\/wp-content\/uploads\/2020\/11\/alexandra-pastor-min.jpg","type":"image\/jpeg"}],"twitter_card":"summary_large_image","twitter_site":"@MonacoTribune","schema":{"@context":"https:\/\/schema.org","@graph":[{"@type":"WebPage","@id":"https:\/\/www.monaco-tribune.com\/it\/listing\/alexandra-pastor\/","url":"https:\/\/www.monaco-tribune.com\/it\/listing\/alexandra-pastor\/","name":"Alexandra Pastor - Monaco Tribune","isPartOf":{"@id":"https:\/\/www.monaco-tribune.com\/it\/#website"},"primaryImageOfPage":{"@id":"https:\/\/www.monaco-tribune.com\/it\/listing\/alexandra-pastor\/#primaryimage"},"image":{"@id":"https:\/\/www.monaco-tribune.com\/it\/listing\/alexandra-pastor\/#primaryimage"},"thumbnailUrl":"https:\/\/www.monaco-tribune.com\/wp-content\/uploads\/2020\/11\/alexandra-pastor-min.jpg","datePublished":"2020-11-29T09:06:29+00:00","dateModified":"2021-01-28T13:30:38+00:00","breadcrumb":{"@id":"https:\/\/www.monaco-tribune.com\/it\/listing\/alexandra-pastor\/#breadcrumb"},"inLanguage":"it-IT","potentialAction":[{"@type":"ReadAction","target":["https:\/\/www.monaco-tribune.com\/it\/listing\/alexandra-pastor\/"]}]},{"@type":"ImageObject","inLanguage":"it-IT","@id":"https:\/\/www.monaco-tribune.com\/it\/listing\/alexandra-pastor\/#primaryimage","url":"https:\/\/www.monaco-tribune.com\/wp-content\/uploads\/2020\/11\/alexandra-pastor-min.jpg","contentUrl":"https:\/\/www.monaco-tribune.com\/wp-content\/uploads\/2020\/11\/alexandra-pastor-min.jpg","width":1200,"height":676,"caption":"Alexandra Pastor"},{"@type":"BreadcrumbList","@id":"https:\/\/www.monaco-tribune.com\/it\/listing\/alexandra-pastor\/#breadcrumb","itemListElement":[{"@type":"ListItem","position":1,"name":"Accueil","item":"https:\/\/www.monaco-tribune.com\/it\/"},{"@type":"ListItem","position":2,"name":"Alexandra Pastor"}]},{"@type":"WebSite","@id":"https:\/\/www.monaco-tribune.com\/it\/#website","url":"https:\/\/www.monaco-tribune.com\/it\/","name":"Monaco Tribune","description":"Monaco : actualit\u00e9s \u00e9conomiques, politiques, culturelles et sportives de Monaco et de la French Riviera.","publisher":{"@id":"https:\/\/www.monaco-tribune.com\/it\/#organization"},"potentialAction":[{"@type":"SearchAction","target":{"@type":"EntryPoint","urlTemplate":"https:\/\/www.monaco-tribune.com\/it\/?s={search_term_string}"},"query-input":{"@type":"PropertyValueSpecification","valueRequired":true,"valueName":"search_term_string"}}],"inLanguage":"it-IT"},{"@type":"Organization","@id":"https:\/\/www.monaco-tribune.com\/it\/#organization","name":"Monaco Tribune","url":"https:\/\/www.monaco-tribune.com\/it\/","logo":{"@type":"ImageObject","inLanguage":"it-IT","@id":"https:\/\/www.monaco-tribune.com\/it\/#\/schema\/logo\/image\/","url":"https:\/\/www.monaco-tribune.com\/wp-content\/uploads\/2022\/11\/logo-monaco-tribune.png","contentUrl":"https:\/\/www.monaco-tribune.com\/wp-content\/uploads\/2022\/11\/logo-monaco-tribune.png","width":1548,"height":600,"caption":"Monaco Tribune"},"image":{"@id":"https:\/\/www.monaco-tribune.com\/it\/#\/schema\/logo\/image\/"},"sameAs":["https:\/\/www.facebook.com\/MonacoTribune","https:\/\/x.com\/MonacoTribune","https:\/\/www.instagram.com\/monacotribune\/","https:\/\/www.linkedin.com\/company\/monaco-tribune","https:\/\/www.youtube.com\/channel\/UCHle1MnG6hw1y4lWKijVbMA"]}]}},"_links":{"self":[{"href":"https:\/\/www.monaco-tribune.com\/it\/wp-json\/wp\/v2\/listing\/51229","targetHints":{"allow":["GET"]}}],"collection":[{"href":"https:\/\/www.monaco-tribune.com\/it\/wp-json\/wp\/v2\/listing"}],"about":[{"href":"https:\/\/www.monaco-tribune.com\/it\/wp-json\/wp\/v2\/types\/listing"}],"wp:featuredmedia":[{"embeddable":true,"href":"https:\/\/www.monaco-tribune.com\/it\/wp-json\/wp\/v2\/media\/47387"}],"wp:attachment":[{"href":"https:\/\/www.monaco-tribune.com\/it\/wp-json\/wp\/v2\/media?parent=51229"}],"wp:term":[{"taxonomy":"listing-category","embeddable":true,"href":"https:\/\/www.monaco-tribune.com\/it\/wp-json\/wp\/v2\/listing-category?post=51229"}],"curies":[{"name":"wp","href":"https:\/\/api.w.org\/{rel}","templated":true}]}}

<p>Alexandra Pastor è membro di una dinastia di proprietari immobiliari considerata come la “seconda famiglia principesca” di Monaco. Alexandra ha deciso di lanciarsi nell’industria della moda.</p>

<p>È la figlia dell&#8217;uomo d&#8217;affari monegasco Michel Pastor e di Catherine Pastor. Con le sue due sorelle Emilie-Sophie e Delphine e suo fratello Jean-Baptiste, ha ereditato la sua fortuna dal suo bisnonno, Jean-Baptiste Pastor. Quest&#8217;ultimo è in particolare responsabile dell&#8217;impresa di costruzioni J.B. Pastor, creata negli anni 1920. Alexandra si è laureata alla Chambre syndicale de Haute Couture di Parigi e ha iniziato la sua carriera nella casa di moda Ichthys.</p>

<p>Nel 2011 ha lanciato il suo marchio di prêt-à-porter Teen Religion, che oggi non esiste più. </p>

<p>Alexandra Pastor ha sposato nel 2004 David Hallyday, che aveva conosciuto due anni prima. Insieme, hanno un figlio, Cameron, nato nell&#8217;ottobre 2004. David Hallyday ha due figlie, nate da un precedente matrimonio. </p>

<blockquote class="wp-block-quote is-layout-flow wp-block-quote-is-layout-flow"><p>È una persona meravigliosa, con una gentilezza e una delicatezza che ho visto raramente. Mi tranquillizza molto</p><cite>David Hallyday</cite></blockquote>

<!-- This site is optimized with the Yoast SEO Premium plugin v26.8 (Yoast SEO v27.4) - https://yoast.com/product/yoast-seo-premium-wordpress/ -->
<title>Alexandra Pastor - Monaco Tribune</title>
<meta name="robots" content="index, follow, max-snippet:-1, max-image-preview:large, max-video-preview:-1" />
<link rel="canonical" href="https://www.monaco-tribune.com/it/listing/alexandra-pastor/" />
<meta property="og:locale" content="it_IT" />
<meta property="og:type" content="article" />
<meta property="og:title" content="Alexandra Pastor" />
<meta property="og:description" content="Alexandra Pastor è membro di una dinastia di proprietari immobiliari considerata come la “seconda famiglia principesca” di Monaco. Alexandra ha deciso di lanciarsi nell’industria della moda. È la figlia dell&#8217;uomo d&#8217;affari monegasco Michel Pastor e di Catherine Pastor. Con le [&hellip;]" />
<meta property="og:url" content="https://www.monaco-tribune.com/it/listing/alexandra-pastor/" />
<meta property="og:site_name" content="Monaco Tribune" />
<meta property="article:publisher" content="https://www.facebook.com/MonacoTribune" />
<meta property="article:modified_time" content="2021-01-28T13:30:38+00:00" />
<meta property="og:image" content="https://www.monaco-tribune.com/wp-content/uploads/2020/11/alexandra-pastor-min.jpg" />
	<meta property="og:image:width" content="1200" />
	<meta property="og:image:height" content="676" />
	<meta property="og:image:type" content="image/jpeg" />
<meta name="twitter:card" content="summary_large_image" />
<meta name="twitter:site" content="@MonacoTribune" />
<script type="application/ld+json" class="yoast-schema-graph">{"@context":"https:\/\/schema.org","@graph":[{"@type":"WebPage","@id":"https:\/\/www.monaco-tribune.com\/it\/listing\/alexandra-pastor\/","url":"https:\/\/www.monaco-tribune.com\/it\/listing\/alexandra-pastor\/","name":"Alexandra Pastor - Monaco Tribune","isPartOf":{"@id":"https:\/\/www.monaco-tribune.com\/it\/#website"},"primaryImageOfPage":{"@id":"https:\/\/www.monaco-tribune.com\/it\/listing\/alexandra-pastor\/#primaryimage"},"image":{"@id":"https:\/\/www.monaco-tribune.com\/it\/listing\/alexandra-pastor\/#primaryimage"},"thumbnailUrl":"https:\/\/www.monaco-tribune.com\/wp-content\/uploads\/2020\/11\/alexandra-pastor-min.jpg","datePublished":"2020-11-29T09:06:29+00:00","dateModified":"2021-01-28T13:30:38+00:00","breadcrumb":{"@id":"https:\/\/www.monaco-tribune.com\/it\/listing\/alexandra-pastor\/#breadcrumb"},"inLanguage":"it-IT","potentialAction":[{"@type":"ReadAction","target":["https:\/\/www.monaco-tribune.com\/it\/listing\/alexandra-pastor\/"]}]},{"@type":"ImageObject","inLanguage":"it-IT","@id":"https:\/\/www.monaco-tribune.com\/it\/listing\/alexandra-pastor\/#primaryimage","url":"https:\/\/www.monaco-tribune.com\/wp-content\/uploads\/2020\/11\/alexandra-pastor-min.jpg","contentUrl":"https:\/\/www.monaco-tribune.com\/wp-content\/uploads\/2020\/11\/alexandra-pastor-min.jpg","width":1200,"height":676,"caption":"Alexandra Pastor"},{"@type":"BreadcrumbList","@id":"https:\/\/www.monaco-tribune.com\/it\/listing\/alexandra-pastor\/#breadcrumb","itemListElement":[{"@type":"ListItem","position":1,"name":"Accueil","item":"https:\/\/www.monaco-tribune.com\/it\/"},{"@type":"ListItem","position":2,"name":"Alexandra Pastor"}]},{"@type":"WebSite","@id":"https:\/\/www.monaco-tribune.com\/it\/#website","url":"https:\/\/www.monaco-tribune.com\/it\/","name":"Monaco Tribune","description":"Monaco : actualités économiques, politiques, culturelles et sportives de Monaco et de la French Riviera.","publisher":{"@id":"https:\/\/www.monaco-tribune.com\/it\/#organization"},"potentialAction":[{"@type":"SearchAction","target":{"@type":"EntryPoint","urlTemplate":"https:\/\/www.monaco-tribune.com\/it\/?s={search_term_string}"},"query-input":{"@type":"PropertyValueSpecification","valueRequired":true,"valueName":"search_term_string"}}],"inLanguage":"it-IT"},{"@type":"Organization","@id":"https:\/\/www.monaco-tribune.com\/it\/#organization","name":"Monaco Tribune","url":"https:\/\/www.monaco-tribune.com\/it\/","logo":{"@type":"ImageObject","inLanguage":"it-IT","@id":"https:\/\/www.monaco-tribune.com\/it\/#\/schema\/logo\/image\/","url":"https:\/\/www.monaco-tribune.com\/wp-content\/uploads\/2022\/11\/logo-monaco-tribune.png","contentUrl":"https:\/\/www.monaco-tribune.com\/wp-content\/uploads\/2022\/11\/logo-monaco-tribune.png","width":1548,"height":600,"caption":"Monaco Tribune"},"image":{"@id":"https:\/\/www.monaco-tribune.com\/it\/#\/schema\/logo\/image\/"},"sameAs":["https:\/\/www.facebook.com\/MonacoTribune","https:\/\/x.com\/MonacoTribune","https:\/\/www.instagram.com\/monacotribune\/","https:\/\/www.linkedin.com\/company\/monaco-tribune","https:\/\/www.youtube.com\/channel\/UCHle1MnG6hw1y4lWKijVbMA"]}]}</script>
<!-- / Yoast SEO Premium plugin. -->

Alexandra Pastor è membro di una dinastia di proprietari immobiliari considerata come la “seconda famiglia principesca” di Monaco. Alexandra ha deciso di lanciarsi nell’industria della moda. È la figlia dell&#8217;uomo d&#8217;affari monegasco Michel Pastor e di Catherine Pastor. Con le [&hellip;]

Monaco : actualités économiques, politiques, culturelles et sportives de Monaco et de la French Riviera.
