{"id":51254,"date":"2021-01-27T15:34:09","date_gmt":"2021-01-27T14:34:09","guid":{"rendered":"https:\/\/www.monaco-tribune.com\/?post_type=listing&#038;p=51254"},"modified":"2021-01-27T15:34:09","modified_gmt":"2021-01-27T14:34:09","slug":"shani-diluka","status":"publish","type":"listing","link":"https:\/\/www.monaco-tribune.com\/it\/listing\/shani-diluka\/","title":{"rendered":"Shani Diluka"},"content":{"rendered":"\n<p>Shani \u00e8 nata a Monaco da una famiglia originaria dello Sri Lanka. Da bambina mostra subito un talento straordinario al piano e impegnandosi duramente potr\u00e0 raccoglierne i frutti. &#13;\n&#13;\nAll&#8217;et\u00e0 di 9 anni, da il suo primo saggio e a 12 anni apre il concerto do H\u00e9l\u00e8ne Grimaud a Nizza.&#13;\n<\/p>\n\n<p>A sei anni viene accettata nel programma creato dalla Fondazione Principessa Grace per i bambini con un talento musicale unico, per proseguire gli studi presso l\u2019Accademia del Principe Ranieri III, dove vince il primo premio.&#13;\n&#13;\nIl suo insegnante \u00e8 il pianista Dubravka Kovacevich, ex-allievo di Dimitri Bashkirov.<\/p>\n\n<p>\u00c8 l&#8217;unica pianista del continente indiano ad essere entrata al Conservatorio di Parigi, dove vince il primo premio all&#8217;unanimit\u00e0 della giuria.&#13;\n<\/p>\n\n<blockquote class=\"wp-block-quote is-layout-flow wp-block-quote-is-layout-flow\"><p>La musica \u00e8 diventata la mia identit\u00e0, perch\u00e9 non ha etnia, n\u00e9 religione, n\u00e9 colore. \u00c8 diventata ci\u00f2 che sono.&#13;\n<\/p><\/blockquote>\n\n<p>Un interprete &#8220;eccezionale&#8221; (Figaro) con &#8220;un virtuosismo alato&#8221; (Classica), &#8220;uno dei pi\u00f9 grandi della sua generazione&#8221; (Piano Magazine), le sue performance sono regolarmente trasmesse dalla BBC e da Radio France.&#13;\n<\/p>\n\n<p>Ha per esempio suonato al Ravinia Festival di Chicago, al Verbier Festival, alla Philharmonie de Paris, al Concertgebouw di Amsterdam, al Tokyo Forum, alla Fenice di Venezia, alla Brazil Sala Sao Paulo, e al Salzburg Mozarteum e la Konzerthaus di Vienna.  Ospite regolare di eminenti orchestre e direttori, Shani Diluka fa da ponte tra Oriente e Occidente, tra il suo pianoforte e la scrittura poetica. \u00c8 autrice di una raccolta di poesie intitolata &#8220;Canop\u00e9es&#8221;.<\/p>\n<figure class=\"wp-block-embed is-type-video is-provider-youtube wp-block-embed-youtube wp-embed-aspect-16-9 wp-has-aspect-ratio\">\r\n<div class=\"wp-block-embed__wrapper\">https:\/\/youtu.be\/xNUs3ia7J9I<\/div><\/figure>","protected":false},"featured_media":50081,"template":"","meta":{"_acf_changed":false},"listing-category":[2183,2186],"class_list":["post-51254","listing","type-listing","status-publish","has-post-thumbnail","hentry","listing-category-personaggi","listing-category-personaggi-culturali"],"acf":[],"yoast_head":"<!-- This site is optimized with the Yoast SEO Premium plugin v26.8 (Yoast SEO v27.4) - https:\/\/yoast.com\/product\/yoast-seo-premium-wordpress\/ -->\n<title>Shani Diluka - Monaco Tribune<\/title>\n<meta name=\"robots\" content=\"index, follow, max-snippet:-1, max-image-preview:large, max-video-preview:-1\" \/>\n<link rel=\"canonical\" href=\"https:\/\/www.monaco-tribune.com\/it\/listing\/shani-diluka\/\" \/>\n<meta property=\"og:locale\" content=\"it_IT\" \/>\n<meta property=\"og:type\" content=\"article\" \/>\n<meta property=\"og:title\" content=\"Shani Diluka\" \/>\n<meta property=\"og:description\" content=\"Shani \u00e8 nata a Monaco da una famiglia originaria dello Sri Lanka. Da bambina mostra subito un talento straordinario al piano e impegnandosi duramente potr\u00e0 raccoglierne i frutti. &#013; &#013; All&#8217;et\u00e0 di 9 anni, da il suo primo saggio e [&hellip;]\" \/>\n<meta property=\"og:url\" content=\"https:\/\/www.monaco-tribune.com\/it\/listing\/shani-diluka\/\" \/>\n<meta property=\"og:site_name\" content=\"Monaco Tribune\" \/>\n<meta property=\"article:publisher\" content=\"https:\/\/www.facebook.com\/MonacoTribune\" \/>\n<meta property=\"og:image\" content=\"https:\/\/www.monaco-tribune.com\/wp-content\/uploads\/2020\/11\/shani-diluka-min.jpg\" \/>\n\t<meta property=\"og:image:width\" content=\"1200\" \/>\n\t<meta property=\"og:image:height\" content=\"801\" \/>\n\t<meta property=\"og:image:type\" content=\"image\/jpeg\" \/>\n<meta name=\"twitter:card\" content=\"summary_large_image\" \/>\n<meta name=\"twitter:site\" content=\"@MonacoTribune\" \/>\n<script type=\"application\/ld+json\" class=\"yoast-schema-graph\">{\"@context\":\"https:\\\/\\\/schema.org\",\"@graph\":[{\"@type\":\"WebPage\",\"@id\":\"https:\\\/\\\/www.monaco-tribune.com\\\/it\\\/listing\\\/shani-diluka\\\/\",\"url\":\"https:\\\/\\\/www.monaco-tribune.com\\\/it\\\/listing\\\/shani-diluka\\\/\",\"name\":\"Shani Diluka - Monaco Tribune\",\"isPartOf\":{\"@id\":\"https:\\\/\\\/www.monaco-tribune.com\\\/it\\\/#website\"},\"primaryImageOfPage\":{\"@id\":\"https:\\\/\\\/www.monaco-tribune.com\\\/it\\\/listing\\\/shani-diluka\\\/#primaryimage\"},\"image\":{\"@id\":\"https:\\\/\\\/www.monaco-tribune.com\\\/it\\\/listing\\\/shani-diluka\\\/#primaryimage\"},\"thumbnailUrl\":\"https:\\\/\\\/www.monaco-tribune.com\\\/wp-content\\\/uploads\\\/2020\\\/11\\\/shani-diluka-min.jpg\",\"datePublished\":\"2021-01-27T14:34:09+00:00\",\"breadcrumb\":{\"@id\":\"https:\\\/\\\/www.monaco-tribune.com\\\/it\\\/listing\\\/shani-diluka\\\/#breadcrumb\"},\"inLanguage\":\"it-IT\",\"potentialAction\":[{\"@type\":\"ReadAction\",\"target\":[\"https:\\\/\\\/www.monaco-tribune.com\\\/it\\\/listing\\\/shani-diluka\\\/\"]}]},{\"@type\":\"ImageObject\",\"inLanguage\":\"it-IT\",\"@id\":\"https:\\\/\\\/www.monaco-tribune.com\\\/it\\\/listing\\\/shani-diluka\\\/#primaryimage\",\"url\":\"https:\\\/\\\/www.monaco-tribune.com\\\/wp-content\\\/uploads\\\/2020\\\/11\\\/shani-diluka-min.jpg\",\"contentUrl\":\"https:\\\/\\\/www.monaco-tribune.com\\\/wp-content\\\/uploads\\\/2020\\\/11\\\/shani-diluka-min.jpg\",\"width\":1200,\"height\":801,\"caption\":\"Shani Diluka\"},{\"@type\":\"BreadcrumbList\",\"@id\":\"https:\\\/\\\/www.monaco-tribune.com\\\/it\\\/listing\\\/shani-diluka\\\/#breadcrumb\",\"itemListElement\":[{\"@type\":\"ListItem\",\"position\":1,\"name\":\"Accueil\",\"item\":\"https:\\\/\\\/www.monaco-tribune.com\\\/it\\\/\"},{\"@type\":\"ListItem\",\"position\":2,\"name\":\"Shani Diluka\"}]},{\"@type\":\"WebSite\",\"@id\":\"https:\\\/\\\/www.monaco-tribune.com\\\/it\\\/#website\",\"url\":\"https:\\\/\\\/www.monaco-tribune.com\\\/it\\\/\",\"name\":\"Monaco Tribune\",\"description\":\"Monaco : actualit\u00e9s \u00e9conomiques, politiques, culturelles et sportives de Monaco et de la French Riviera.\",\"publisher\":{\"@id\":\"https:\\\/\\\/www.monaco-tribune.com\\\/it\\\/#organization\"},\"potentialAction\":[{\"@type\":\"SearchAction\",\"target\":{\"@type\":\"EntryPoint\",\"urlTemplate\":\"https:\\\/\\\/www.monaco-tribune.com\\\/it\\\/?s={search_term_string}\"},\"query-input\":{\"@type\":\"PropertyValueSpecification\",\"valueRequired\":true,\"valueName\":\"search_term_string\"}}],\"inLanguage\":\"it-IT\"},{\"@type\":\"Organization\",\"@id\":\"https:\\\/\\\/www.monaco-tribune.com\\\/it\\\/#organization\",\"name\":\"Monaco Tribune\",\"url\":\"https:\\\/\\\/www.monaco-tribune.com\\\/it\\\/\",\"logo\":{\"@type\":\"ImageObject\",\"inLanguage\":\"it-IT\",\"@id\":\"https:\\\/\\\/www.monaco-tribune.com\\\/it\\\/#\\\/schema\\\/logo\\\/image\\\/\",\"url\":\"https:\\\/\\\/www.monaco-tribune.com\\\/wp-content\\\/uploads\\\/2022\\\/11\\\/logo-monaco-tribune.png\",\"contentUrl\":\"https:\\\/\\\/www.monaco-tribune.com\\\/wp-content\\\/uploads\\\/2022\\\/11\\\/logo-monaco-tribune.png\",\"width\":1548,\"height\":600,\"caption\":\"Monaco Tribune\"},\"image\":{\"@id\":\"https:\\\/\\\/www.monaco-tribune.com\\\/it\\\/#\\\/schema\\\/logo\\\/image\\\/\"},\"sameAs\":[\"https:\\\/\\\/www.facebook.com\\\/MonacoTribune\",\"https:\\\/\\\/x.com\\\/MonacoTribune\",\"https:\\\/\\\/www.instagram.com\\\/monacotribune\\\/\",\"https:\\\/\\\/www.linkedin.com\\\/company\\\/monaco-tribune\",\"https:\\\/\\\/www.youtube.com\\\/channel\\\/UCHle1MnG6hw1y4lWKijVbMA\"]}]}<\/script>\n<!-- \/ Yoast SEO Premium plugin. -->","yoast_head_json":{"title":"Shani Diluka - Monaco Tribune","robots":{"index":"index","follow":"follow","max-snippet":"max-snippet:-1","max-image-preview":"max-image-preview:large","max-video-preview":"max-video-preview:-1"},"canonical":"https:\/\/www.monaco-tribune.com\/it\/listing\/shani-diluka\/","og_locale":"it_IT","og_type":"article","og_title":"Shani Diluka","og_description":"Shani \u00e8 nata a Monaco da una famiglia originaria dello Sri Lanka. Da bambina mostra subito un talento straordinario al piano e impegnandosi duramente potr\u00e0 raccoglierne i frutti. &#13; &#13; All&#8217;et\u00e0 di 9 anni, da il suo primo saggio e [&hellip;]","og_url":"https:\/\/www.monaco-tribune.com\/it\/listing\/shani-diluka\/","og_site_name":"Monaco Tribune","article_publisher":"https:\/\/www.facebook.com\/MonacoTribune","og_image":[{"width":1200,"height":801,"url":"https:\/\/www.monaco-tribune.com\/wp-content\/uploads\/2020\/11\/shani-diluka-min.jpg","type":"image\/jpeg"}],"twitter_card":"summary_large_image","twitter_site":"@MonacoTribune","schema":{"@context":"https:\/\/schema.org","@graph":[{"@type":"WebPage","@id":"https:\/\/www.monaco-tribune.com\/it\/listing\/shani-diluka\/","url":"https:\/\/www.monaco-tribune.com\/it\/listing\/shani-diluka\/","name":"Shani Diluka - Monaco Tribune","isPartOf":{"@id":"https:\/\/www.monaco-tribune.com\/it\/#website"},"primaryImageOfPage":{"@id":"https:\/\/www.monaco-tribune.com\/it\/listing\/shani-diluka\/#primaryimage"},"image":{"@id":"https:\/\/www.monaco-tribune.com\/it\/listing\/shani-diluka\/#primaryimage"},"thumbnailUrl":"https:\/\/www.monaco-tribune.com\/wp-content\/uploads\/2020\/11\/shani-diluka-min.jpg","datePublished":"2021-01-27T14:34:09+00:00","breadcrumb":{"@id":"https:\/\/www.monaco-tribune.com\/it\/listing\/shani-diluka\/#breadcrumb"},"inLanguage":"it-IT","potentialAction":[{"@type":"ReadAction","target":["https:\/\/www.monaco-tribune.com\/it\/listing\/shani-diluka\/"]}]},{"@type":"ImageObject","inLanguage":"it-IT","@id":"https:\/\/www.monaco-tribune.com\/it\/listing\/shani-diluka\/#primaryimage","url":"https:\/\/www.monaco-tribune.com\/wp-content\/uploads\/2020\/11\/shani-diluka-min.jpg","contentUrl":"https:\/\/www.monaco-tribune.com\/wp-content\/uploads\/2020\/11\/shani-diluka-min.jpg","width":1200,"height":801,"caption":"Shani Diluka"},{"@type":"BreadcrumbList","@id":"https:\/\/www.monaco-tribune.com\/it\/listing\/shani-diluka\/#breadcrumb","itemListElement":[{"@type":"ListItem","position":1,"name":"Accueil","item":"https:\/\/www.monaco-tribune.com\/it\/"},{"@type":"ListItem","position":2,"name":"Shani Diluka"}]},{"@type":"WebSite","@id":"https:\/\/www.monaco-tribune.com\/it\/#website","url":"https:\/\/www.monaco-tribune.com\/it\/","name":"Monaco Tribune","description":"Monaco : actualit\u00e9s \u00e9conomiques, politiques, culturelles et sportives de Monaco et de la French Riviera.","publisher":{"@id":"https:\/\/www.monaco-tribune.com\/it\/#organization"},"potentialAction":[{"@type":"SearchAction","target":{"@type":"EntryPoint","urlTemplate":"https:\/\/www.monaco-tribune.com\/it\/?s={search_term_string}"},"query-input":{"@type":"PropertyValueSpecification","valueRequired":true,"valueName":"search_term_string"}}],"inLanguage":"it-IT"},{"@type":"Organization","@id":"https:\/\/www.monaco-tribune.com\/it\/#organization","name":"Monaco Tribune","url":"https:\/\/www.monaco-tribune.com\/it\/","logo":{"@type":"ImageObject","inLanguage":"it-IT","@id":"https:\/\/www.monaco-tribune.com\/it\/#\/schema\/logo\/image\/","url":"https:\/\/www.monaco-tribune.com\/wp-content\/uploads\/2022\/11\/logo-monaco-tribune.png","contentUrl":"https:\/\/www.monaco-tribune.com\/wp-content\/uploads\/2022\/11\/logo-monaco-tribune.png","width":1548,"height":600,"caption":"Monaco Tribune"},"image":{"@id":"https:\/\/www.monaco-tribune.com\/it\/#\/schema\/logo\/image\/"},"sameAs":["https:\/\/www.facebook.com\/MonacoTribune","https:\/\/x.com\/MonacoTribune","https:\/\/www.instagram.com\/monacotribune\/","https:\/\/www.linkedin.com\/company\/monaco-tribune","https:\/\/www.youtube.com\/channel\/UCHle1MnG6hw1y4lWKijVbMA"]}]}},"_links":{"self":[{"href":"https:\/\/www.monaco-tribune.com\/it\/wp-json\/wp\/v2\/listing\/51254","targetHints":{"allow":["GET"]}}],"collection":[{"href":"https:\/\/www.monaco-tribune.com\/it\/wp-json\/wp\/v2\/listing"}],"about":[{"href":"https:\/\/www.monaco-tribune.com\/it\/wp-json\/wp\/v2\/types\/listing"}],"wp:featuredmedia":[{"embeddable":true,"href":"https:\/\/www.monaco-tribune.com\/it\/wp-json\/wp\/v2\/media\/50081"}],"wp:attachment":[{"href":"https:\/\/www.monaco-tribune.com\/it\/wp-json\/wp\/v2\/media?parent=51254"}],"wp:term":[{"taxonomy":"listing-category","embeddable":true,"href":"https:\/\/www.monaco-tribune.com\/it\/wp-json\/wp\/v2\/listing-category?post=51254"}],"curies":[{"name":"wp","href":"https:\/\/api.w.org\/{rel}","templated":true}]}}

<p>Shani è nata a Monaco da una famiglia originaria dello Sri Lanka. Da bambina mostra subito un talento straordinario al piano e impegnandosi duramente potrà raccoglierne i frutti. &#13;
&#13;
All&#8217;età di 9 anni, da il suo primo saggio e a 12 anni apre il concerto do Hélène Grimaud a Nizza.&#13;
</p>

<p>A sei anni viene accettata nel programma creato dalla Fondazione Principessa Grace per i bambini con un talento musicale unico, per proseguire gli studi presso l’Accademia del Principe Ranieri III, dove vince il primo premio.&#13;
&#13;
Il suo insegnante è il pianista Dubravka Kovacevich, ex-allievo di Dimitri Bashkirov.</p>

<p>È l&#8217;unica pianista del continente indiano ad essere entrata al Conservatorio di Parigi, dove vince il primo premio all&#8217;unanimità della giuria.&#13;
</p>

<blockquote class="wp-block-quote is-layout-flow wp-block-quote-is-layout-flow"><p>La musica è diventata la mia identità, perché non ha etnia, né religione, né colore. È diventata ciò che sono.&#13;
</p></blockquote>

<p>Un interprete &#8220;eccezionale&#8221; (Figaro) con &#8220;un virtuosismo alato&#8221; (Classica), &#8220;uno dei più grandi della sua generazione&#8221; (Piano Magazine), le sue performance sono regolarmente trasmesse dalla BBC e da Radio France.&#13;
</p>

<p>Ha per esempio suonato al Ravinia Festival di Chicago, al Verbier Festival, alla Philharmonie de Paris, al Concertgebouw di Amsterdam, al Tokyo Forum, alla Fenice di Venezia, alla Brazil Sala Sao Paulo, e al Salzburg Mozarteum e la Konzerthaus di Vienna.  Ospite regolare di eminenti orchestre e direttori, Shani Diluka fa da ponte tra Oriente e Occidente, tra il suo pianoforte e la scrittura poetica. È autrice di una raccolta di poesie intitolata &#8220;Canopées&#8221;.</p>
<figure class="wp-block-embed is-type-video is-provider-youtube wp-block-embed-youtube wp-embed-aspect-16-9 wp-has-aspect-ratio">
<div class="wp-block-embed__wrapper">https://youtu.be/xNUs3ia7J9I</div></figure>

<!-- This site is optimized with the Yoast SEO Premium plugin v26.8 (Yoast SEO v27.4) - https://yoast.com/product/yoast-seo-premium-wordpress/ -->
<title>Shani Diluka - Monaco Tribune</title>
<meta name="robots" content="index, follow, max-snippet:-1, max-image-preview:large, max-video-preview:-1" />
<link rel="canonical" href="https://www.monaco-tribune.com/it/listing/shani-diluka/" />
<meta property="og:locale" content="it_IT" />
<meta property="og:type" content="article" />
<meta property="og:title" content="Shani Diluka" />
<meta property="og:description" content="Shani è nata a Monaco da una famiglia originaria dello Sri Lanka. Da bambina mostra subito un talento straordinario al piano e impegnandosi duramente potrà raccoglierne i frutti. &#013; &#013; All&#8217;età di 9 anni, da il suo primo saggio e [&hellip;]" />
<meta property="og:url" content="https://www.monaco-tribune.com/it/listing/shani-diluka/" />
<meta property="og:site_name" content="Monaco Tribune" />
<meta property="article:publisher" content="https://www.facebook.com/MonacoTribune" />
<meta property="og:image" content="https://www.monaco-tribune.com/wp-content/uploads/2020/11/shani-diluka-min.jpg" />
	<meta property="og:image:width" content="1200" />
	<meta property="og:image:height" content="801" />
	<meta property="og:image:type" content="image/jpeg" />
<meta name="twitter:card" content="summary_large_image" />
<meta name="twitter:site" content="@MonacoTribune" />
<script type="application/ld+json" class="yoast-schema-graph">{"@context":"https:\/\/schema.org","@graph":[{"@type":"WebPage","@id":"https:\/\/www.monaco-tribune.com\/it\/listing\/shani-diluka\/","url":"https:\/\/www.monaco-tribune.com\/it\/listing\/shani-diluka\/","name":"Shani Diluka - Monaco Tribune","isPartOf":{"@id":"https:\/\/www.monaco-tribune.com\/it\/#website"},"primaryImageOfPage":{"@id":"https:\/\/www.monaco-tribune.com\/it\/listing\/shani-diluka\/#primaryimage"},"image":{"@id":"https:\/\/www.monaco-tribune.com\/it\/listing\/shani-diluka\/#primaryimage"},"thumbnailUrl":"https:\/\/www.monaco-tribune.com\/wp-content\/uploads\/2020\/11\/shani-diluka-min.jpg","datePublished":"2021-01-27T14:34:09+00:00","breadcrumb":{"@id":"https:\/\/www.monaco-tribune.com\/it\/listing\/shani-diluka\/#breadcrumb"},"inLanguage":"it-IT","potentialAction":[{"@type":"ReadAction","target":["https:\/\/www.monaco-tribune.com\/it\/listing\/shani-diluka\/"]}]},{"@type":"ImageObject","inLanguage":"it-IT","@id":"https:\/\/www.monaco-tribune.com\/it\/listing\/shani-diluka\/#primaryimage","url":"https:\/\/www.monaco-tribune.com\/wp-content\/uploads\/2020\/11\/shani-diluka-min.jpg","contentUrl":"https:\/\/www.monaco-tribune.com\/wp-content\/uploads\/2020\/11\/shani-diluka-min.jpg","width":1200,"height":801,"caption":"Shani Diluka"},{"@type":"BreadcrumbList","@id":"https:\/\/www.monaco-tribune.com\/it\/listing\/shani-diluka\/#breadcrumb","itemListElement":[{"@type":"ListItem","position":1,"name":"Accueil","item":"https:\/\/www.monaco-tribune.com\/it\/"},{"@type":"ListItem","position":2,"name":"Shani Diluka"}]},{"@type":"WebSite","@id":"https:\/\/www.monaco-tribune.com\/it\/#website","url":"https:\/\/www.monaco-tribune.com\/it\/","name":"Monaco Tribune","description":"Monaco : actualités économiques, politiques, culturelles et sportives de Monaco et de la French Riviera.","publisher":{"@id":"https:\/\/www.monaco-tribune.com\/it\/#organization"},"potentialAction":[{"@type":"SearchAction","target":{"@type":"EntryPoint","urlTemplate":"https:\/\/www.monaco-tribune.com\/it\/?s={search_term_string}"},"query-input":{"@type":"PropertyValueSpecification","valueRequired":true,"valueName":"search_term_string"}}],"inLanguage":"it-IT"},{"@type":"Organization","@id":"https:\/\/www.monaco-tribune.com\/it\/#organization","name":"Monaco Tribune","url":"https:\/\/www.monaco-tribune.com\/it\/","logo":{"@type":"ImageObject","inLanguage":"it-IT","@id":"https:\/\/www.monaco-tribune.com\/it\/#\/schema\/logo\/image\/","url":"https:\/\/www.monaco-tribune.com\/wp-content\/uploads\/2022\/11\/logo-monaco-tribune.png","contentUrl":"https:\/\/www.monaco-tribune.com\/wp-content\/uploads\/2022\/11\/logo-monaco-tribune.png","width":1548,"height":600,"caption":"Monaco Tribune"},"image":{"@id":"https:\/\/www.monaco-tribune.com\/it\/#\/schema\/logo\/image\/"},"sameAs":["https:\/\/www.facebook.com\/MonacoTribune","https:\/\/x.com\/MonacoTribune","https:\/\/www.instagram.com\/monacotribune\/","https:\/\/www.linkedin.com\/company\/monaco-tribune","https:\/\/www.youtube.com\/channel\/UCHle1MnG6hw1y4lWKijVbMA"]}]}</script>
<!-- / Yoast SEO Premium plugin. -->

Shani è nata a Monaco da una famiglia originaria dello Sri Lanka. Da bambina mostra subito un talento straordinario al piano e impegnandosi duramente potrà raccoglierne i frutti. &#13; &#13; All&#8217;età di 9 anni, da il suo primo saggio e [&hellip;]

Monaco : actualités économiques, politiques, culturelles et sportives de Monaco et de la French Riviera.
