{"id":51258,"date":"2020-11-29T10:46:23","date_gmt":"2020-11-29T09:46:23","guid":{"rendered":"https:\/\/www.monaco-tribune.com\/listing\/philippe-pastor\/"},"modified":"2021-01-28T12:39:26","modified_gmt":"2021-01-28T11:39:26","slug":"philippe-pastor","status":"publish","type":"listing","link":"https:\/\/www.monaco-tribune.com\/it\/listing\/philippe-pastor\/","title":{"rendered":"Philippe Pastor"},"content":{"rendered":"\n<p>L&#8217;artista lavora tra Monaco e la Spagna. Fa parte di una delle famiglie pi\u00f9 ricche del Principato. \u00c8 il figlio di Victor Pastor, un uomo d&#8217;affari nel settore immobiliare.<\/p>\n\n<p>\u00c8 un pittore e scultore espressionista astratto. le sue opere sono state esposte in tutto il mondo, in Asia, Europa, Africa e Stati Uniti. Ha partecipato due volte alla Biennale di Venezia, nel 2007 e nel 2009. <\/p>\n\n<p>Ha anche rappresentato Monaco all&#8217;Esposizione Universale di Milano nel 2015. <\/p>\n\n<blockquote class=\"wp-block-quote is-layout-flow wp-block-quote-is-layout-flow\"><p>Per me, \u00e8 essenziale evolvere con la natura<\/p><\/blockquote>\n\n<p>La sua arte \u00e8 scandita dal suo impegno per la protezione dell&#8217;ambiente. Le sue opere cercano di tradurre le interazioni tra l&#8217;uomo e il pianeta. Usa elementi naturali e materiali grezzi nella sua pittura. <\/p>\n\n<p>Nel 2014, ha realizzato un&#8217;installazione monumentale su un terreno di oltre 15.000 metri quadrati. L&#8217;opera entra nel regno della land art e segna un cambiamento nel lavoro dell&#8217;artista. <\/p>\n\n<p>A Monaco, il suo lavoro pu\u00f2 essere visto alla galleria De Jonckheere insieme ad altri artisti contemporanei.<\/p>\n\n          \n\n          <figure class=\"wp-block-embed aligncenter is-type-rich is-provider-twitter wp-block-embed-twitter\">\n            <div class=\"wp-block-embed__wrapper\">\n<blockquote class=\"twitter-tweet\" data-width=\"500\" data-dnt=\"true\"><p lang=\"fr\" dir=\"ltr\">Fortement marqu\u00e9 par les incendies meurtriers ayant ravag\u00e9s le sud de la France en 2003, Philippe Pastor d\u00e9veloppe la s\u00e9rie de sculptures les \u00ab Arbres Br\u00fbl\u00e9s \u00bb au travers d\u2019une mise en sc\u00e8ne imposante et percutante de troncs d\u2019arbres calcin\u00e9s&#8230; <a href=\"https:\/\/t.co\/9QPFSxmDhj\">pic.twitter.com\/9QPFSxmDhj<\/a><\/p>&mdash; Philippe Pastor (@PhilippePastor1) <a href=\"https:\/\/twitter.com\/PhilippePastor1\/status\/1328768503759970307?ref_src=twsrc%5Etfw\">November 17, 2020<\/a><\/blockquote><script async src=\"https:\/\/platform.twitter.com\/widgets.js\" charset=\"utf-8\"><\/script>\n<\/div>\n          <\/figure>\n          \n\n        ","protected":false},"featured_media":47567,"template":"","meta":{"_acf_changed":false},"listing-category":[2183,2186],"class_list":["post-51258","listing","type-listing","status-publish","has-post-thumbnail","hentry","listing-category-personaggi","listing-category-personaggi-culturali"],"acf":[],"yoast_head":"<!-- This site is optimized with the Yoast SEO Premium plugin v26.8 (Yoast SEO v27.4) - https:\/\/yoast.com\/product\/yoast-seo-premium-wordpress\/ -->\n<title>Philippe Pastor - Monaco Tribune<\/title>\n<meta name=\"robots\" content=\"index, follow, max-snippet:-1, max-image-preview:large, max-video-preview:-1\" \/>\n<link rel=\"canonical\" href=\"https:\/\/www.monaco-tribune.com\/it\/listing\/philippe-pastor\/\" \/>\n<meta property=\"og:locale\" content=\"it_IT\" \/>\n<meta property=\"og:type\" content=\"article\" \/>\n<meta property=\"og:title\" content=\"Philippe Pastor\" \/>\n<meta property=\"og:description\" content=\"L&#8217;artista lavora tra Monaco e la Spagna. Fa parte di una delle famiglie pi\u00f9 ricche del Principato. \u00c8 il figlio di Victor Pastor, un uomo d&#8217;affari nel settore immobiliare. \u00c8 un pittore e scultore espressionista astratto. le sue opere sono [&hellip;]\" \/>\n<meta property=\"og:url\" content=\"https:\/\/www.monaco-tribune.com\/it\/listing\/philippe-pastor\/\" \/>\n<meta property=\"og:site_name\" content=\"Monaco Tribune\" \/>\n<meta property=\"article:publisher\" content=\"https:\/\/www.facebook.com\/MonacoTribune\" \/>\n<meta property=\"article:modified_time\" content=\"2021-01-28T11:39:26+00:00\" \/>\n<meta property=\"og:image\" content=\"https:\/\/www.monaco-tribune.com\/wp-content\/uploads\/2020\/11\/philippe-pastor-min-1.jpg\" \/>\n\t<meta property=\"og:image:width\" content=\"1200\" \/>\n\t<meta property=\"og:image:height\" content=\"676\" \/>\n\t<meta property=\"og:image:type\" content=\"image\/jpeg\" \/>\n<meta name=\"twitter:card\" content=\"summary_large_image\" \/>\n<meta name=\"twitter:site\" content=\"@MonacoTribune\" \/>\n<script type=\"application\/ld+json\" class=\"yoast-schema-graph\">{\"@context\":\"https:\\\/\\\/schema.org\",\"@graph\":[{\"@type\":\"WebPage\",\"@id\":\"https:\\\/\\\/www.monaco-tribune.com\\\/it\\\/listing\\\/philippe-pastor\\\/\",\"url\":\"https:\\\/\\\/www.monaco-tribune.com\\\/it\\\/listing\\\/philippe-pastor\\\/\",\"name\":\"Philippe Pastor - Monaco Tribune\",\"isPartOf\":{\"@id\":\"https:\\\/\\\/www.monaco-tribune.com\\\/it\\\/#website\"},\"primaryImageOfPage\":{\"@id\":\"https:\\\/\\\/www.monaco-tribune.com\\\/it\\\/listing\\\/philippe-pastor\\\/#primaryimage\"},\"image\":{\"@id\":\"https:\\\/\\\/www.monaco-tribune.com\\\/it\\\/listing\\\/philippe-pastor\\\/#primaryimage\"},\"thumbnailUrl\":\"https:\\\/\\\/www.monaco-tribune.com\\\/wp-content\\\/uploads\\\/2020\\\/11\\\/philippe-pastor-min-1.jpg\",\"datePublished\":\"2020-11-29T09:46:23+00:00\",\"dateModified\":\"2021-01-28T11:39:26+00:00\",\"breadcrumb\":{\"@id\":\"https:\\\/\\\/www.monaco-tribune.com\\\/it\\\/listing\\\/philippe-pastor\\\/#breadcrumb\"},\"inLanguage\":\"it-IT\",\"potentialAction\":[{\"@type\":\"ReadAction\",\"target\":[\"https:\\\/\\\/www.monaco-tribune.com\\\/it\\\/listing\\\/philippe-pastor\\\/\"]}]},{\"@type\":\"ImageObject\",\"inLanguage\":\"it-IT\",\"@id\":\"https:\\\/\\\/www.monaco-tribune.com\\\/it\\\/listing\\\/philippe-pastor\\\/#primaryimage\",\"url\":\"https:\\\/\\\/www.monaco-tribune.com\\\/wp-content\\\/uploads\\\/2020\\\/11\\\/philippe-pastor-min-1.jpg\",\"contentUrl\":\"https:\\\/\\\/www.monaco-tribune.com\\\/wp-content\\\/uploads\\\/2020\\\/11\\\/philippe-pastor-min-1.jpg\",\"width\":1200,\"height\":676,\"caption\":\"Philippe Pastor\"},{\"@type\":\"BreadcrumbList\",\"@id\":\"https:\\\/\\\/www.monaco-tribune.com\\\/it\\\/listing\\\/philippe-pastor\\\/#breadcrumb\",\"itemListElement\":[{\"@type\":\"ListItem\",\"position\":1,\"name\":\"Accueil\",\"item\":\"https:\\\/\\\/www.monaco-tribune.com\\\/it\\\/\"},{\"@type\":\"ListItem\",\"position\":2,\"name\":\"Philippe Pastor\"}]},{\"@type\":\"WebSite\",\"@id\":\"https:\\\/\\\/www.monaco-tribune.com\\\/it\\\/#website\",\"url\":\"https:\\\/\\\/www.monaco-tribune.com\\\/it\\\/\",\"name\":\"Monaco Tribune\",\"description\":\"Monaco : actualit\u00e9s \u00e9conomiques, politiques, culturelles et sportives de Monaco et de la French Riviera.\",\"publisher\":{\"@id\":\"https:\\\/\\\/www.monaco-tribune.com\\\/it\\\/#organization\"},\"potentialAction\":[{\"@type\":\"SearchAction\",\"target\":{\"@type\":\"EntryPoint\",\"urlTemplate\":\"https:\\\/\\\/www.monaco-tribune.com\\\/it\\\/?s={search_term_string}\"},\"query-input\":{\"@type\":\"PropertyValueSpecification\",\"valueRequired\":true,\"valueName\":\"search_term_string\"}}],\"inLanguage\":\"it-IT\"},{\"@type\":\"Organization\",\"@id\":\"https:\\\/\\\/www.monaco-tribune.com\\\/it\\\/#organization\",\"name\":\"Monaco Tribune\",\"url\":\"https:\\\/\\\/www.monaco-tribune.com\\\/it\\\/\",\"logo\":{\"@type\":\"ImageObject\",\"inLanguage\":\"it-IT\",\"@id\":\"https:\\\/\\\/www.monaco-tribune.com\\\/it\\\/#\\\/schema\\\/logo\\\/image\\\/\",\"url\":\"https:\\\/\\\/www.monaco-tribune.com\\\/wp-content\\\/uploads\\\/2022\\\/11\\\/logo-monaco-tribune.png\",\"contentUrl\":\"https:\\\/\\\/www.monaco-tribune.com\\\/wp-content\\\/uploads\\\/2022\\\/11\\\/logo-monaco-tribune.png\",\"width\":1548,\"height\":600,\"caption\":\"Monaco Tribune\"},\"image\":{\"@id\":\"https:\\\/\\\/www.monaco-tribune.com\\\/it\\\/#\\\/schema\\\/logo\\\/image\\\/\"},\"sameAs\":[\"https:\\\/\\\/www.facebook.com\\\/MonacoTribune\",\"https:\\\/\\\/x.com\\\/MonacoTribune\",\"https:\\\/\\\/www.instagram.com\\\/monacotribune\\\/\",\"https:\\\/\\\/www.linkedin.com\\\/company\\\/monaco-tribune\",\"https:\\\/\\\/www.youtube.com\\\/channel\\\/UCHle1MnG6hw1y4lWKijVbMA\"]}]}<\/script>\n<!-- \/ Yoast SEO Premium plugin. -->","yoast_head_json":{"title":"Philippe Pastor - Monaco Tribune","robots":{"index":"index","follow":"follow","max-snippet":"max-snippet:-1","max-image-preview":"max-image-preview:large","max-video-preview":"max-video-preview:-1"},"canonical":"https:\/\/www.monaco-tribune.com\/it\/listing\/philippe-pastor\/","og_locale":"it_IT","og_type":"article","og_title":"Philippe Pastor","og_description":"L&#8217;artista lavora tra Monaco e la Spagna. Fa parte di una delle famiglie pi\u00f9 ricche del Principato. \u00c8 il figlio di Victor Pastor, un uomo d&#8217;affari nel settore immobiliare. \u00c8 un pittore e scultore espressionista astratto. le sue opere sono [&hellip;]","og_url":"https:\/\/www.monaco-tribune.com\/it\/listing\/philippe-pastor\/","og_site_name":"Monaco Tribune","article_publisher":"https:\/\/www.facebook.com\/MonacoTribune","article_modified_time":"2021-01-28T11:39:26+00:00","og_image":[{"width":1200,"height":676,"url":"https:\/\/www.monaco-tribune.com\/wp-content\/uploads\/2020\/11\/philippe-pastor-min-1.jpg","type":"image\/jpeg"}],"twitter_card":"summary_large_image","twitter_site":"@MonacoTribune","schema":{"@context":"https:\/\/schema.org","@graph":[{"@type":"WebPage","@id":"https:\/\/www.monaco-tribune.com\/it\/listing\/philippe-pastor\/","url":"https:\/\/www.monaco-tribune.com\/it\/listing\/philippe-pastor\/","name":"Philippe Pastor - Monaco Tribune","isPartOf":{"@id":"https:\/\/www.monaco-tribune.com\/it\/#website"},"primaryImageOfPage":{"@id":"https:\/\/www.monaco-tribune.com\/it\/listing\/philippe-pastor\/#primaryimage"},"image":{"@id":"https:\/\/www.monaco-tribune.com\/it\/listing\/philippe-pastor\/#primaryimage"},"thumbnailUrl":"https:\/\/www.monaco-tribune.com\/wp-content\/uploads\/2020\/11\/philippe-pastor-min-1.jpg","datePublished":"2020-11-29T09:46:23+00:00","dateModified":"2021-01-28T11:39:26+00:00","breadcrumb":{"@id":"https:\/\/www.monaco-tribune.com\/it\/listing\/philippe-pastor\/#breadcrumb"},"inLanguage":"it-IT","potentialAction":[{"@type":"ReadAction","target":["https:\/\/www.monaco-tribune.com\/it\/listing\/philippe-pastor\/"]}]},{"@type":"ImageObject","inLanguage":"it-IT","@id":"https:\/\/www.monaco-tribune.com\/it\/listing\/philippe-pastor\/#primaryimage","url":"https:\/\/www.monaco-tribune.com\/wp-content\/uploads\/2020\/11\/philippe-pastor-min-1.jpg","contentUrl":"https:\/\/www.monaco-tribune.com\/wp-content\/uploads\/2020\/11\/philippe-pastor-min-1.jpg","width":1200,"height":676,"caption":"Philippe Pastor"},{"@type":"BreadcrumbList","@id":"https:\/\/www.monaco-tribune.com\/it\/listing\/philippe-pastor\/#breadcrumb","itemListElement":[{"@type":"ListItem","position":1,"name":"Accueil","item":"https:\/\/www.monaco-tribune.com\/it\/"},{"@type":"ListItem","position":2,"name":"Philippe Pastor"}]},{"@type":"WebSite","@id":"https:\/\/www.monaco-tribune.com\/it\/#website","url":"https:\/\/www.monaco-tribune.com\/it\/","name":"Monaco Tribune","description":"Monaco : actualit\u00e9s \u00e9conomiques, politiques, culturelles et sportives de Monaco et de la French Riviera.","publisher":{"@id":"https:\/\/www.monaco-tribune.com\/it\/#organization"},"potentialAction":[{"@type":"SearchAction","target":{"@type":"EntryPoint","urlTemplate":"https:\/\/www.monaco-tribune.com\/it\/?s={search_term_string}"},"query-input":{"@type":"PropertyValueSpecification","valueRequired":true,"valueName":"search_term_string"}}],"inLanguage":"it-IT"},{"@type":"Organization","@id":"https:\/\/www.monaco-tribune.com\/it\/#organization","name":"Monaco Tribune","url":"https:\/\/www.monaco-tribune.com\/it\/","logo":{"@type":"ImageObject","inLanguage":"it-IT","@id":"https:\/\/www.monaco-tribune.com\/it\/#\/schema\/logo\/image\/","url":"https:\/\/www.monaco-tribune.com\/wp-content\/uploads\/2022\/11\/logo-monaco-tribune.png","contentUrl":"https:\/\/www.monaco-tribune.com\/wp-content\/uploads\/2022\/11\/logo-monaco-tribune.png","width":1548,"height":600,"caption":"Monaco Tribune"},"image":{"@id":"https:\/\/www.monaco-tribune.com\/it\/#\/schema\/logo\/image\/"},"sameAs":["https:\/\/www.facebook.com\/MonacoTribune","https:\/\/x.com\/MonacoTribune","https:\/\/www.instagram.com\/monacotribune\/","https:\/\/www.linkedin.com\/company\/monaco-tribune","https:\/\/www.youtube.com\/channel\/UCHle1MnG6hw1y4lWKijVbMA"]}]}},"_links":{"self":[{"href":"https:\/\/www.monaco-tribune.com\/it\/wp-json\/wp\/v2\/listing\/51258","targetHints":{"allow":["GET"]}}],"collection":[{"href":"https:\/\/www.monaco-tribune.com\/it\/wp-json\/wp\/v2\/listing"}],"about":[{"href":"https:\/\/www.monaco-tribune.com\/it\/wp-json\/wp\/v2\/types\/listing"}],"wp:featuredmedia":[{"embeddable":true,"href":"https:\/\/www.monaco-tribune.com\/it\/wp-json\/wp\/v2\/media\/47567"}],"wp:attachment":[{"href":"https:\/\/www.monaco-tribune.com\/it\/wp-json\/wp\/v2\/media?parent=51258"}],"wp:term":[{"taxonomy":"listing-category","embeddable":true,"href":"https:\/\/www.monaco-tribune.com\/it\/wp-json\/wp\/v2\/listing-category?post=51258"}],"curies":[{"name":"wp","href":"https:\/\/api.w.org\/{rel}","templated":true}]}}

<p>L&#8217;artista lavora tra Monaco e la Spagna. Fa parte di una delle famiglie più ricche del Principato. È il figlio di Victor Pastor, un uomo d&#8217;affari nel settore immobiliare.</p>

<p>È un pittore e scultore espressionista astratto. le sue opere sono state esposte in tutto il mondo, in Asia, Europa, Africa e Stati Uniti. Ha partecipato due volte alla Biennale di Venezia, nel 2007 e nel 2009. </p>

<p>Ha anche rappresentato Monaco all&#8217;Esposizione Universale di Milano nel 2015. </p>

<blockquote class="wp-block-quote is-layout-flow wp-block-quote-is-layout-flow"><p>Per me, è essenziale evolvere con la natura</p></blockquote>

<p>La sua arte è scandita dal suo impegno per la protezione dell&#8217;ambiente. Le sue opere cercano di tradurre le interazioni tra l&#8217;uomo e il pianeta. Usa elementi naturali e materiali grezzi nella sua pittura. </p>

<p>Nel 2014, ha realizzato un&#8217;installazione monumentale su un terreno di oltre 15.000 metri quadrati. L&#8217;opera entra nel regno della land art e segna un cambiamento nel lavoro dell&#8217;artista. </p>

<p>A Monaco, il suo lavoro può essere visto alla galleria De Jonckheere insieme ad altri artisti contemporanei.</p>

          

          <figure class="wp-block-embed aligncenter is-type-rich is-provider-twitter wp-block-embed-twitter">
            <div class="wp-block-embed__wrapper">
<blockquote class="twitter-tweet" data-width="500" data-dnt="true"><p lang="fr" dir="ltr">Fortement marqué par les incendies meurtriers ayant ravagés le sud de la France en 2003, Philippe Pastor développe la série de sculptures les « Arbres Brûlés » au travers d’une mise en scène imposante et percutante de troncs d’arbres calcinés&#8230; <a href="https://t.co/9QPFSxmDhj">pic.twitter.com/9QPFSxmDhj</a></p>&mdash; Philippe Pastor (@PhilippePastor1) <a href="https://twitter.com/PhilippePastor1/status/1328768503759970307?ref_src=twsrc%5Etfw">November 17, 2020</a></blockquote><script async src="https://platform.twitter.com/widgets.js" charset="utf-8"></script>
</div>
          </figure>

<!-- This site is optimized with the Yoast SEO Premium plugin v26.8 (Yoast SEO v27.4) - https://yoast.com/product/yoast-seo-premium-wordpress/ -->
<title>Philippe Pastor - Monaco Tribune</title>
<meta name="robots" content="index, follow, max-snippet:-1, max-image-preview:large, max-video-preview:-1" />
<link rel="canonical" href="https://www.monaco-tribune.com/it/listing/philippe-pastor/" />
<meta property="og:locale" content="it_IT" />
<meta property="og:type" content="article" />
<meta property="og:title" content="Philippe Pastor" />
<meta property="og:description" content="L&#8217;artista lavora tra Monaco e la Spagna. Fa parte di una delle famiglie più ricche del Principato. È il figlio di Victor Pastor, un uomo d&#8217;affari nel settore immobiliare. È un pittore e scultore espressionista astratto. le sue opere sono [&hellip;]" />
<meta property="og:url" content="https://www.monaco-tribune.com/it/listing/philippe-pastor/" />
<meta property="og:site_name" content="Monaco Tribune" />
<meta property="article:publisher" content="https://www.facebook.com/MonacoTribune" />
<meta property="article:modified_time" content="2021-01-28T11:39:26+00:00" />
<meta property="og:image" content="https://www.monaco-tribune.com/wp-content/uploads/2020/11/philippe-pastor-min-1.jpg" />
	<meta property="og:image:width" content="1200" />
	<meta property="og:image:height" content="676" />
	<meta property="og:image:type" content="image/jpeg" />
<meta name="twitter:card" content="summary_large_image" />
<meta name="twitter:site" content="@MonacoTribune" />
<script type="application/ld+json" class="yoast-schema-graph">{"@context":"https:\/\/schema.org","@graph":[{"@type":"WebPage","@id":"https:\/\/www.monaco-tribune.com\/it\/listing\/philippe-pastor\/","url":"https:\/\/www.monaco-tribune.com\/it\/listing\/philippe-pastor\/","name":"Philippe Pastor - Monaco Tribune","isPartOf":{"@id":"https:\/\/www.monaco-tribune.com\/it\/#website"},"primaryImageOfPage":{"@id":"https:\/\/www.monaco-tribune.com\/it\/listing\/philippe-pastor\/#primaryimage"},"image":{"@id":"https:\/\/www.monaco-tribune.com\/it\/listing\/philippe-pastor\/#primaryimage"},"thumbnailUrl":"https:\/\/www.monaco-tribune.com\/wp-content\/uploads\/2020\/11\/philippe-pastor-min-1.jpg","datePublished":"2020-11-29T09:46:23+00:00","dateModified":"2021-01-28T11:39:26+00:00","breadcrumb":{"@id":"https:\/\/www.monaco-tribune.com\/it\/listing\/philippe-pastor\/#breadcrumb"},"inLanguage":"it-IT","potentialAction":[{"@type":"ReadAction","target":["https:\/\/www.monaco-tribune.com\/it\/listing\/philippe-pastor\/"]}]},{"@type":"ImageObject","inLanguage":"it-IT","@id":"https:\/\/www.monaco-tribune.com\/it\/listing\/philippe-pastor\/#primaryimage","url":"https:\/\/www.monaco-tribune.com\/wp-content\/uploads\/2020\/11\/philippe-pastor-min-1.jpg","contentUrl":"https:\/\/www.monaco-tribune.com\/wp-content\/uploads\/2020\/11\/philippe-pastor-min-1.jpg","width":1200,"height":676,"caption":"Philippe Pastor"},{"@type":"BreadcrumbList","@id":"https:\/\/www.monaco-tribune.com\/it\/listing\/philippe-pastor\/#breadcrumb","itemListElement":[{"@type":"ListItem","position":1,"name":"Accueil","item":"https:\/\/www.monaco-tribune.com\/it\/"},{"@type":"ListItem","position":2,"name":"Philippe Pastor"}]},{"@type":"WebSite","@id":"https:\/\/www.monaco-tribune.com\/it\/#website","url":"https:\/\/www.monaco-tribune.com\/it\/","name":"Monaco Tribune","description":"Monaco : actualités économiques, politiques, culturelles et sportives de Monaco et de la French Riviera.","publisher":{"@id":"https:\/\/www.monaco-tribune.com\/it\/#organization"},"potentialAction":[{"@type":"SearchAction","target":{"@type":"EntryPoint","urlTemplate":"https:\/\/www.monaco-tribune.com\/it\/?s={search_term_string}"},"query-input":{"@type":"PropertyValueSpecification","valueRequired":true,"valueName":"search_term_string"}}],"inLanguage":"it-IT"},{"@type":"Organization","@id":"https:\/\/www.monaco-tribune.com\/it\/#organization","name":"Monaco Tribune","url":"https:\/\/www.monaco-tribune.com\/it\/","logo":{"@type":"ImageObject","inLanguage":"it-IT","@id":"https:\/\/www.monaco-tribune.com\/it\/#\/schema\/logo\/image\/","url":"https:\/\/www.monaco-tribune.com\/wp-content\/uploads\/2022\/11\/logo-monaco-tribune.png","contentUrl":"https:\/\/www.monaco-tribune.com\/wp-content\/uploads\/2022\/11\/logo-monaco-tribune.png","width":1548,"height":600,"caption":"Monaco Tribune"},"image":{"@id":"https:\/\/www.monaco-tribune.com\/it\/#\/schema\/logo\/image\/"},"sameAs":["https:\/\/www.facebook.com\/MonacoTribune","https:\/\/x.com\/MonacoTribune","https:\/\/www.instagram.com\/monacotribune\/","https:\/\/www.linkedin.com\/company\/monaco-tribune","https:\/\/www.youtube.com\/channel\/UCHle1MnG6hw1y4lWKijVbMA"]}]}</script>
<!-- / Yoast SEO Premium plugin. -->

L&#8217;artista lavora tra Monaco e la Spagna. Fa parte di una delle famiglie più ricche del Principato. È il figlio di Victor Pastor, un uomo d&#8217;affari nel settore immobiliare. È un pittore e scultore espressionista astratto. le sue opere sono [&hellip;]

Monaco : actualités économiques, politiques, culturelles et sportives de Monaco et de la French Riviera.
