{"id":51816,"date":"2020-11-30T11:14:55","date_gmt":"2020-11-30T10:14:55","guid":{"rendered":"https:\/\/www.monaco-tribune.com\/listing\/vacanze-a-montecarlo\/"},"modified":"2021-02-02T12:42:08","modified_gmt":"2021-02-02T11:42:08","slug":"vacanze-a-montecarlo","status":"publish","type":"listing","link":"https:\/\/www.monaco-tribune.com\/it\/listing\/vacanze-a-montecarlo\/","title":{"rendered":"Nous irons \u00e0 Monte-Carlo"},"content":{"rendered":"\n<p>Nous irons \u00e0 Monte-Carlo \u00e8 un film francese girato in due versioni, una versione francese diretta da Jean Boyer e una versione inglese Monte Carlo Baby co-diretta da Jean Boyer e Lester Fuller. Il film \u00e8 uscito nel 1951.<\/p>\n\n<p>Marinette, la figlia capricciosa di una tata di Le V\u00e9sinet, presso la quale un losco impresario ha nascosto il bambino di una star americana, l&#8217;ha confusa con Nicolas, il nipote di Max Elloy, batterista dell&#8217; Orchestra Ventura. Il bambino viene dato a Elloy quando sta per prendere il treno per il Festival del Jazz di Monte-Carlo, dove l&#8217;orchestra si esibir\u00e0. Ma Elloy teme che se mette in imbarazzo il ragazzo, Ventura lo sostituir\u00e0 con un altro batterista. Cos\u00ec immagina di mettere il bambino nello scompartimento di Ventura e di farlo passare per il figlio naturale di uno dei musicisti dell&#8217;orchestra abbandonato dalla madre. Nel frattempo, a Le V\u00e9sinet, la bambinaia torna dalla provincia, scopre che sua figlia ha il bambino sbagliato e la manda a Monaco per recuperarlo con ogni mezzo. Anche il padre del bambino sta cercando di riprendersi il bambino. Ne consegue una situazione da vaudeville, con molti malintesi. Tutto finir\u00e0 con un lieto fine.<\/p>\n","protected":false},"featured_media":64719,"template":"","meta":{"_acf_changed":false},"listing-category":[2210,2193],"class_list":["post-51816","listing","type-listing","status-publish","has-post-thumbnail","hentry","listing-category-film-ambientati-a-monaco","listing-category-monaco-nel-mondo"],"acf":[],"yoast_head":"<!-- This site is optimized with the Yoast SEO Premium plugin v26.8 (Yoast SEO v27.4) - https:\/\/yoast.com\/product\/yoast-seo-premium-wordpress\/ -->\n<title>Nous irons \u00e0 Monte-Carlo - Monaco Tribune<\/title>\n<meta name=\"robots\" content=\"index, follow, max-snippet:-1, max-image-preview:large, max-video-preview:-1\" \/>\n<link rel=\"canonical\" href=\"https:\/\/www.monaco-tribune.com\/it\/listing\/vacanze-a-montecarlo\/\" \/>\n<meta property=\"og:locale\" content=\"it_IT\" \/>\n<meta property=\"og:type\" content=\"article\" \/>\n<meta property=\"og:title\" content=\"Nous irons \u00e0 Monte-Carlo\" \/>\n<meta property=\"og:description\" content=\"Nous irons \u00e0 Monte-Carlo \u00e8 un film francese girato in due versioni, una versione francese diretta da Jean Boyer e una versione inglese Monte Carlo Baby co-diretta da Jean Boyer e Lester Fuller. Il film \u00e8 uscito nel 1951. Marinette, [&hellip;]\" \/>\n<meta property=\"og:url\" content=\"https:\/\/www.monaco-tribune.com\/it\/listing\/vacanze-a-montecarlo\/\" \/>\n<meta property=\"og:site_name\" content=\"Monaco Tribune\" \/>\n<meta property=\"article:publisher\" content=\"https:\/\/www.facebook.com\/MonacoTribune\" \/>\n<meta property=\"article:modified_time\" content=\"2021-02-02T11:42:08+00:00\" \/>\n<meta property=\"og:image\" content=\"https:\/\/www.monaco-tribune.com\/wp-content\/uploads\/2020\/11\/nous-irons-a-monte-carlo.jpg\" \/>\n\t<meta property=\"og:image:width\" content=\"286\" \/>\n\t<meta property=\"og:image:height\" content=\"380\" \/>\n\t<meta property=\"og:image:type\" content=\"image\/jpeg\" \/>\n<meta name=\"twitter:card\" content=\"summary_large_image\" \/>\n<meta name=\"twitter:site\" content=\"@MonacoTribune\" \/>\n<script type=\"application\/ld+json\" class=\"yoast-schema-graph\">{\"@context\":\"https:\\\/\\\/schema.org\",\"@graph\":[{\"@type\":\"WebPage\",\"@id\":\"https:\\\/\\\/www.monaco-tribune.com\\\/it\\\/listing\\\/vacanze-a-montecarlo\\\/\",\"url\":\"https:\\\/\\\/www.monaco-tribune.com\\\/it\\\/listing\\\/vacanze-a-montecarlo\\\/\",\"name\":\"Nous irons \u00e0 Monte-Carlo - Monaco Tribune\",\"isPartOf\":{\"@id\":\"https:\\\/\\\/www.monaco-tribune.com\\\/it\\\/#website\"},\"primaryImageOfPage\":{\"@id\":\"https:\\\/\\\/www.monaco-tribune.com\\\/it\\\/listing\\\/vacanze-a-montecarlo\\\/#primaryimage\"},\"image\":{\"@id\":\"https:\\\/\\\/www.monaco-tribune.com\\\/it\\\/listing\\\/vacanze-a-montecarlo\\\/#primaryimage\"},\"thumbnailUrl\":\"https:\\\/\\\/www.monaco-tribune.com\\\/wp-content\\\/uploads\\\/2020\\\/11\\\/nous-irons-a-monte-carlo.jpg\",\"datePublished\":\"2020-11-30T10:14:55+00:00\",\"dateModified\":\"2021-02-02T11:42:08+00:00\",\"breadcrumb\":{\"@id\":\"https:\\\/\\\/www.monaco-tribune.com\\\/it\\\/listing\\\/vacanze-a-montecarlo\\\/#breadcrumb\"},\"inLanguage\":\"it-IT\",\"potentialAction\":[{\"@type\":\"ReadAction\",\"target\":[\"https:\\\/\\\/www.monaco-tribune.com\\\/it\\\/listing\\\/vacanze-a-montecarlo\\\/\"]}]},{\"@type\":\"ImageObject\",\"inLanguage\":\"it-IT\",\"@id\":\"https:\\\/\\\/www.monaco-tribune.com\\\/it\\\/listing\\\/vacanze-a-montecarlo\\\/#primaryimage\",\"url\":\"https:\\\/\\\/www.monaco-tribune.com\\\/wp-content\\\/uploads\\\/2020\\\/11\\\/nous-irons-a-monte-carlo.jpg\",\"contentUrl\":\"https:\\\/\\\/www.monaco-tribune.com\\\/wp-content\\\/uploads\\\/2020\\\/11\\\/nous-irons-a-monte-carlo.jpg\",\"width\":286,\"height\":380,\"caption\":\"Andremo a Monte Carlo\"},{\"@type\":\"BreadcrumbList\",\"@id\":\"https:\\\/\\\/www.monaco-tribune.com\\\/it\\\/listing\\\/vacanze-a-montecarlo\\\/#breadcrumb\",\"itemListElement\":[{\"@type\":\"ListItem\",\"position\":1,\"name\":\"Accueil\",\"item\":\"https:\\\/\\\/www.monaco-tribune.com\\\/it\\\/\"},{\"@type\":\"ListItem\",\"position\":2,\"name\":\"Nous irons \u00e0 Monte-Carlo\"}]},{\"@type\":\"WebSite\",\"@id\":\"https:\\\/\\\/www.monaco-tribune.com\\\/it\\\/#website\",\"url\":\"https:\\\/\\\/www.monaco-tribune.com\\\/it\\\/\",\"name\":\"Monaco Tribune\",\"description\":\"Monaco : actualit\u00e9s \u00e9conomiques, politiques, culturelles et sportives de Monaco et de la French Riviera.\",\"publisher\":{\"@id\":\"https:\\\/\\\/www.monaco-tribune.com\\\/it\\\/#organization\"},\"potentialAction\":[{\"@type\":\"SearchAction\",\"target\":{\"@type\":\"EntryPoint\",\"urlTemplate\":\"https:\\\/\\\/www.monaco-tribune.com\\\/it\\\/?s={search_term_string}\"},\"query-input\":{\"@type\":\"PropertyValueSpecification\",\"valueRequired\":true,\"valueName\":\"search_term_string\"}}],\"inLanguage\":\"it-IT\"},{\"@type\":\"Organization\",\"@id\":\"https:\\\/\\\/www.monaco-tribune.com\\\/it\\\/#organization\",\"name\":\"Monaco Tribune\",\"url\":\"https:\\\/\\\/www.monaco-tribune.com\\\/it\\\/\",\"logo\":{\"@type\":\"ImageObject\",\"inLanguage\":\"it-IT\",\"@id\":\"https:\\\/\\\/www.monaco-tribune.com\\\/it\\\/#\\\/schema\\\/logo\\\/image\\\/\",\"url\":\"https:\\\/\\\/www.monaco-tribune.com\\\/wp-content\\\/uploads\\\/2022\\\/11\\\/logo-monaco-tribune.png\",\"contentUrl\":\"https:\\\/\\\/www.monaco-tribune.com\\\/wp-content\\\/uploads\\\/2022\\\/11\\\/logo-monaco-tribune.png\",\"width\":1548,\"height\":600,\"caption\":\"Monaco Tribune\"},\"image\":{\"@id\":\"https:\\\/\\\/www.monaco-tribune.com\\\/it\\\/#\\\/schema\\\/logo\\\/image\\\/\"},\"sameAs\":[\"https:\\\/\\\/www.facebook.com\\\/MonacoTribune\",\"https:\\\/\\\/x.com\\\/MonacoTribune\",\"https:\\\/\\\/www.instagram.com\\\/monacotribune\\\/\",\"https:\\\/\\\/www.linkedin.com\\\/company\\\/monaco-tribune\",\"https:\\\/\\\/www.youtube.com\\\/channel\\\/UCHle1MnG6hw1y4lWKijVbMA\"]}]}<\/script>\n<!-- \/ Yoast SEO Premium plugin. -->","yoast_head_json":{"title":"Nous irons \u00e0 Monte-Carlo - Monaco Tribune","robots":{"index":"index","follow":"follow","max-snippet":"max-snippet:-1","max-image-preview":"max-image-preview:large","max-video-preview":"max-video-preview:-1"},"canonical":"https:\/\/www.monaco-tribune.com\/it\/listing\/vacanze-a-montecarlo\/","og_locale":"it_IT","og_type":"article","og_title":"Nous irons \u00e0 Monte-Carlo","og_description":"Nous irons \u00e0 Monte-Carlo \u00e8 un film francese girato in due versioni, una versione francese diretta da Jean Boyer e una versione inglese Monte Carlo Baby co-diretta da Jean Boyer e Lester Fuller. Il film \u00e8 uscito nel 1951. Marinette, [&hellip;]","og_url":"https:\/\/www.monaco-tribune.com\/it\/listing\/vacanze-a-montecarlo\/","og_site_name":"Monaco Tribune","article_publisher":"https:\/\/www.facebook.com\/MonacoTribune","article_modified_time":"2021-02-02T11:42:08+00:00","og_image":[{"width":286,"height":380,"url":"https:\/\/www.monaco-tribune.com\/wp-content\/uploads\/2020\/11\/nous-irons-a-monte-carlo.jpg","type":"image\/jpeg"}],"twitter_card":"summary_large_image","twitter_site":"@MonacoTribune","schema":{"@context":"https:\/\/schema.org","@graph":[{"@type":"WebPage","@id":"https:\/\/www.monaco-tribune.com\/it\/listing\/vacanze-a-montecarlo\/","url":"https:\/\/www.monaco-tribune.com\/it\/listing\/vacanze-a-montecarlo\/","name":"Nous irons \u00e0 Monte-Carlo - Monaco Tribune","isPartOf":{"@id":"https:\/\/www.monaco-tribune.com\/it\/#website"},"primaryImageOfPage":{"@id":"https:\/\/www.monaco-tribune.com\/it\/listing\/vacanze-a-montecarlo\/#primaryimage"},"image":{"@id":"https:\/\/www.monaco-tribune.com\/it\/listing\/vacanze-a-montecarlo\/#primaryimage"},"thumbnailUrl":"https:\/\/www.monaco-tribune.com\/wp-content\/uploads\/2020\/11\/nous-irons-a-monte-carlo.jpg","datePublished":"2020-11-30T10:14:55+00:00","dateModified":"2021-02-02T11:42:08+00:00","breadcrumb":{"@id":"https:\/\/www.monaco-tribune.com\/it\/listing\/vacanze-a-montecarlo\/#breadcrumb"},"inLanguage":"it-IT","potentialAction":[{"@type":"ReadAction","target":["https:\/\/www.monaco-tribune.com\/it\/listing\/vacanze-a-montecarlo\/"]}]},{"@type":"ImageObject","inLanguage":"it-IT","@id":"https:\/\/www.monaco-tribune.com\/it\/listing\/vacanze-a-montecarlo\/#primaryimage","url":"https:\/\/www.monaco-tribune.com\/wp-content\/uploads\/2020\/11\/nous-irons-a-monte-carlo.jpg","contentUrl":"https:\/\/www.monaco-tribune.com\/wp-content\/uploads\/2020\/11\/nous-irons-a-monte-carlo.jpg","width":286,"height":380,"caption":"Andremo a Monte Carlo"},{"@type":"BreadcrumbList","@id":"https:\/\/www.monaco-tribune.com\/it\/listing\/vacanze-a-montecarlo\/#breadcrumb","itemListElement":[{"@type":"ListItem","position":1,"name":"Accueil","item":"https:\/\/www.monaco-tribune.com\/it\/"},{"@type":"ListItem","position":2,"name":"Nous irons \u00e0 Monte-Carlo"}]},{"@type":"WebSite","@id":"https:\/\/www.monaco-tribune.com\/it\/#website","url":"https:\/\/www.monaco-tribune.com\/it\/","name":"Monaco Tribune","description":"Monaco : actualit\u00e9s \u00e9conomiques, politiques, culturelles et sportives de Monaco et de la French Riviera.","publisher":{"@id":"https:\/\/www.monaco-tribune.com\/it\/#organization"},"potentialAction":[{"@type":"SearchAction","target":{"@type":"EntryPoint","urlTemplate":"https:\/\/www.monaco-tribune.com\/it\/?s={search_term_string}"},"query-input":{"@type":"PropertyValueSpecification","valueRequired":true,"valueName":"search_term_string"}}],"inLanguage":"it-IT"},{"@type":"Organization","@id":"https:\/\/www.monaco-tribune.com\/it\/#organization","name":"Monaco Tribune","url":"https:\/\/www.monaco-tribune.com\/it\/","logo":{"@type":"ImageObject","inLanguage":"it-IT","@id":"https:\/\/www.monaco-tribune.com\/it\/#\/schema\/logo\/image\/","url":"https:\/\/www.monaco-tribune.com\/wp-content\/uploads\/2022\/11\/logo-monaco-tribune.png","contentUrl":"https:\/\/www.monaco-tribune.com\/wp-content\/uploads\/2022\/11\/logo-monaco-tribune.png","width":1548,"height":600,"caption":"Monaco Tribune"},"image":{"@id":"https:\/\/www.monaco-tribune.com\/it\/#\/schema\/logo\/image\/"},"sameAs":["https:\/\/www.facebook.com\/MonacoTribune","https:\/\/x.com\/MonacoTribune","https:\/\/www.instagram.com\/monacotribune\/","https:\/\/www.linkedin.com\/company\/monaco-tribune","https:\/\/www.youtube.com\/channel\/UCHle1MnG6hw1y4lWKijVbMA"]}]}},"_links":{"self":[{"href":"https:\/\/www.monaco-tribune.com\/it\/wp-json\/wp\/v2\/listing\/51816","targetHints":{"allow":["GET"]}}],"collection":[{"href":"https:\/\/www.monaco-tribune.com\/it\/wp-json\/wp\/v2\/listing"}],"about":[{"href":"https:\/\/www.monaco-tribune.com\/it\/wp-json\/wp\/v2\/types\/listing"}],"wp:featuredmedia":[{"embeddable":true,"href":"https:\/\/www.monaco-tribune.com\/it\/wp-json\/wp\/v2\/media\/64719"}],"wp:attachment":[{"href":"https:\/\/www.monaco-tribune.com\/it\/wp-json\/wp\/v2\/media?parent=51816"}],"wp:term":[{"taxonomy":"listing-category","embeddable":true,"href":"https:\/\/www.monaco-tribune.com\/it\/wp-json\/wp\/v2\/listing-category?post=51816"}],"curies":[{"name":"wp","href":"https:\/\/api.w.org\/{rel}","templated":true}]}}

Nous irons à Monte-Carlo

<p>Nous irons à Monte-Carlo è un film francese girato in due versioni, una versione francese diretta da Jean Boyer e una versione inglese Monte Carlo Baby co-diretta da Jean Boyer e Lester Fuller. Il film è uscito nel 1951.</p>

<p>Marinette, la figlia capricciosa di una tata di Le Vésinet, presso la quale un losco impresario ha nascosto il bambino di una star americana, l&#8217;ha confusa con Nicolas, il nipote di Max Elloy, batterista dell&#8217; Orchestra Ventura. Il bambino viene dato a Elloy quando sta per prendere il treno per il Festival del Jazz di Monte-Carlo, dove l&#8217;orchestra si esibirà. Ma Elloy teme che se mette in imbarazzo il ragazzo, Ventura lo sostituirà con un altro batterista. Così immagina di mettere il bambino nello scompartimento di Ventura e di farlo passare per il figlio naturale di uno dei musicisti dell&#8217;orchestra abbandonato dalla madre. Nel frattempo, a Le Vésinet, la bambinaia torna dalla provincia, scopre che sua figlia ha il bambino sbagliato e la manda a Monaco per recuperarlo con ogni mezzo. Anche il padre del bambino sta cercando di riprendersi il bambino. Ne consegue una situazione da vaudeville, con molti malintesi. Tutto finirà con un lieto fine.</p>

<!-- This site is optimized with the Yoast SEO Premium plugin v26.8 (Yoast SEO v27.4) - https://yoast.com/product/yoast-seo-premium-wordpress/ -->
<title>Nous irons à Monte-Carlo - Monaco Tribune</title>
<meta name="robots" content="index, follow, max-snippet:-1, max-image-preview:large, max-video-preview:-1" />
<link rel="canonical" href="https://www.monaco-tribune.com/it/listing/vacanze-a-montecarlo/" />
<meta property="og:locale" content="it_IT" />
<meta property="og:type" content="article" />
<meta property="og:title" content="Nous irons à Monte-Carlo" />
<meta property="og:description" content="Nous irons à Monte-Carlo è un film francese girato in due versioni, una versione francese diretta da Jean Boyer e una versione inglese Monte Carlo Baby co-diretta da Jean Boyer e Lester Fuller. Il film è uscito nel 1951. Marinette, [&hellip;]" />
<meta property="og:url" content="https://www.monaco-tribune.com/it/listing/vacanze-a-montecarlo/" />
<meta property="og:site_name" content="Monaco Tribune" />
<meta property="article:publisher" content="https://www.facebook.com/MonacoTribune" />
<meta property="article:modified_time" content="2021-02-02T11:42:08+00:00" />
<meta property="og:image" content="https://www.monaco-tribune.com/wp-content/uploads/2020/11/nous-irons-a-monte-carlo.jpg" />
	<meta property="og:image:width" content="286" />
	<meta property="og:image:height" content="380" />
	<meta property="og:image:type" content="image/jpeg" />
<meta name="twitter:card" content="summary_large_image" />
<meta name="twitter:site" content="@MonacoTribune" />
<script type="application/ld+json" class="yoast-schema-graph">{"@context":"https:\/\/schema.org","@graph":[{"@type":"WebPage","@id":"https:\/\/www.monaco-tribune.com\/it\/listing\/vacanze-a-montecarlo\/","url":"https:\/\/www.monaco-tribune.com\/it\/listing\/vacanze-a-montecarlo\/","name":"Nous irons à Monte-Carlo - Monaco Tribune","isPartOf":{"@id":"https:\/\/www.monaco-tribune.com\/it\/#website"},"primaryImageOfPage":{"@id":"https:\/\/www.monaco-tribune.com\/it\/listing\/vacanze-a-montecarlo\/#primaryimage"},"image":{"@id":"https:\/\/www.monaco-tribune.com\/it\/listing\/vacanze-a-montecarlo\/#primaryimage"},"thumbnailUrl":"https:\/\/www.monaco-tribune.com\/wp-content\/uploads\/2020\/11\/nous-irons-a-monte-carlo.jpg","datePublished":"2020-11-30T10:14:55+00:00","dateModified":"2021-02-02T11:42:08+00:00","breadcrumb":{"@id":"https:\/\/www.monaco-tribune.com\/it\/listing\/vacanze-a-montecarlo\/#breadcrumb"},"inLanguage":"it-IT","potentialAction":[{"@type":"ReadAction","target":["https:\/\/www.monaco-tribune.com\/it\/listing\/vacanze-a-montecarlo\/"]}]},{"@type":"ImageObject","inLanguage":"it-IT","@id":"https:\/\/www.monaco-tribune.com\/it\/listing\/vacanze-a-montecarlo\/#primaryimage","url":"https:\/\/www.monaco-tribune.com\/wp-content\/uploads\/2020\/11\/nous-irons-a-monte-carlo.jpg","contentUrl":"https:\/\/www.monaco-tribune.com\/wp-content\/uploads\/2020\/11\/nous-irons-a-monte-carlo.jpg","width":286,"height":380,"caption":"Andremo a Monte Carlo"},{"@type":"BreadcrumbList","@id":"https:\/\/www.monaco-tribune.com\/it\/listing\/vacanze-a-montecarlo\/#breadcrumb","itemListElement":[{"@type":"ListItem","position":1,"name":"Accueil","item":"https:\/\/www.monaco-tribune.com\/it\/"},{"@type":"ListItem","position":2,"name":"Nous irons à Monte-Carlo"}]},{"@type":"WebSite","@id":"https:\/\/www.monaco-tribune.com\/it\/#website","url":"https:\/\/www.monaco-tribune.com\/it\/","name":"Monaco Tribune","description":"Monaco : actualités économiques, politiques, culturelles et sportives de Monaco et de la French Riviera.","publisher":{"@id":"https:\/\/www.monaco-tribune.com\/it\/#organization"},"potentialAction":[{"@type":"SearchAction","target":{"@type":"EntryPoint","urlTemplate":"https:\/\/www.monaco-tribune.com\/it\/?s={search_term_string}"},"query-input":{"@type":"PropertyValueSpecification","valueRequired":true,"valueName":"search_term_string"}}],"inLanguage":"it-IT"},{"@type":"Organization","@id":"https:\/\/www.monaco-tribune.com\/it\/#organization","name":"Monaco Tribune","url":"https:\/\/www.monaco-tribune.com\/it\/","logo":{"@type":"ImageObject","inLanguage":"it-IT","@id":"https:\/\/www.monaco-tribune.com\/it\/#\/schema\/logo\/image\/","url":"https:\/\/www.monaco-tribune.com\/wp-content\/uploads\/2022\/11\/logo-monaco-tribune.png","contentUrl":"https:\/\/www.monaco-tribune.com\/wp-content\/uploads\/2022\/11\/logo-monaco-tribune.png","width":1548,"height":600,"caption":"Monaco Tribune"},"image":{"@id":"https:\/\/www.monaco-tribune.com\/it\/#\/schema\/logo\/image\/"},"sameAs":["https:\/\/www.facebook.com\/MonacoTribune","https:\/\/x.com\/MonacoTribune","https:\/\/www.instagram.com\/monacotribune\/","https:\/\/www.linkedin.com\/company\/monaco-tribune","https:\/\/www.youtube.com\/channel\/UCHle1MnG6hw1y4lWKijVbMA"]}]}</script>
<!-- / Yoast SEO Premium plugin. -->

Nous irons à Monte-Carlo - Monaco Tribune

Nous irons à Monte-Carlo è un film francese girato in due versioni, una versione francese diretta da Jean Boyer e una versione inglese Monte Carlo Baby co-diretta da Jean Boyer e Lester Fuller. Il film è uscito nel 1951. Marinette, [&hellip;]

Monaco : actualités économiques, politiques, culturelles et sportives de Monaco et de la French Riviera.
